Last updated on 2025-05-15 07:49:47 CEST.
Flavor | Version | Tinstall | Tcheck | Ttotal | Status | Flags |
---|---|---|---|---|---|---|
r-devel-linux-x86_64-debian-clang | 2.1.1 | 102.86 | 128.29 | 231.15 | NOTE | |
r-devel-linux-x86_64-debian-gcc | 2.1.1 | 74.01 | 89.68 | 163.69 | NOTE | |
r-devel-linux-x86_64-fedora-clang | 2.1.1 | 473.90 | NOTE | |||
r-devel-linux-x86_64-fedora-gcc | 2.1.1 | 455.41 | NOTE | |||
r-devel-windows-x86_64 | 2.1.1 | 107.00 | 171.00 | 278.00 | OK | |
r-patched-linux-x86_64 | 2.1.1 | 95.10 | 120.83 | 215.93 | OK | |
r-release-linux-x86_64 | 2.1.1 | 97.94 | 121.89 | 219.83 | OK | |
r-release-macos-arm64 | 2.1.1 | OK | ||||
r-release-macos-x86_64 | 2.1.1 | 142.00 | OK | |||
r-release-windows-x86_64 | 2.1.1 | 109.00 | 174.00 | 283.00 | OK | |
r-oldrel-macos-arm64 | 2.1.1 | 95.00 | OK | |||
r-oldrel-macos-x86_64 | 2.1.1 | 108.00 | OK | |||
r-oldrel-windows-x86_64 | 2.1.1 | 136.00 | 207.00 | 343.00 | OK |
Version: 2.1.1
Check: CRAN incoming feasibility
Result: NOTE
Maintainer: ‘Cristina Mollica <cristina.mollica@uniroma1.it>’
Package CITATION file contains call(s) to old-style personList() or
as.personList(). Please use c() on person objects instead.
The Description field contains
<doi.org/10.1007/s11336-016-9530-0> and Mollica and Tardella (2014)
<doi/10.1002/sim.6224>.
Please write DOIs as <doi:prefix/suffix>.
Found the following URLs which should use \doi (with the DOI name only):
File ‘PLMIX-package.Rd’:
http://dx.doi.org/10.1007/s11336-016-9530-0
Flavors: r-devel-linux-x86_64-debian-clang, r-devel-linux-x86_64-debian-gcc
Version: 2.1.1
Check: dependencies in R code
Result: NOTE
Namespaces in Imports field not imported from:
‘PlackettLuce’ ‘StatRank’ ‘pmr’ ‘prefmod’ ‘rankdist’
All declared Imports should be used.
Flavors: r-devel-linux-x86_64-fedora-clang, r-devel-linux-x86_64-fedora-gcc
These binaries (installable software) and packages are in development.
They may not be fully stable and should be used with caution. We make no claims about them.
Health stats visible at Monitor.