Last updated on 2025-02-23 15:49:53 CET.
Flavor | Version | Tinstall | Tcheck | Ttotal | Status | Flags |
---|---|---|---|---|---|---|
r-devel-linux-x86_64-debian-clang | 1.2.0 | 13.80 | 129.10 | 142.90 | NOTE | |
r-devel-linux-x86_64-debian-gcc | 1.2.0 | 8.14 | 84.18 | 92.32 | NOTE | |
r-devel-linux-x86_64-fedora-clang | 1.2.0 | 225.95 | NOTE | |||
r-devel-linux-x86_64-fedora-gcc | 1.2.0 | 219.84 | NOTE | |||
r-devel-macos-arm64 | 1.2.0 | 62.00 | NOTE | |||
r-devel-macos-x86_64 | 1.2.0 | 121.00 | NOTE | |||
r-devel-windows-x86_64 | 1.2.0 | 12.00 | 141.00 | 153.00 | NOTE | |
r-patched-linux-x86_64 | 1.2.0 | 10.96 | 117.53 | 128.49 | NOTE | |
r-release-linux-x86_64 | 1.2.0 | 10.68 | 117.33 | 128.01 | NOTE | |
r-release-macos-arm64 | 1.2.0 | 58.00 | NOTE | |||
r-release-macos-x86_64 | 1.2.0 | 92.00 | NOTE | |||
r-release-windows-x86_64 | 1.2.0 | 13.00 | 140.00 | 153.00 | NOTE | |
r-oldrel-macos-arm64 | 1.2.0 | 64.00 | OK | |||
r-oldrel-macos-x86_64 | 1.2.0 | 162.00 | OK | |||
r-oldrel-windows-x86_64 | 1.2.0 | 19.00 | 176.00 | 195.00 | OK |
Version: 1.2.0
Check: Rd files
Result: NOTE
checkRd: (-1) embedded.blocks.Rd:39: Lost braces
39 | \item{miv.threshold}{MIV (marginal information value) entrance threshold applicable only for code{"stepMIV"} method.
| ^
checkRd: (-1) embedded.blocks.Rd:44: Lost braces
44 | \item{m.ch.p.val}{Significance level of p-value for marginal chi-square test applicable only for code{"stepMIV"} method.
| ^
checkRd: (-1) ensemble.blocks.Rd:39: Lost braces
39 | \item{miv.threshold}{MIV (marginal information value) entrance threshold applicable only for code{"stepMIV"} method.
| ^
checkRd: (-1) ensemble.blocks.Rd:44: Lost braces
44 | \item{m.ch.p.val}{Significance level of p-value for marginal chi-square test applicable only for code{"stepMIV"} method.
| ^
checkRd: (-1) staged.blocks.Rd:39: Lost braces
39 | \item{miv.threshold}{MIV (marginal information value) entrance threshold applicable only for code{"stepMIV"} method.
| ^
checkRd: (-1) staged.blocks.Rd:44: Lost braces
44 | \item{m.ch.p.val}{Significance level of p-value for marginal chi-square test applicable only for code{"stepMIV"} method.
| ^
Flavors: r-devel-linux-x86_64-debian-clang, r-devel-linux-x86_64-debian-gcc, r-devel-linux-x86_64-fedora-clang, r-devel-linux-x86_64-fedora-gcc, r-devel-macos-arm64, r-devel-macos-x86_64, r-devel-windows-x86_64, r-patched-linux-x86_64, r-release-linux-x86_64, r-release-macos-arm64, r-release-macos-x86_64, r-release-windows-x86_64
These binaries (installable software) and packages are in development.
They may not be fully stable and should be used with caution. We make no claims about them.
Health stats visible at Monitor.