Last updated on 2025-11-01 23:50:12 CET.
| Flavor | Version | Tinstall | Tcheck | Ttotal | Status | Flags |
|---|---|---|---|---|---|---|
| r-devel-linux-x86_64-debian-clang | 4.5 | 22.71 | 43.93 | 66.64 | NOTE | |
| r-devel-linux-x86_64-debian-gcc | 4.5 | 16.34 | 40.71 | 57.05 | NOTE | |
| r-devel-linux-x86_64-fedora-clang | 4.5 | 59.00 | 69.07 | 128.07 | NOTE | |
| r-devel-linux-x86_64-fedora-gcc | 4.5 | 99.00 | 21.44 | 120.44 | NOTE | |
| r-devel-windows-x86_64 | 4.5 | 30.00 | 72.00 | 102.00 | OK | |
| r-patched-linux-x86_64 | 4.5 | 21.86 | 36.99 | 58.85 | OK | |
| r-release-linux-x86_64 | 4.5 | 21.76 | 36.58 | 58.34 | OK | |
| r-release-macos-arm64 | 4.5 | 13.00 | 39.00 | 52.00 | OK | |
| r-release-macos-x86_64 | 4.5 | 13.00 | 53.00 | 66.00 | OK | |
| r-release-windows-x86_64 | 4.5 | 32.00 | 73.00 | 105.00 | OK | |
| r-oldrel-macos-arm64 | 4.5 | 11.00 | 27.00 | 38.00 | OK | |
| r-oldrel-macos-x86_64 | 4.5 | 9.00 | 35.00 | 44.00 | OK | |
| r-oldrel-windows-x86_64 | 4.5 | 27.00 | 92.00 | 119.00 | OK |
Version: 4.5
Check: CRAN incoming feasibility
Result: NOTE
Maintainer: ‘Jenny Farmer <jfarmer@carolina.rr.com>’
No Authors@R field in DESCRIPTION.
Please add one, modifying
Authors@R: c(person(given = "Jenny",
family = "Farmer",
role = c("aut", "cre"),
email = "jfarmer@carolina.rr.com"),
person(given = "Donald",
family = "Jacobs",
role = "aut",
email = "djacobs1@uncc.ecu"))
as necessary.
Flavors: r-devel-linux-x86_64-debian-clang, r-devel-linux-x86_64-debian-gcc
Version: 4.5
Check: Rd files
Result: NOTE
checkRd: (-1) PDFEstimator-package.Rd:11-20: Only 2 columns allowed in this table (row 2 has 1)
checkRd: (-1) PDFEstimator-package.Rd:11-20: Only 2 columns allowed in this table (row 4 has 1)
checkRd: (-1) PDFEstimator-package.Rd:11-20: Only 2 columns allowed in this table (row 6 has 1)
checkRd: (-1) PDFEstimator-package.Rd:11-20: Only 2 columns allowed in this table (row 8 has 1)
checkRd: (-1) PDFEstimator-package.Rd:11-20: Only 2 columns allowed in this table (row 10 has 1)
checkRd: (-1) PDFEstimator-package.Rd:11-20: Only 2 columns allowed in this table (row 12 has 1)
checkRd: (-1) PDFEstimator-package.Rd:11-20: Only 2 columns allowed in this table (row 14 has 1)
checkRd: (-1) PDFEstimator-package.Rd:11-20: Only 2 columns allowed in this table (row 16 has 1)
Flavors: r-devel-linux-x86_64-debian-clang, r-devel-linux-x86_64-debian-gcc, r-devel-linux-x86_64-fedora-clang, r-devel-linux-x86_64-fedora-gcc
These binaries (installable software) and packages are in development.
They may not be fully stable and should be used with caution. We make no claims about them.
Health stats visible at Monitor.