Last updated on 2025-02-23 15:49:53 CET.
Flavor | Version | Tinstall | Tcheck | Ttotal | Status | Flags |
---|---|---|---|---|---|---|
r-devel-linux-x86_64-debian-clang | 1.4.10 | 18.81 | 69.06 | 87.87 | OK | |
r-devel-linux-x86_64-debian-gcc | 1.4.10 | 13.42 | 49.36 | 62.78 | OK | |
r-devel-linux-x86_64-fedora-clang | 1.4.10 | 148.40 | ERROR | |||
r-devel-linux-x86_64-fedora-gcc | 1.4.10 | 168.32 | OK | |||
r-devel-macos-arm64 | 1.4.10 | 62.00 | OK | |||
r-devel-macos-x86_64 | 1.4.10 | 86.00 | OK | |||
r-devel-windows-x86_64 | 1.4.10 | 14.00 | 79.00 | 93.00 | OK | |
r-patched-linux-x86_64 | 1.4.10 | 17.40 | 65.38 | 82.78 | OK | |
r-release-linux-x86_64 | 1.4.10 | 17.06 | 64.08 | 81.14 | OK | |
r-release-macos-arm64 | 1.4.10 | 121.00 | OK | |||
r-release-macos-x86_64 | 1.4.10 | 152.00 | OK | |||
r-release-windows-x86_64 | 1.4.10 | 13.00 | 80.00 | 93.00 | OK | |
r-oldrel-macos-arm64 | 1.4.10 | 66.00 | OK | |||
r-oldrel-macos-x86_64 | 1.4.10 | 193.00 | OK | |||
r-oldrel-windows-x86_64 | 1.4.10 | 14.00 | 93.00 | 107.00 | OK |
Version: 1.4.10
Check: examples
Result: ERROR
Running examples in ‘PDE-Ex.R’ failed
The error most likely occurred in:
> ### Name: PDE_analyzer
> ### Title: Extracting data from PDF (Portable Document Format) files
> ### Aliases: PDE_analyzer
>
> ### ** Examples
>
> if(PDE_check_Xpdf_install() == TRUE){
+ PDE_analyzer(paste0(system.file(package = "PDE"),
+ "/examples/tsvs/PDE_parameters_v1.4_all_files+-0.tsv"))
+ }
Error in `<current-expression>` : error in running command
Calls: PDE_check_Xpdf_install
Execution halted
Flavor: r-devel-linux-x86_64-fedora-clang
These binaries (installable software) and packages are in development.
They may not be fully stable and should be used with caution. We make no claims about them.
Health stats visible at Monitor.