Last updated on 2025-05-07 22:48:35 CEST.
Flavor | Version | Tinstall | Tcheck | Ttotal | Status | Flags |
---|---|---|---|---|---|---|
r-devel-linux-x86_64-debian-clang | 3.1 | 4.14 | 60.31 | 64.45 | NOTE | |
r-devel-linux-x86_64-debian-gcc | 3.1 | 3.18 | 46.16 | 49.34 | NOTE | |
r-devel-linux-x86_64-fedora-clang | 3.1 | 95.49 | OK | |||
r-devel-linux-x86_64-fedora-gcc | 3.1 | 105.78 | OK | |||
r-devel-windows-x86_64 | 3.1 | 5.00 | 68.00 | 73.00 | OK | |
r-patched-linux-x86_64 | 3.1 | 5.29 | 58.13 | 63.42 | OK | |
r-release-linux-x86_64 | 3.1 | 4.70 | 58.17 | 62.87 | OK | |
r-release-macos-arm64 | 3.1 | 31.00 | OK | |||
r-release-macos-x86_64 | 3.1 | 62.00 | OK | |||
r-release-windows-x86_64 | 3.1 | 5.00 | 73.00 | 78.00 | OK | |
r-oldrel-macos-arm64 | 3.1 | 37.00 | OK | |||
r-oldrel-macos-x86_64 | 3.1 | 62.00 | OK | |||
r-oldrel-windows-x86_64 | 3.1 | 6.00 | 81.00 | 87.00 | OK |
Version: 3.1
Check: CRAN incoming feasibility
Result: NOTE
Maintainer: ‘Marie Chavent <Marie.Chavent@u-bordeaux.fr>’
Found the following \keyword or \concept entries
which likely give several index terms:
File ‘MFAmix.Rd’:
\keyword{multivariate, mixed type data, data struc [TRUNCATED]
Flavors: r-devel-linux-x86_64-debian-clang, r-devel-linux-x86_64-debian-gcc
These binaries (installable software) and packages are in development.
They may not be fully stable and should be used with caution. We make no claims about them.
Health stats visible at Monitor.