Last updated on 2025-05-15 09:52:36 CEST.
Flavor | Version | Tinstall | Tcheck | Ttotal | Status | Flags |
---|---|---|---|---|---|---|
r-devel-linux-x86_64-debian-clang | 1.3 | 2.67 | 20.67 | 23.34 | NOTE | |
r-devel-linux-x86_64-debian-gcc | 1.3 | 1.87 | 15.90 | 17.77 | NOTE | |
r-devel-linux-x86_64-fedora-clang | 1.3 | 38.08 | NOTE | |||
r-devel-linux-x86_64-fedora-gcc | 1.3 | 34.02 | NOTE | |||
r-devel-windows-x86_64 | 1.3 | 4.00 | 39.00 | 43.00 | NOTE | |
r-patched-linux-x86_64 | 1.3 | 2.77 | 19.77 | 22.54 | NOTE | |
r-release-linux-x86_64 | 1.3 | 2.57 | 19.51 | 22.08 | NOTE | |
r-release-macos-arm64 | 1.3 | 16.00 | NOTE | |||
r-release-macos-x86_64 | 1.3 | 24.00 | NOTE | |||
r-release-windows-x86_64 | 1.3 | 3.00 | 39.00 | 42.00 | NOTE | |
r-oldrel-macos-arm64 | 1.3 | 16.00 | NOTE | |||
r-oldrel-macos-x86_64 | 1.3 | 20.00 | NOTE | |||
r-oldrel-windows-x86_64 | 1.3 | 3.00 | 38.00 | 41.00 | NOTE |
Version: 1.3
Check: CRAN incoming feasibility
Result: NOTE
Maintainer: ‘Kush Sharma <kush.vashishtha@gmail.com>’
No Authors@R field in DESCRIPTION.
Please add one, modifying
Authors@R: c(person(given = "Parneet",
family = "Kaur",
role = "aut",
email = "parneet.nonu93@gmail.com"),
person(given = "Kush",
family = "Sharma",
role = c("aut", "cre"),
email = "kush.vashishtha@gmail.com"),
person(given = c("Davinder", "Kumar"),
family = "Garg",
role = "aut",
email = "dkgarg_stat@yahoo.co.in"))
as necessary.
File 'R/PBIBD-internal.R' sets .Random.seed.
This is usually neither needed nor wanted.
Flavors: r-devel-linux-x86_64-debian-clang, r-devel-linux-x86_64-debian-gcc
Version: 1.3
Check: Rd files
Result: NOTE
checkRd: (-1) ym1.Rd:10: Lost braces; missing escapes or markup?
10 | lambda 1 = v - 2(t + 1), lambda {m-i} = v - 2t - 1 - 2i ; i = 0, 1, ..., t-1
| ^
checkRd: (-1) ym1.Rd:12: Lost braces; missing escapes or markup?
12 | lambda t = lambda {t+1} = ... = lambda {m-t} = v - 4t. If t >=3 then, lambda i = v - 2(t + i); i = 2, 3, ..., t-1
| ^
checkRd: (-1) ym1.Rd:12: Lost braces; missing escapes or markup?
12 | lambda t = lambda {t+1} = ... = lambda {m-t} = v - 4t. If t >=3 then, lambda i = v - 2(t + i); i = 2, 3, ..., t-1
| ^
checkRd: (-1) ym1.Rd:18: Lost braces; missing escapes or markup?
18 | lambda 1 = v - 2t - 1, lambda {m-i} = v - 2(t + 1) - i; i = 0, 1, ..., t - 1, lambda {m-(t-1)-i} = lambda {m-(t-1)} - i ; i = 0, 1, 2, ..., t-1
| ^
checkRd: (-1) ym1.Rd:18: Lost braces; missing escapes or markup?
18 | lambda 1 = v - 2t - 1, lambda {m-i} = v - 2(t + 1) - i; i = 0, 1, ..., t - 1, lambda {m-(t-1)-i} = lambda {m-(t-1)} - i ; i = 0, 1, 2, ..., t-1
| ^
checkRd: (-1) ym1.Rd:18: Lost braces; missing escapes or markup?
18 | lambda 1 = v - 2t - 1, lambda {m-i} = v - 2(t + 1) - i; i = 0, 1, ..., t - 1, lambda {m-(t-1)-i} = lambda {m-(t-1)} - i ; i = 0, 1, 2, ..., t-1
| ^
checkRd: (-1) ym1.Rd:20: Lost braces; missing escapes or markup?
20 | and lambda 2 = lambda 3= ... = lambda {(m-2t+1)} = lambda {(m-2t+2)}
| ^
checkRd: (-1) ym1.Rd:20: Lost braces; missing escapes or markup?
20 | and lambda 2 = lambda 3= ... = lambda {(m-2t+1)} = lambda {(m-2t+2)}
| ^
checkRd: (-1) ym2.Rd:8: Lost braces; missing escapes or markup?
8 | If m is even, then lambda {i+1} = lambda i - 2; i = 1, 2, ..., m/2 and lambda {i-1} = lambda i - 2; i = m, m-1, ..., (m/2)+1
| ^
checkRd: (-1) ym2.Rd:8: Lost braces; missing escapes or markup?
8 | If m is even, then lambda {i+1} = lambda i - 2; i = 1, 2, ..., m/2 and lambda {i-1} = lambda i - 2; i = m, m-1, ..., (m/2)+1
| ^
checkRd: (-1) ym2.Rd:10: Lost braces; missing escapes or markup?
10 | If m is odd, then lambda {i+1} = lambda i - 2; i = 1, 2, ..., (m+1)/2 and lambda {i-1} = lambda i - 2; i = m, m-1, ..., ((m+1)/2) + 1
| ^
checkRd: (-1) ym2.Rd:10: Lost braces; missing escapes or markup?
10 | If m is odd, then lambda {i+1} = lambda i - 2; i = 1, 2, ..., (m+1)/2 and lambda {i-1} = lambda i - 2; i = m, m-1, ..., ((m+1)/2) + 1
| ^
checkRd: (-1) ym3.Rd:10: Lost braces; missing escapes or markup?
10 | if m > 3 then, lambda j = lambda {j-1}+1 ; j = t+3, t+4, ...,m
| ^
Flavors: r-devel-linux-x86_64-debian-clang, r-devel-linux-x86_64-debian-gcc, r-devel-linux-x86_64-fedora-clang, r-devel-linux-x86_64-fedora-gcc, r-devel-windows-x86_64, r-patched-linux-x86_64, r-release-linux-x86_64, r-release-macos-arm64, r-release-macos-x86_64, r-release-windows-x86_64, r-oldrel-macos-arm64, r-oldrel-macos-x86_64, r-oldrel-windows-x86_64
These binaries (installable software) and packages are in development.
They may not be fully stable and should be used with caution. We make no claims about them.
Health stats visible at Monitor.