Last updated on 2025-05-03 22:50:02 CEST.
Flavor | Version | Tinstall | Tcheck | Ttotal | Status | Flags |
---|---|---|---|---|---|---|
r-devel-linux-x86_64-debian-clang | 0.1.10 | 23.63 | 153.16 | 176.79 | NOTE | |
r-devel-linux-x86_64-debian-gcc | 0.1.10 | 16.48 | 109.13 | 125.61 | NOTE | |
r-devel-linux-x86_64-fedora-clang | 0.1.10 | 264.03 | OK | |||
r-devel-linux-x86_64-fedora-gcc | 0.1.10 | 260.90 | OK | |||
r-devel-windows-x86_64 | 0.1.10 | 27.00 | 162.00 | 189.00 | NOTE | |
r-patched-linux-x86_64 | 0.1.10 | 21.59 | 142.01 | 163.60 | NOTE | |
r-release-linux-x86_64 | NOTE | |||||
r-release-macos-arm64 | 0.1.10 | 87.00 | OK | |||
r-release-macos-x86_64 | 0.1.10 | 188.00 | OK | |||
r-release-windows-x86_64 | 0.1.10 | 28.00 | 158.00 | 186.00 | NOTE | |
r-oldrel-macos-arm64 | 0.1.10 | 70.00 | OK | |||
r-oldrel-macos-x86_64 | 0.1.10 | 104.00 | OK | |||
r-oldrel-windows-x86_64 | 0.1.10 | 32.00 | 212.00 | 244.00 | OK |
Version: 0.1.10
Check: CRAN incoming feasibility
Result: NOTE
Maintainer: ‘Xiaorui (Jeremy) Zhu <zhuxiaorui1989@gmail.com>’
The URL field contains the following bad parts:
GitHub:
The URL field should be a list of URLs separated by commas or
whitespace.
Flavors: r-devel-linux-x86_64-debian-clang, r-devel-linux-x86_64-debian-gcc
Version: 0.1.10
Check: Rd cross-references
Result: NOTE
Found the following Rd file(s) with Rd \link{} targets missing package
anchors:
plot.Rd: ggplot2
Please provide package anchors for all Rd \link{} targets not in the
package itself and the base packages.
Flavors: r-devel-linux-x86_64-debian-clang, r-devel-linux-x86_64-debian-gcc, r-devel-windows-x86_64, r-patched-linux-x86_64, r-release-linux-x86_64, r-release-windows-x86_64
These binaries (installable software) and packages are in development.
They may not be fully stable and should be used with caution. We make no claims about them.
Health stats visible at Monitor.