Last updated on 2024-05-02 11:51:30 CEST.
Flavor | Version | Tinstall | Tcheck | Ttotal | Status | Flags |
---|---|---|---|---|---|---|
r-devel-linux-x86_64-debian-clang | 1.0.0 | 38.69 | 273.25 | 311.94 | NOTE | |
r-devel-linux-x86_64-debian-gcc | 1.0.0 | 31.12 | 196.38 | 227.50 | NOTE | |
r-devel-linux-x86_64-fedora-clang | 1.0.0 | 389.49 | NOTE | |||
r-devel-linux-x86_64-fedora-gcc | 1.0.0 | 420.04 | NOTE | |||
r-devel-windows-x86_64 | 1.0.0 | 27.00 | 183.00 | 210.00 | NOTE | |
r-patched-linux-x86_64 | 1.0.0 | 32.15 | 254.01 | 286.16 | NOTE | |
r-release-linux-x86_64 | 1.0.0 | 26.64 | 255.30 | 281.94 | NOTE | |
r-release-macos-arm64 | 1.0.0 | 140.00 | NOTE | |||
r-release-windows-x86_64 | 1.0.0 | 27.00 | 187.00 | 214.00 | NOTE | |
r-oldrel-macos-arm64 | 1.0.0 | 92.00 | OK | |||
r-oldrel-macos-x86_64 | 1.0.0 | 245.00 | OK | |||
r-oldrel-windows-x86_64 | 1.0.0 | 35.00 | 232.00 | 267.00 | OK |
Version: 1.0.0
Check: Rd files
Result: NOTE
checkRd: (-1) addFPOD.Rd:42: Lost braces
42 | has FPOD detections, these events may not work with a variety of other ]code{PAMpal}
| ^
Flavors: r-devel-linux-x86_64-debian-clang, r-devel-linux-x86_64-debian-gcc, r-devel-linux-x86_64-fedora-clang, r-devel-linux-x86_64-fedora-gcc, r-devel-windows-x86_64, r-patched-linux-x86_64, r-release-linux-x86_64, r-release-macos-arm64, r-release-windows-x86_64
These binaries (installable software) and packages are in development.
They may not be fully stable and should be used with caution. We make no claims about them.
Health stats visible at Monitor.