CRAN Package Check Results for Package OutliersLearn

Last updated on 2025-05-17 15:50:50 CEST.

Flavor Version Tinstall Tcheck Ttotal Status Flags
r-devel-linux-x86_64-debian-clang 1.0.0 2.47 26.73 29.20 NOTE
r-devel-linux-x86_64-debian-gcc 1.0.0 1.73 21.43 23.16 NOTE
r-devel-linux-x86_64-fedora-clang 1.0.0 46.46 OK
r-devel-linux-x86_64-fedora-gcc 1.0.0 57.45 OK
r-devel-windows-x86_64 1.0.0 3.00 49.00 52.00 OK
r-patched-linux-x86_64 1.0.0 2.36 25.52 27.88 OK
r-release-linux-x86_64 1.0.0 2.42 25.46 27.88 OK
r-release-macos-arm64 1.0.0 24.00 OK
r-release-macos-x86_64 1.0.0 42.00 OK
r-release-windows-x86_64 1.0.0 3.00 48.00 51.00 OK
r-oldrel-macos-arm64 1.0.0 51.00 OK
r-oldrel-macos-x86_64 1.0.0 65.00 OK
r-oldrel-windows-x86_64 1.0.0 4.00 57.00 61.00 OK

Check Details

Version: 1.0.0
Check: CRAN incoming feasibility
Result: NOTE Maintainer: ‘Andres Missiego Manjon <andres.missiego@edu.uah.es>’ No Authors@R field in DESCRIPTION. Please add one, modifying Authors@R: c(person(given = c("Andres", "Missiego"), family = "Manjon", role = c("aut", "cre"), email = "andres.missiego@edu.uah.es"), person(given = c("Juan", "Jose", "Cuadrado"), family = "Gallego", role = "aut")) as necessary. Flavors: r-devel-linux-x86_64-debian-clang, r-devel-linux-x86_64-debian-gcc

These binaries (installable software) and packages are in development.
They may not be fully stable and should be used with caution. We make no claims about them.
Health stats visible at Monitor.