Last updated on 2025-02-23 19:51:14 CET.
Flavor | Version | Tinstall | Tcheck | Ttotal | Status | Flags |
---|---|---|---|---|---|---|
r-devel-linux-x86_64-debian-clang | 0.1.0.0 | 7.91 | 71.48 | 79.39 | NOTE | |
r-devel-linux-x86_64-debian-gcc | 0.1.0.0 | 5.98 | 52.96 | 58.94 | NOTE | |
r-devel-linux-x86_64-fedora-clang | 0.1.0.0 | 134.02 | NOTE | |||
r-devel-linux-x86_64-fedora-gcc | 0.1.0.0 | 166.85 | NOTE | |||
r-devel-macos-arm64 | 0.1.0.0 | 54.00 | NOTE | |||
r-devel-macos-x86_64 | 0.1.0.0 | 104.00 | NOTE | |||
r-devel-windows-x86_64 | 0.1.0.0 | 9.00 | 94.00 | 103.00 | NOTE | |
r-patched-linux-x86_64 | 0.1.0.0 | 9.23 | 67.87 | 77.10 | NOTE | |
r-release-linux-x86_64 | 0.1.0.0 | 7.90 | 68.68 | 76.58 | NOTE | |
r-release-macos-arm64 | 0.1.0.0 | 51.00 | NOTE | |||
r-release-macos-x86_64 | 0.1.0.0 | 86.00 | NOTE | |||
r-release-windows-x86_64 | 0.1.0.0 | 10.00 | 94.00 | 104.00 | NOTE | |
r-oldrel-macos-arm64 | 0.1.0.0 | 56.00 | OK | |||
r-oldrel-macos-x86_64 | 0.1.0.0 | 85.00 | OK | |||
r-oldrel-windows-x86_64 | 0.1.0.0 | 13.00 | 115.00 | 128.00 | OK |
Version: 0.1.0.0
Check: Rd files
Result: NOTE
checkRd: (-1) optimal_holdout_size.Rd:30: Lost braces; missing escapes or markup?
30 | List/data frame of dimension (number of evaluations) x (4 + n_par) containing input data and results. Columns \code{size} and \code{cost} are optimal holdout size and cost at this size respectively. Parameters N, k1, theta.1, theta.2,...,theta.{n_par} are input data.
| ^
Flavors: r-devel-linux-x86_64-debian-clang, r-devel-linux-x86_64-debian-gcc, r-devel-linux-x86_64-fedora-clang, r-devel-linux-x86_64-fedora-gcc, r-devel-macos-arm64, r-devel-macos-x86_64, r-devel-windows-x86_64, r-patched-linux-x86_64, r-release-linux-x86_64, r-release-macos-arm64, r-release-macos-x86_64, r-release-windows-x86_64
These binaries (installable software) and packages are in development.
They may not be fully stable and should be used with caution. We make no claims about them.
Health stats visible at Monitor.