Last updated on 2024-05-02 01:57:07 CEST.
Flavor | Version | Tinstall | Tcheck | Ttotal | Status | Flags |
---|---|---|---|---|---|---|
r-devel-linux-x86_64-debian-clang | 0.2-10 | 4.61 | 31.66 | 36.27 | NOTE | |
r-devel-linux-x86_64-debian-gcc | 0.2-10 | 3.22 | 23.51 | 26.73 | NOTE | |
r-devel-linux-x86_64-fedora-clang | 0.2-10 | 43.74 | NOTE | |||
r-devel-linux-x86_64-fedora-gcc | 0.2-10 | 36.34 | NOTE | |||
r-patched-linux-x86_64 | 0.2-10 | 4.26 | 30.33 | 34.59 | NOTE | |
r-release-linux-x86_64 | 0.2-10 | 3.59 | 30.86 | 34.45 | NOTE | |
r-release-macos-arm64 | 0.2-10 | 16.00 | NOTE | |||
r-release-windows-x86_64 | 0.2-10 | 18.00 | 42.00 | 60.00 | NOTE | |
r-oldrel-macos-arm64 | 0.2-10 | 21.00 | NOTE | |||
r-oldrel-macos-x86_64 | 0.2-10 | 34.00 | NOTE | |||
r-oldrel-windows-x86_64 | 0.2-10 | 19.00 | 31.00 | 50.00 | NOTE |
Version: 0.2-10
Check: DESCRIPTION meta-information
Result: NOTE
License stub is invalid DCF.
Flavors: r-devel-linux-x86_64-debian-clang, r-devel-linux-x86_64-debian-gcc, r-patched-linux-x86_64, r-release-linux-x86_64, r-release-macos-arm64
Version: 0.2-10
Check: for GNU extensions in Makefiles
Result: NOTE
GNU make is a SystemRequirements.
Flavors: r-devel-linux-x86_64-debian-clang, r-devel-linux-x86_64-debian-gcc, r-devel-linux-x86_64-fedora-clang, r-devel-linux-x86_64-fedora-gcc, r-patched-linux-x86_64, r-release-linux-x86_64, r-release-macos-arm64, r-release-windows-x86_64, r-oldrel-macos-arm64, r-oldrel-macos-x86_64, r-oldrel-windows-x86_64
Version: 0.2-10
Check: DESCRIPTION meta-information
Result: NOTE
Licence stub is invalid DCF.
Flavors: r-devel-linux-x86_64-fedora-clang, r-devel-linux-x86_64-fedora-gcc
These binaries (installable software) and packages are in development.
They may not be fully stable and should be used with caution. We make no claims about them.
Health stats visible at Monitor.