Last updated on 2025-02-23 15:49:52 CET.
Flavor | Version | Tinstall | Tcheck | Ttotal | Status | Flags |
---|---|---|---|---|---|---|
r-devel-linux-x86_64-debian-clang | 0.1.2 | 19.19 | 362.87 | 382.06 | NOTE | |
r-devel-linux-x86_64-debian-gcc | 0.1.2 | 13.01 | 226.77 | 239.78 | NOTE | |
r-devel-linux-x86_64-fedora-clang | 0.1.2 | 606.95 | NOTE | |||
r-devel-linux-x86_64-fedora-gcc | 0.1.2 | 614.69 | NOTE | |||
r-devel-macos-arm64 | 0.1.2 | 153.00 | NOTE | |||
r-devel-macos-x86_64 | 0.1.2 | 301.00 | NOTE | |||
r-devel-windows-x86_64 | 0.1.2 | 21.00 | 306.00 | 327.00 | NOTE | |
r-patched-linux-x86_64 | 0.1.2 | 21.04 | 332.70 | 353.74 | NOTE | |
r-release-linux-x86_64 | 0.1.2 | 17.01 | 335.78 | 352.79 | NOTE | |
r-release-macos-arm64 | 0.1.2 | 155.00 | NOTE | |||
r-release-macos-x86_64 | 0.1.2 | 234.00 | NOTE | |||
r-release-windows-x86_64 | 0.1.2 | 22.00 | 310.00 | 332.00 | NOTE | |
r-oldrel-macos-arm64 | 0.1.2 | 167.00 | OK | |||
r-oldrel-macos-x86_64 | 0.1.2 | 286.00 | OK | |||
r-oldrel-windows-x86_64 | 0.1.2 | 29.00 | 425.00 | 454.00 | OK |
Version: 0.1.2
Check: Rd files
Result: NOTE
checkRd: (-1) imput_cov.Rd:79: Lost braces
79 | \item van Buuren, S., Groothuis-Oudshoorn, K. (2011). mice: Multivariate Imputation by Chained Equations in R. Journal of Statistical Software, 45(3), 1–67. url{https://www.jstatsoft.org/v45/i03/}
| ^
checkRd: (-1) indiv_grp_closest.Rd:47: Lost braces; missing escapes or markup?
47 | The function \code{indiv_grp_closest} is an intermediate function used in the implementation of an algorithm called {OUTCOME} (and its enrichment {R-OUTCOME}, see the reference (2) for more details) dedicated to the solving of recoding problems in data fusion using Optimal Transportation theory.
| ^
checkRd: (-1) indiv_grp_closest.Rd:47: Lost braces; missing escapes or markup?
47 | The function \code{indiv_grp_closest} is an intermediate function used in the implementation of an algorithm called {OUTCOME} (and its enrichment {R-OUTCOME}, see the reference (2) for more details) dedicated to the solving of recoding problems in data fusion using Optimal Transportation theory.
| ^
checkRd: (-1) merge_dbs.Rd:179: Lost braces
179 | \item van Buuren, S., Groothuis-Oudshoorn, K. (2011). mice: Multivariate Imputation by Chained Equations in R. Journal of Statistical Software, 45(3), 1–67. url{https://www.jstatsoft.org/v45/i03/}
| ^
Flavors: r-devel-linux-x86_64-debian-clang, r-devel-linux-x86_64-debian-gcc, r-devel-linux-x86_64-fedora-clang, r-devel-linux-x86_64-fedora-gcc, r-devel-macos-arm64, r-devel-macos-x86_64, r-devel-windows-x86_64, r-patched-linux-x86_64, r-release-linux-x86_64, r-release-macos-arm64, r-release-macos-x86_64, r-release-windows-x86_64
These binaries (installable software) and packages are in development.
They may not be fully stable and should be used with caution. We make no claims about them.
Health stats visible at Monitor.