CRAN Package Check Results for Package OSTE

Last updated on 2025-05-17 15:50:50 CEST.

Flavor Version Tinstall Tcheck Ttotal Status Flags
r-devel-linux-x86_64-debian-clang 1.0 8.58 65.06 73.64 NOTE
r-devel-linux-x86_64-debian-gcc 1.0 5.29 47.00 52.29 NOTE
r-devel-linux-x86_64-fedora-clang 1.0 119.10 OK
r-devel-linux-x86_64-fedora-gcc 1.0 117.20 OK
r-devel-windows-x86_64 1.0 10.00 74.00 84.00 OK
r-patched-linux-x86_64 1.0 7.92 61.78 69.70 OK
r-release-linux-x86_64 1.0 7.87 62.16 70.03 OK
r-release-macos-arm64 1.0 37.00 OK
r-release-macos-x86_64 1.0 61.00 OK
r-release-windows-x86_64 1.0 10.00 76.00 86.00 OK
r-oldrel-macos-arm64 1.0 32.00 OK
r-oldrel-macos-x86_64 1.0 48.00 OK
r-oldrel-windows-x86_64 1.0 12.00 91.00 103.00 OK

Check Details

Version: 1.0
Check: CRAN incoming feasibility
Result: NOTE Maintainer: ‘Naz Gul <nazgul@awkum.edu.pk>’ The Description field contains Lausen' (2020) <arXiv:2005.09043>) is given. The trees are grown by Please refer to arXiv e-prints via their arXiv DOI <doi:10.48550/arXiv.YYMM.NNNNN>. Flavors: r-devel-linux-x86_64-debian-clang, r-devel-linux-x86_64-debian-gcc

These binaries (installable software) and packages are in development.
They may not be fully stable and should be used with caution. We make no claims about them.
Health stats visible at Monitor.