Last updated on 2025-02-23 19:51:14 CET.
Flavor | Version | Tinstall | Tcheck | Ttotal | Status | Flags |
---|---|---|---|---|---|---|
r-devel-linux-x86_64-debian-clang | 0.1.2 | 7.40 | 62.61 | 70.01 | OK | |
r-devel-linux-x86_64-debian-gcc | 0.1.2 | 5.28 | 46.27 | 51.55 | OK | |
r-devel-linux-x86_64-fedora-clang | 0.1.2 | 113.53 | OK | |||
r-devel-linux-x86_64-fedora-gcc | 0.1.2 | 113.13 | OK | |||
r-devel-macos-arm64 | 0.1.2 | 34.00 | OK | |||
r-devel-macos-x86_64 | 0.1.2 | 85.00 | OK | |||
r-devel-windows-x86_64 | 0.1.2 | 8.00 | 76.00 | 84.00 | OK | |
r-patched-linux-x86_64 | 0.1.2 | 7.14 | 58.99 | 66.13 | OK | |
r-release-linux-x86_64 | 0.1.2 | 6.80 | 58.22 | 65.02 | OK | |
r-release-macos-arm64 | 0.1.2 | 33.00 | OK | |||
r-release-macos-x86_64 | 0.1.2 | 110.00 | OK | |||
r-release-windows-x86_64 | 0.1.2 | 7.00 | 77.00 | 84.00 | OK | |
r-oldrel-macos-arm64 | 0.1.2 | 37.00 | WARN | |||
r-oldrel-macos-x86_64 | 0.1.2 | 137.00 | OK | |||
r-oldrel-windows-x86_64 | 0.1.2 | 11.00 | 93.00 | 104.00 | OK |
Version: 0.1.2
Check: replacement functions
Result: WARN
Fatal error: cannot create 'R_TempDir'
The argument of a replacement function which corresponds to the right
hand side must be named ‘value’.
Flavor: r-oldrel-macos-arm64
Version: 0.1.2
Check: foreign function calls
Result: NOTE
Warning in file(open = "w+") :
cannot open file '/var/folders/k4/0jwzxmln0nb8y6rkzprptb640000gq/T//RtmpYdXjvw/Rfee3b1220180e': No space left on device
Error in file(open = "w+") : cannot open the connection
Calls: <Anonymous> -> .load_namespace_quietly -> .try_quietly -> file
Execution halted
See chapter ‘System and foreign language interfaces’ in the ‘Writing R
Extensions’ manual.
Flavor: r-oldrel-macos-arm64
These binaries (installable software) and packages are in development.
They may not be fully stable and should be used with caution. We make no claims about them.
Health stats visible at Monitor.