CRAN Package Check Results for Package Nozzle.R1

Last updated on 2025-05-17 13:49:45 CEST.

Flavor Version Tinstall Tcheck Ttotal Status Flags
r-devel-linux-x86_64-debian-clang 1.1-1.1 4.54 32.76 37.30 WARN
r-devel-linux-x86_64-debian-gcc 1.1-1.1 2.74 23.64 26.38 WARN
r-devel-linux-x86_64-fedora-clang 1.1-1.1 58.42 OK
r-devel-linux-x86_64-fedora-gcc 1.1-1.1 54.71 OK
r-devel-windows-x86_64 1.1-1.1 5.00 63.00 68.00 OK
r-patched-linux-x86_64 1.1-1.1 6.01 30.57 36.58 OK
r-release-linux-x86_64 1.1-1.1 4.14 30.07 34.21 OK
r-release-macos-arm64 1.1-1.1 20.00 OK
r-release-macos-x86_64 1.1-1.1 32.00 OK
r-release-windows-x86_64 1.1-1.1 5.00 63.00 68.00 OK
r-oldrel-macos-arm64 1.1-1.1 18.00 OK
r-oldrel-macos-x86_64 1.1-1.1 28.00 OK
r-oldrel-windows-x86_64 1.1-1.1 5.00 60.00 65.00 OK

Check Details

Version: 1.1-1.1
Check: CRAN incoming feasibility
Result: NOTE Maintainer: ‘Nils Gehlenborg <nils@hms.harvard.edu>’ No Authors@R field in DESCRIPTION. Please add one, modifying Authors@R: person(given = "Nils", family = "Gehlenborg", role = c("aut", "cre"), email = "nils@hms.harvard.edu") as necessary. Flavors: r-devel-linux-x86_64-debian-clang, r-devel-linux-x86_64-debian-gcc

Version: 1.1-1.1
Check: for code which exercises the package
Result: WARN No examples, no tests, no vignettes Flavors: r-devel-linux-x86_64-debian-clang, r-devel-linux-x86_64-debian-gcc

These binaries (installable software) and packages are in development.
They may not be fully stable and should be used with caution. We make no claims about them.
Health stats visible at Monitor.