Last updated on 2025-05-17 13:49:45 CEST.
Flavor | Version | Tinstall | Tcheck | Ttotal | Status | Flags |
---|---|---|---|---|---|---|
r-devel-linux-x86_64-debian-clang | 0.2.4 | 13.52 | 129.48 | 143.00 | NOTE | |
r-devel-linux-x86_64-debian-gcc | 0.2.4 | 10.34 | 93.31 | 103.65 | NOTE | |
r-devel-linux-x86_64-fedora-clang | 0.2.4 | 228.66 | NOTE | |||
r-devel-linux-x86_64-fedora-gcc | 0.2.4 | 213.80 | NOTE | |||
r-devel-windows-x86_64 | 0.2.4 | 14.00 | 138.00 | 152.00 | OK | |
r-patched-linux-x86_64 | 0.2.4 | 13.73 | 123.04 | 136.77 | OK | |
r-release-linux-x86_64 | 0.2.4 | 12.52 | 122.16 | 134.68 | OK | |
r-release-macos-arm64 | 0.2.4 | 58.00 | OK | |||
r-release-macos-x86_64 | 0.2.4 | 110.00 | OK | |||
r-release-windows-x86_64 | 0.2.4 | 15.00 | 136.00 | 151.00 | OK | |
r-oldrel-macos-arm64 | 0.2.4 | 58.00 | OK | |||
r-oldrel-macos-x86_64 | 0.2.4 | 85.00 | OK | |||
r-oldrel-windows-x86_64 | 0.2.4 | 19.00 | 170.00 | 189.00 | OK |
Version: 0.2.4
Check: CRAN incoming feasibility
Result: NOTE
Maintainer: ‘Luis Castro Martín <luiscastro193@gmail.com>’
No Authors@R field in DESCRIPTION.
Please add one, modifying
Authors@R: c(person(given = c("Luis", "Castro"),
family = "Martín",
role = c("aut", "cre"),
email = "luiscastro193@gmail.com"),
person(given = c("Ramón", "Ferri"),
family = "García",
role = "aut",
email = "rferri@ugr.es"),
person(given = c("María", "del", "Mar"),
family = "Rueda",
role = "aut",
email = "mrueda@ugr.es"))
as necessary.
Found the following URLs which should use \doi (with the DOI name only):
File ‘valliant_weights.Rd’:
https://doi.org/10.1093/jssam/smz003
Flavors: r-devel-linux-x86_64-debian-clang, r-devel-linux-x86_64-debian-gcc
Version: 0.2.4
Check: dependencies in R code
Result: NOTE
Namespaces in Imports field not imported from:
‘Matrix’ ‘e1071’ ‘glmnet’
All declared Imports should be used.
Flavors: r-devel-linux-x86_64-fedora-clang, r-devel-linux-x86_64-fedora-gcc
These binaries (installable software) and packages are in development.
They may not be fully stable and should be used with caution. We make no claims about them.
Health stats visible at Monitor.