Last updated on 2024-05-02 08:01:49 CEST.
Flavor | Version | Tinstall | Tcheck | Ttotal | Status | Flags |
---|---|---|---|---|---|---|
r-devel-linux-x86_64-debian-clang | 0.2 | 4.85 | 57.94 | 62.79 | NOTE | |
r-devel-linux-x86_64-debian-gcc | 0.2 | 5.16 | 43.66 | 48.82 | NOTE | |
r-devel-linux-x86_64-fedora-clang | 0.2 | 79.00 | NOTE | |||
r-devel-linux-x86_64-fedora-gcc | 0.2 | 78.52 | NOTE | |||
r-devel-windows-x86_64 | 0.2 | 7.00 | 64.00 | 71.00 | NOTE | |
r-patched-linux-x86_64 | 0.2 | 6.95 | 54.55 | 61.50 | NOTE | |
r-release-linux-x86_64 | 0.2 | 4.87 | 53.33 | 58.20 | NOTE | |
r-release-macos-arm64 | 0.2 | 26.00 | NOTE | |||
r-release-windows-x86_64 | 0.2 | 6.00 | 65.00 | 71.00 | NOTE | |
r-oldrel-macos-arm64 | 0.2 | 28.00 | NOTE | |||
r-oldrel-macos-x86_64 | 0.2 | 43.00 | NOTE | |||
r-oldrel-windows-x86_64 | 0.2 | 8.00 | 71.00 | 79.00 | NOTE |
Version: 0.2
Check: package dependencies
Result: NOTE
Package which this enhances but not available for checking: ‘jpndistrict’
Flavors: r-devel-linux-x86_64-debian-clang, r-devel-linux-x86_64-debian-gcc, r-devel-linux-x86_64-fedora-clang, r-devel-linux-x86_64-fedora-gcc, r-devel-windows-x86_64, r-patched-linux-x86_64, r-release-linux-x86_64, r-release-macos-arm64, r-release-windows-x86_64, r-oldrel-macos-arm64, r-oldrel-macos-x86_64, r-oldrel-windows-x86_64
Version: 0.2
Check: Rd cross-references
Result: NOTE
Undeclared packages ‘cshapes’, ‘mapdata’ in Rd xrefs
Flavor: r-devel-linux-x86_64-fedora-clang
These binaries (installable software) and packages are in development.
They may not be fully stable and should be used with caution. We make no claims about them.
Health stats visible at Monitor.