Last updated on 2025-05-03 22:50:01 CEST.
Flavor | Version | Tinstall | Tcheck | Ttotal | Status | Flags |
---|---|---|---|---|---|---|
r-devel-linux-x86_64-debian-clang | 1.2.4 | 31.83 | 102.46 | 134.29 | NOTE | |
r-devel-linux-x86_64-debian-gcc | 1.2.4 | 21.59 | 69.97 | 91.56 | NOTE | |
r-devel-linux-x86_64-fedora-clang | 1.2.4 | 217.59 | NOTE | |||
r-devel-linux-x86_64-fedora-gcc | 1.2.4 | 232.65 | NOTE | |||
r-devel-windows-x86_64 | 1.2.4 | 41.00 | 123.00 | 164.00 | NOTE | |
r-patched-linux-x86_64 | 1.2.4 | 32.83 | 94.01 | 126.84 | NOTE | |
r-release-linux-x86_64 | NOTE | |||||
r-release-macos-arm64 | 1.2.4 | 92.00 | NOTE | |||
r-release-macos-x86_64 | 1.2.4 | 117.00 | NOTE | |||
r-release-windows-x86_64 | 1.2.4 | 41.00 | 119.00 | 160.00 | NOTE | |
r-oldrel-macos-arm64 | 1.2.4 | 68.00 | NOTE | |||
r-oldrel-macos-x86_64 | 1.2.4 | 142.00 | NOTE | |||
r-oldrel-windows-x86_64 | 1.2.4 | 49.00 | 154.00 | 203.00 | NOTE |
Version: 1.2.4
Check: CRAN incoming feasibility
Result: NOTE
Maintainer: ‘Fridolin Linder <fridolin.linder@gmail.com>’
Package CITATION file contains call(s) to old-style personList() or
as.personList(). Please use c() on person objects instead.
Package CITATION file contains call(s) to old-style citEntry(). Please
use bibentry() instead.
Found the following URLs which should use \doi (with the DOI name only):
File ‘policies.Rd’:
https://doi.org/10.7910/DVN/CVYSR7
Flavors: r-devel-linux-x86_64-debian-clang, r-devel-linux-x86_64-debian-gcc
Version: 1.2.4
Check: C++ specification
Result: NOTE
Specified C++11: please drop specification unless essential
Flavors: r-devel-linux-x86_64-debian-clang, r-devel-linux-x86_64-debian-gcc, r-devel-linux-x86_64-fedora-clang, r-devel-linux-x86_64-fedora-gcc, r-devel-windows-x86_64, r-patched-linux-x86_64, r-release-linux-x86_64, r-release-macos-arm64, r-release-macos-x86_64, r-release-windows-x86_64, r-oldrel-macos-arm64, r-oldrel-macos-x86_64, r-oldrel-windows-x86_64
These binaries (installable software) and packages are in development.
They may not be fully stable and should be used with caution. We make no claims about them.
Health stats visible at Monitor.