Last updated on 2025-02-23 19:51:13 CET.
Flavor | Version | Tinstall | Tcheck | Ttotal | Status | Flags |
---|---|---|---|---|---|---|
r-devel-linux-x86_64-debian-clang | 0.0.6 | 3.21 | 98.84 | 102.05 | NOTE | |
r-devel-linux-x86_64-debian-gcc | 0.0.6 | 2.60 | 77.71 | 80.31 | NOTE | |
r-devel-linux-x86_64-fedora-clang | 0.0.6 | 133.08 | NOTE | |||
r-devel-linux-x86_64-fedora-gcc | 0.0.6 | 149.33 | NOTE | |||
r-devel-macos-arm64 | 0.0.6 | 39.00 | NOTE | |||
r-devel-macos-x86_64 | 0.0.6 | 64.00 | NOTE | |||
r-devel-windows-x86_64 | 0.0.6 | 6.00 | 81.00 | 87.00 | NOTE | |
r-patched-linux-x86_64 | 0.0.6 | 3.83 | 95.89 | 99.72 | NOTE | |
r-release-linux-x86_64 | 0.0.6 | 2.88 | 96.76 | 99.64 | NOTE | |
r-release-macos-arm64 | 0.0.6 | 35.00 | NOTE | |||
r-release-macos-x86_64 | 0.0.6 | 56.00 | NOTE | |||
r-release-windows-x86_64 | 0.0.6 | 5.00 | 78.00 | 83.00 | NOTE | |
r-oldrel-macos-arm64 | 0.0.6 | 33.00 | OK | |||
r-oldrel-macos-x86_64 | 0.0.6 | 55.00 | OK | |||
r-oldrel-windows-x86_64 | 0.0.6 | 4.00 | 86.00 | 90.00 | OK |
Version: 0.0.6
Check: Rd files
Result: NOTE
checkRd: (-1) rc.plot.ideogram.Rd:20: Lost braces; missing escapes or markup?
20 | \item{las}{numeric in {0,1,2,3}; the style of chromosome labels. 0, always parallel to the track [default]; 1, always horizontal; 2, always perpendicular to the track; 3, always vertical.}
| ^
Flavors: r-devel-linux-x86_64-debian-clang, r-devel-linux-x86_64-debian-gcc, r-devel-linux-x86_64-fedora-clang, r-devel-linux-x86_64-fedora-gcc, r-devel-macos-arm64, r-devel-macos-x86_64, r-devel-windows-x86_64, r-patched-linux-x86_64, r-release-linux-x86_64, r-release-macos-arm64, r-release-macos-x86_64, r-release-windows-x86_64
These binaries (installable software) and packages are in development.
They may not be fully stable and should be used with caution. We make no claims about them.
Health stats visible at Monitor.