Last updated on 2025-05-07 20:49:51 CEST.
Flavor | Version | Tinstall | Tcheck | Ttotal | Status | Flags |
---|---|---|---|---|---|---|
r-devel-linux-x86_64-debian-clang | 0.1.0 | 4.53 | 70.39 | 74.92 | NOTE | |
r-devel-linux-x86_64-debian-gcc | 0.1.0 | 3.30 | 51.80 | 55.10 | NOTE | |
r-devel-linux-x86_64-fedora-clang | 0.1.0 | 126.50 | OK | |||
r-devel-linux-x86_64-fedora-gcc | 0.1.0 | 124.81 | OK | |||
r-devel-windows-x86_64 | 0.1.0 | 8.00 | 88.00 | 96.00 | OK | |
r-patched-linux-x86_64 | 0.1.0 | 4.93 | 65.64 | 70.57 | OK | |
r-release-linux-x86_64 | 0.1.0 | 3.94 | 65.53 | 69.47 | OK | |
r-release-macos-arm64 | 0.1.0 | 88.00 | OK | |||
r-release-macos-x86_64 | 0.1.0 | 85.00 | OK | |||
r-release-windows-x86_64 | 0.1.0 | 7.00 | 81.00 | 88.00 | OK | |
r-oldrel-macos-arm64 | 0.1.0 | 46.00 | OK | |||
r-oldrel-macos-x86_64 | 0.1.0 | 66.00 | OK | |||
r-oldrel-windows-x86_64 | 0.1.0 | 8.00 | 103.00 | 111.00 | OK |
Version: 0.1.0
Check: CRAN incoming feasibility
Result: NOTE
Maintainer: ‘Luke Johnston <lwjohnst@gmail.com>’
Package has help file(s) containing later-stage \Sexpr{} expressions
but no 'build/stage23.rdb' file.
Flavors: r-devel-linux-x86_64-debian-clang, r-devel-linux-x86_64-debian-gcc
These binaries (installable software) and packages are in development.
They may not be fully stable and should be used with caution. We make no claims about them.
Health stats visible at Monitor.