Last updated on 2025-05-17 13:49:44 CEST.
Flavor | Version | Tinstall | Tcheck | Ttotal | Status | Flags |
---|---|---|---|---|---|---|
r-devel-linux-x86_64-debian-clang | 3.0.1 | 5.32 | 31.71 | 37.03 | NOTE | |
r-devel-linux-x86_64-debian-gcc | 3.0.1 | 3.84 | 21.99 | 25.83 | NOTE | |
r-devel-linux-x86_64-fedora-clang | 3.0.1 | 60.91 | NOTE | |||
r-devel-linux-x86_64-fedora-gcc | 3.0.1 | 54.73 | NOTE | |||
r-devel-windows-x86_64 | 3.0.1 | 5.00 | 44.00 | 49.00 | NOTE | |
r-patched-linux-x86_64 | 3.0.1 | 4.80 | 29.79 | 34.59 | NOTE | |
r-release-linux-x86_64 | 3.0.1 | 5.02 | 29.70 | 34.72 | NOTE | |
r-release-macos-arm64 | 3.0.1 | 19.00 | NOTE | |||
r-release-macos-x86_64 | 3.0.1 | 33.00 | NOTE | |||
r-release-windows-x86_64 | 3.0.1 | 5.00 | 45.00 | 50.00 | NOTE | |
r-oldrel-macos-arm64 | 3.0.1 | 22.00 | NOTE | |||
r-oldrel-macos-x86_64 | 3.0.1 | 28.00 | NOTE | |||
r-oldrel-windows-x86_64 | 3.0.1 | 5.00 | 44.00 | 49.00 | NOTE |
Version: 3.0.1
Check: CRAN incoming feasibility
Result: NOTE
Maintainer: ‘Malika Charrad <malika.charrad.1@ulaval.ca>’
No Authors@R field in DESCRIPTION.
Please add one, modifying
Authors@R: c(person(given = "Malika",
family = "Charrad",
role = c("aut", "cre"),
email = "malika.charrad.1@ulaval.ca"),
person(given = "Nadia",
family = "Ghazzali",
role = "aut"),
person(given = "Veronique",
family = "Boiteau",
role = "aut"),
person(given = "Azam",
family = "Niknafs",
role = "aut"))
as necessary.
Package CITATION file contains call(s) to old-style personList() or
as.personList(). Please use c() on person objects instead.
Package CITATION file contains call(s) to old-style citEntry(). Please
use bibentry() instead.
Flavors: r-devel-linux-x86_64-debian-clang, r-devel-linux-x86_64-debian-gcc
Version: 3.0.1
Check: Rd files
Result: NOTE
checkRd: (-1) NbClust.Rd:50: Lost braces; missing escapes or markup?
50 | \item \bold{Average} : The distance \eqn{D_{ij}}{D_ij} between two clusters \eqn{C_{i}}{C_i} and \eqn{C_{j}}{C_j} is the mean of the distances between the pair of points {x} and {y}, where \eqn{x \in C_{i}, y \in C_{j}}{x in C_i, y in C_j}.
| ^
checkRd: (-1) NbClust.Rd:50: Lost braces; missing escapes or markup?
50 | \item \bold{Average} : The distance \eqn{D_{ij}}{D_ij} between two clusters \eqn{C_{i}}{C_i} and \eqn{C_{j}}{C_j} is the mean of the distances between the pair of points {x} and {y}, where \eqn{x \in C_{i}, y \in C_{j}}{x in C_i, y in C_j}.
| ^
Flavors: r-devel-linux-x86_64-debian-clang, r-devel-linux-x86_64-debian-gcc, r-devel-linux-x86_64-fedora-clang, r-devel-linux-x86_64-fedora-gcc, r-devel-windows-x86_64, r-patched-linux-x86_64, r-release-linux-x86_64, r-release-macos-arm64, r-release-macos-x86_64, r-release-windows-x86_64, r-oldrel-macos-arm64, r-oldrel-macos-x86_64, r-oldrel-windows-x86_64
These binaries (installable software) and packages are in development.
They may not be fully stable and should be used with caution. We make no claims about them.
Health stats visible at Monitor.