Last updated on 2025-10-30 17:50:06 CET.
| Flavor | Version | Tinstall | Tcheck | Ttotal | Status | Flags |
|---|---|---|---|---|---|---|
| r-devel-linux-x86_64-debian-clang | 3.0.1 | 5.83 | 33.85 | 39.68 | NOTE | |
| r-devel-linux-x86_64-debian-gcc | 3.0.1 | 3.28 | 23.31 | 26.59 | NOTE | |
| r-devel-linux-x86_64-fedora-clang | 3.0.1 | 10.00 | 49.88 | 59.88 | NOTE | |
| r-devel-linux-x86_64-fedora-gcc | 3.0.1 | 21.00 | 38.86 | 59.86 | NOTE | |
| r-devel-windows-x86_64 | 3.0.1 | 5.00 | 42.00 | 47.00 | NOTE | |
| r-patched-linux-x86_64 | 3.0.1 | 4.40 | 30.93 | 35.33 | NOTE | |
| r-release-linux-x86_64 | 3.0.1 | 5.66 | 31.00 | 36.66 | NOTE | |
| r-release-macos-arm64 | 3.0.1 | 2.00 | 17.00 | 19.00 | NOTE | |
| r-release-macos-x86_64 | 3.0.1 | 4.00 | 29.00 | 33.00 | NOTE | |
| r-release-windows-x86_64 | 3.0.1 | 5.00 | 45.00 | 50.00 | NOTE | |
| r-oldrel-macos-arm64 | 3.0.1 | 2.00 | 20.00 | 22.00 | NOTE | |
| r-oldrel-macos-x86_64 | 3.0.1 | 4.00 | 24.00 | 28.00 | NOTE | |
| r-oldrel-windows-x86_64 | 3.0.1 | 5.00 | 44.00 | 49.00 | NOTE |
Version: 3.0.1
Check: CRAN incoming feasibility
Result: NOTE
Maintainer: ‘Malika Charrad <malika.charrad.1@ulaval.ca>’
No Authors@R field in DESCRIPTION.
Please add one, modifying
Authors@R: c(person(given = "Malika",
family = "Charrad",
role = c("aut", "cre"),
email = "malika.charrad.1@ulaval.ca"),
person(given = "Nadia",
family = "Ghazzali",
role = "aut"),
person(given = "Veronique",
family = "Boiteau",
role = "aut"),
person(given = "Azam",
family = "Niknafs",
role = "aut"))
as necessary.
Package CITATION file contains call(s) to old-style personList() or
as.personList(). Please use c() on person objects instead.
Package CITATION file contains call(s) to old-style citEntry(). Please
use bibentry() instead.
Flavors: r-devel-linux-x86_64-debian-clang, r-devel-linux-x86_64-debian-gcc
Version: 3.0.1
Check: Rd files
Result: NOTE
checkRd: (-1) NbClust.Rd:50: Lost braces; missing escapes or markup?
50 | \item \bold{Average} : The distance \eqn{D_{ij}}{D_ij} between two clusters \eqn{C_{i}}{C_i} and \eqn{C_{j}}{C_j} is the mean of the distances between the pair of points {x} and {y}, where \eqn{x \in C_{i}, y \in C_{j}}{x in C_i, y in C_j}.
| ^
checkRd: (-1) NbClust.Rd:50: Lost braces; missing escapes or markup?
50 | \item \bold{Average} : The distance \eqn{D_{ij}}{D_ij} between two clusters \eqn{C_{i}}{C_i} and \eqn{C_{j}}{C_j} is the mean of the distances between the pair of points {x} and {y}, where \eqn{x \in C_{i}, y \in C_{j}}{x in C_i, y in C_j}.
| ^
checkRd: (-1) NbClust.Rd:75-138: Only 2 columns allowed in this table (row 3 has 1)
checkRd: (-1) NbClust.Rd:75-138: Only 2 columns allowed in this table (row 5 has 1)
checkRd: (-1) NbClust.Rd:75-138: Only 2 columns allowed in this table (row 9 has 1)
checkRd: (-1) NbClust.Rd:75-138: Only 2 columns allowed in this table (row 23 has 1)
checkRd: (-1) NbClust.Rd:75-138: Only 2 columns allowed in this table (row 25 has 1)
checkRd: (-1) NbClust.Rd:75-138: Only 2 columns allowed in this table (row 27 has 1)
checkRd: (-1) NbClust.Rd:75-138: Only 2 columns allowed in this table (row 29 has 1)
checkRd: (-1) NbClust.Rd:75-138: Only 2 columns allowed in this table (row 31 has 1)
checkRd: (-1) NbClust.Rd:75-138: Only 2 columns allowed in this table (row 33 has 1)
checkRd: (-1) NbClust.Rd:75-138: Only 2 columns allowed in this table (row 35 has 1)
checkRd: (-1) NbClust.Rd:75-138: Only 2 columns allowed in this table (row 39 has 1)
checkRd: (-1) NbClust.Rd:75-138: Only 2 columns allowed in this table (row 41 has 1)
checkRd: (-1) NbClust.Rd:75-138: Only 2 columns allowed in this table (row 43 has 1)
checkRd: (-1) NbClust.Rd:75-138: Only 2 columns allowed in this table (row 45 has 1)
checkRd: (-1) NbClust.Rd:75-138: Only 2 columns allowed in this table (row 47 has 1)
checkRd: (-1) NbClust.Rd:75-138: Only 2 columns allowed in this table (row 49 has 1)
checkRd: (-1) NbClust.Rd:75-138: Only 2 columns allowed in this table (row 51 has 1)
checkRd: (-1) NbClust.Rd:75-138: Only 2 columns allowed in this table (row 53 has 1)
checkRd: (-1) NbClust.Rd:75-138: Only 2 columns allowed in this table (row 55 has 1)
checkRd: (-1) NbClust.Rd:75-138: Only 2 columns allowed in this table (row 57 has 1)
checkRd: (-1) NbClust.Rd:75-138: Only 2 columns allowed in this table (row 59 has 1)
checkRd: (-1) NbClust.Rd:75-138: Only 2 columns allowed in this table (row 61 has 1)
Flavors: r-devel-linux-x86_64-debian-clang, r-devel-linux-x86_64-debian-gcc, r-devel-linux-x86_64-fedora-clang, r-devel-linux-x86_64-fedora-gcc
Version: 3.0.1
Check: Rd files
Result: NOTE
checkRd: (-1) NbClust.Rd:50: Lost braces; missing escapes or markup?
50 | \item \bold{Average} : The distance \eqn{D_{ij}}{D_ij} between two clusters \eqn{C_{i}}{C_i} and \eqn{C_{j}}{C_j} is the mean of the distances between the pair of points {x} and {y}, where \eqn{x \in C_{i}, y \in C_{j}}{x in C_i, y in C_j}.
| ^
checkRd: (-1) NbClust.Rd:50: Lost braces; missing escapes or markup?
50 | \item \bold{Average} : The distance \eqn{D_{ij}}{D_ij} between two clusters \eqn{C_{i}}{C_i} and \eqn{C_{j}}{C_j} is the mean of the distances between the pair of points {x} and {y}, where \eqn{x \in C_{i}, y \in C_{j}}{x in C_i, y in C_j}.
| ^
Flavors: r-devel-windows-x86_64, r-patched-linux-x86_64, r-release-linux-x86_64, r-release-macos-arm64, r-release-macos-x86_64, r-release-windows-x86_64, r-oldrel-macos-arm64, r-oldrel-macos-x86_64, r-oldrel-windows-x86_64
These binaries (installable software) and packages are in development.
They may not be fully stable and should be used with caution. We make no claims about them.
Health stats visible at Monitor.