Last updated on 2025-10-30 19:53:31 CET.
| Flavor | Version | Tinstall | Tcheck | Ttotal | Status | Flags | 
|---|---|---|---|---|---|---|
| r-devel-linux-x86_64-debian-clang | 0.5 | 34.05 | 70.93 | 104.98 | NOTE | |
| r-devel-linux-x86_64-debian-gcc | 0.5 | 24.72 | 50.58 | 75.30 | NOTE | |
| r-devel-linux-x86_64-fedora-clang | 0.5 | 97.00 | 91.94 | 188.94 | NOTE | |
| r-devel-linux-x86_64-fedora-gcc | 0.5 | 73.00 | 90.87 | 163.87 | NOTE | |
| r-devel-windows-x86_64 | 0.5 | 41.00 | 98.00 | 139.00 | NOTE | |
| r-patched-linux-x86_64 | 0.5 | 34.98 | 66.79 | 101.77 | NOTE | |
| r-release-linux-x86_64 | 0.5 | 35.00 | 66.68 | 101.68 | NOTE | |
| r-release-macos-arm64 | 0.5 | 15.00 | 30.00 | 45.00 | NOTE | |
| r-release-macos-x86_64 | 0.5 | 20.00 | 50.00 | 70.00 | NOTE | |
| r-release-windows-x86_64 | 0.5 | 48.00 | 100.00 | 148.00 | NOTE | |
| r-oldrel-macos-arm64 | 0.5 | 15.00 | 31.00 | 46.00 | NOTE | |
| r-oldrel-macos-x86_64 | 0.5 | 17.00 | 41.00 | 58.00 | NOTE | |
| r-oldrel-windows-x86_64 | 0.5 | 52.00 | 122.00 | 174.00 | NOTE | 
Version: 0.5
Check: CRAN incoming feasibility
Result: NOTE
  Maintainer: ‘Jingchen Hu <jingchen.monika.hu@gmail.com>’
  
  No Authors@R field in DESCRIPTION.
  Please add one, modifying
    Authors@R: c(person(given = "Quanli",
                        family = "Wang",
                        role = "aut"),
                 person(given = "Daniel",
                        family = "Manrique-Vallier",
                        role = "aut"),
                 person(given = c("Jerome", "P."),
                        family = "Reiter",
                        role = "aut"),
                 person(given = "Jingchen",
                        family = "Hu",
                        role = c("aut", "cre"),
                        email = "jingchen.monika.hu@gmail.com"))
  as necessary.
Flavors: r-devel-linux-x86_64-debian-clang, r-devel-linux-x86_64-debian-gcc
Version: 0.5
Check: Rd files
Result: NOTE
  checkRd: (-1) Lcm.Rd:75: Lost braces
      75 |     \item{\code{GetTrace()}:}{retrieve all traced iterations. Returns a list with all the parameters set using the method SetTrace(). See description of snapshot{reference} method for a description of the parameters.  }
         |                                                                                                                                                                  ^
Flavors: r-devel-linux-x86_64-debian-clang, r-devel-linux-x86_64-debian-gcc, r-devel-linux-x86_64-fedora-clang, r-devel-linux-x86_64-fedora-gcc, r-devel-windows-x86_64, r-patched-linux-x86_64, r-release-linux-x86_64, r-release-macos-arm64, r-release-macos-x86_64, r-release-windows-x86_64, r-oldrel-macos-arm64, r-oldrel-macos-x86_64, r-oldrel-windows-x86_64
Version: 0.5
Check: Rd cross-references
Result: NOTE
  Found the following Rd file(s) with Rd \link{} targets missing package
  anchors:
    Lcm.Rd: C++Object-class
  Please provide package anchors for all Rd \link{} targets not in the
  package itself and the base packages.
Flavors: r-devel-linux-x86_64-debian-clang, r-devel-linux-x86_64-debian-gcc, r-devel-windows-x86_64, r-patched-linux-x86_64, r-release-linux-x86_64, r-release-windows-x86_64
Version: 0.5
Check: for unstated dependencies in ‘demo’
Result: NOTE
  'library' or 'require' call not declared from: ‘coda’
Flavors: r-devel-linux-x86_64-debian-clang, r-devel-linux-x86_64-debian-gcc, r-patched-linux-x86_64, r-release-linux-x86_64
These binaries (installable software) and packages are in development.
They may not be fully stable and should be used with caution. We make no claims about them.
Health stats visible at Monitor.