Last updated on 2024-05-02 11:51:28 CEST.
Flavor | Version | Tinstall | Tcheck | Ttotal | Status | Flags |
---|---|---|---|---|---|---|
r-devel-linux-x86_64-debian-clang | 1.0.1 | 13.94 | 138.99 | 152.93 | NOTE | |
r-devel-linux-x86_64-debian-gcc | 1.0.1 | 10.64 | 102.40 | 113.04 | NOTE | |
r-devel-linux-x86_64-fedora-clang | 1.0.1 | 186.33 | NOTE | |||
r-devel-linux-x86_64-fedora-gcc | 1.0.1 | 190.14 | NOTE | |||
r-devel-windows-x86_64 | 1.0.1 | 19.00 | 275.00 | 294.00 | NOTE | |
r-patched-linux-x86_64 | 1.0.1 | 31.11 | 133.62 | 164.73 | NOTE | |
r-release-linux-x86_64 | 1.0.1 | 11.80 | 133.67 | 145.47 | NOTE | |
r-release-macos-arm64 | 1.0.1 | 52.00 | NOTE | |||
r-release-windows-x86_64 | 1.0.1 | 17.00 | 276.00 | 293.00 | NOTE | |
r-oldrel-macos-arm64 | 1.0.1 | 49.00 | NOTE | |||
r-oldrel-macos-x86_64 | 1.0.1 | 95.00 | NOTE | |||
r-oldrel-windows-x86_64 | 1.0.1 | 19.00 | 318.00 | 337.00 | NOTE |
Version: 1.0.1
Check: DESCRIPTION meta-information
Result: NOTE
Malformed Description field: should contain one or more complete sentences.
Flavors: r-devel-linux-x86_64-debian-clang, r-devel-linux-x86_64-debian-gcc, r-devel-linux-x86_64-fedora-clang, r-devel-linux-x86_64-fedora-gcc, r-devel-windows-x86_64, r-patched-linux-x86_64, r-release-linux-x86_64, r-release-macos-arm64, r-release-windows-x86_64, r-oldrel-macos-arm64, r-oldrel-macos-x86_64, r-oldrel-windows-x86_64
Version: 1.0.1
Check: data for non-ASCII characters
Result: NOTE
Note: found 170 marked UTF-8 strings
Flavors: r-devel-linux-x86_64-fedora-clang, r-devel-linux-x86_64-fedora-gcc
These binaries (installable software) and packages are in development.
They may not be fully stable and should be used with caution. We make no claims about them.
Health stats visible at Monitor.