Last updated on 2025-02-23 15:49:51 CET.
Flavor | Version | Tinstall | Tcheck | Ttotal | Status | Flags |
---|---|---|---|---|---|---|
r-devel-linux-x86_64-debian-clang | 2.1.0 | 2.69 | 19.97 | 22.66 | NOTE | |
r-devel-linux-x86_64-debian-gcc | 2.1.0 | 1.94 | 16.50 | 18.44 | NOTE | |
r-devel-linux-x86_64-fedora-clang | 2.1.0 | 36.51 | NOTE | |||
r-devel-linux-x86_64-fedora-gcc | 2.1.0 | 35.06 | NOTE | |||
r-devel-macos-arm64 | 2.1.0 | 18.00 | NOTE | |||
r-devel-macos-x86_64 | 2.1.0 | 28.00 | NOTE | |||
r-devel-windows-x86_64 | 2.1.0 | 4.00 | 41.00 | 45.00 | NOTE | |
r-patched-linux-x86_64 | 2.1.0 | 2.65 | 19.05 | 21.70 | NOTE | |
r-release-linux-x86_64 | 2.1.0 | 2.52 | 19.29 | 21.81 | NOTE | |
r-release-macos-arm64 | 2.1.0 | 17.00 | NOTE | |||
r-release-macos-x86_64 | 2.1.0 | 27.00 | NOTE | |||
r-release-windows-x86_64 | 2.1.0 | 4.00 | 42.00 | 46.00 | NOTE | |
r-oldrel-macos-arm64 | 2.1.0 | 17.00 | OK | |||
r-oldrel-macos-x86_64 | 2.1.0 | 23.00 | OK | |||
r-oldrel-windows-x86_64 | 2.1.0 | 4.00 | 44.00 | 48.00 | OK |
Version: 2.1.0
Check: Rd files
Result: NOTE
checkRd: (-1) NHANES.Rd:278: Lost braces
278 | \code{AgeFirstMarij}{Age participant first tried marijuana. Reported for participants aged 18 to 59 years.}
| ^
Flavors: r-devel-linux-x86_64-debian-clang, r-devel-linux-x86_64-debian-gcc, r-devel-linux-x86_64-fedora-clang, r-devel-linux-x86_64-fedora-gcc, r-devel-macos-arm64, r-devel-macos-x86_64, r-devel-windows-x86_64, r-patched-linux-x86_64, r-release-linux-x86_64, r-release-macos-arm64, r-release-macos-x86_64, r-release-windows-x86_64
These binaries (installable software) and packages are in development.
They may not be fully stable and should be used with caution. We make no claims about them.
Health stats visible at Monitor.