Last updated on 2025-10-30 19:53:30 CET.
| Flavor | Version | Tinstall | Tcheck | Ttotal | Status | Flags | 
|---|---|---|---|---|---|---|
| r-devel-linux-x86_64-debian-clang | 0.1.0 | 20.40 | 65.74 | 86.14 | NOTE | |
| r-devel-linux-x86_64-debian-gcc | 0.1.0 | 16.38 | 45.47 | 61.85 | NOTE | |
| r-devel-linux-x86_64-fedora-clang | 0.1.0 | 49.00 | 95.18 | 144.18 | NOTE | |
| r-devel-linux-x86_64-fedora-gcc | 0.1.0 | 53.00 | 97.85 | 150.85 | NOTE | |
| r-devel-windows-x86_64 | 0.1.0 | 27.00 | 93.00 | 120.00 | OK | |
| r-patched-linux-x86_64 | 0.1.0 | 22.93 | 62.09 | 85.02 | OK | |
| r-release-linux-x86_64 | 0.1.0 | 23.69 | 61.10 | 84.79 | OK | |
| r-release-macos-arm64 | 0.1.0 | 10.00 | 40.00 | 50.00 | OK | |
| r-release-macos-x86_64 | 0.1.0 | 15.00 | 74.00 | 89.00 | OK | |
| r-release-windows-x86_64 | 0.1.0 | 26.00 | 96.00 | 122.00 | OK | |
| r-oldrel-macos-arm64 | 0.1.0 | 10.00 | 36.00 | 46.00 | NOTE | |
| r-oldrel-macos-x86_64 | 0.1.0 | 13.00 | 55.00 | 68.00 | NOTE | |
| r-oldrel-windows-x86_64 | 0.1.0 | 32.00 | 118.00 | 150.00 | OK | 
Version: 0.1.0
Check: CRAN incoming feasibility
Result: NOTE
  Maintainer: ‘Sebastian J. Teran Hidalgo <sebastianteranhidalgo@gmail.com>’
  
  No Authors@R field in DESCRIPTION.
  Please add one, modifying
    Authors@R: c(person(given = c("Sebastian", "J.", "Teran"),
                        family = "Hidalgo",
                        role = c("aut", "cre"),
                        email = "sebastianteranhidalgo@gmail.com"),
                 person(given = "Shuangge",
                        family = "Ma",
                        role = "aut"),
                 person(given = "Ruofan",
                        family = "Bie",
                        role = "aut"))
  as necessary.
  
  Found the following (possibly) invalid file URIs:
    URI: sebastianteranhidalgo@gmail.com
      From: man/ancut.Rd
    URI: sebastianteranhidalgo@gmail.com
      From: man/awncut.Rd
    URI: sebastianteranhidalgo@gmail.com
      From: man/ncut.Rd
    URI: commits/master
      From: README.md
    URI: /commits/master
      From: README.md
Flavors: r-devel-linux-x86_64-debian-clang, r-devel-linux-x86_64-debian-gcc
Version: 0.1.0
Check: dependencies in R code
Result: NOTE
  Namespaces in Imports field not imported from:
    ‘MASS’ ‘fields’ ‘mvtnorm’
    All declared Imports should be used.
Flavors: r-devel-linux-x86_64-fedora-clang, r-devel-linux-x86_64-fedora-gcc
Version: 0.1.0
Check: installed package size
Result: NOTE
    installed size is  6.8Mb
    sub-directories of 1Mb or more:
      data   1.5Mb
      libs   4.4Mb
Flavors: r-oldrel-macos-arm64, r-oldrel-macos-x86_64
These binaries (installable software) and packages are in development.
They may not be fully stable and should be used with caution. We make no claims about them.
Health stats visible at Monitor.