CRAN Package Check Results for Package NCSampling

Last updated on 2025-10-30 15:50:18 CET.

Flavor Version Tinstall Tcheck Ttotal Status Flags
r-devel-linux-x86_64-debian-clang 1.0 2.89 26.36 29.25 NOTE
r-devel-linux-x86_64-debian-gcc 1.0 2.21 21.12 23.33 NOTE
r-devel-linux-x86_64-fedora-clang 1.0 46.34 NOTE
r-devel-linux-x86_64-fedora-gcc 1.0 16.00 29.12 45.12 NOTE
r-devel-windows-x86_64 1.0 4.00 44.00 48.00 OK
r-patched-linux-x86_64 1.0 2.94 25.13 28.07 OK
r-release-linux-x86_64 1.0 3.02 25.13 28.15 OK
r-release-macos-arm64 1.0 2.00 21.00 23.00 OK
r-release-macos-x86_64 1.0 3.00 34.00 37.00 OK
r-release-windows-x86_64 1.0 4.00 48.00 52.00 OK
r-oldrel-macos-arm64 1.0 2.00 15.00 17.00 OK
r-oldrel-macos-x86_64 1.0 5.00 38.00 43.00 OK
r-oldrel-windows-x86_64 1.0 4.00 52.00 56.00 OK

Check Details

Version: 1.0
Check: CRAN incoming feasibility
Result: NOTE Maintainer: ‘Gavin Melville <gavin.melville@dpi.nsw.gov.au>’ No Authors@R field in DESCRIPTION. Please add one, modifying Authors@R: c(person(given = "GJ", family = "Melville", role = "aut"), person(given = "Gavin", family = "Melville", role = "cre", email = "gavin.melville@dpi.nsw.gov.au")) as necessary. Flavors: r-devel-linux-x86_64-debian-clang, r-devel-linux-x86_64-debian-gcc

Version: 1.0
Check: Rd files
Result: NOTE checkRd: (-1) NC_functions-package.Rd:12-29: Only 2 columns allowed in this table (row 1 has 1) checkRd: (-1) NC_functions-package.Rd:12-29: Only 2 columns allowed in this table (row 2 has 1) checkRd: (-1) NC_functions-package.Rd:12-29: Only 2 columns allowed in this table (row 3 has 1) checkRd: (-1) NC_functions-package.Rd:12-29: Only 2 columns allowed in this table (row 4 has 1) checkRd: (-1) NC_functions-package.Rd:12-29: Only 2 columns allowed in this table (row 5 has 1) checkRd: (-1) NC_functions-package.Rd:12-29: Only 2 columns allowed in this table (row 6 has 1) checkRd: (-1) NC_functions-package.Rd:12-29: Only 2 columns allowed in this table (row 7 has 1) checkRd: (-1) NC_functions-package.Rd:12-29: Only 2 columns allowed in this table (row 8 has 1) checkRd: (-1) NC_functions-package.Rd:12-29: Only 2 columns allowed in this table (row 9 has 1) checkRd: (-1) NC_functions-package.Rd:12-29: Only 2 columns allowed in this table (row 10 has 1) checkRd: (-1) NC_functions-package.Rd:12-29: Only 2 columns allowed in this table (row 11 has 1) checkRd: (-1) NC_functions-package.Rd:12-29: Only 2 columns allowed in this table (row 12 has 1) checkRd: (-1) NC_functions-package.Rd:12-29: Only 2 columns allowed in this table (row 13 has 1) checkRd: (-1) NC_functions-package.Rd:12-29: Only 2 columns allowed in this table (row 14 has 1) Flavors: r-devel-linux-x86_64-debian-clang, r-devel-linux-x86_64-debian-gcc, r-devel-linux-x86_64-fedora-clang, r-devel-linux-x86_64-fedora-gcc

These binaries (installable software) and packages are in development.
They may not be fully stable and should be used with caution. We make no claims about them.
Health stats visible at Monitor.