Last updated on 2025-02-23 19:51:13 CET.
Flavor | Version | Tinstall | Tcheck | Ttotal | Status | Flags |
---|---|---|---|---|---|---|
r-devel-linux-x86_64-debian-clang | 1.6-1.1 | 11.24 | 76.95 | 88.19 | NOTE | |
r-devel-linux-x86_64-debian-gcc | 1.6-1.1 | 7.86 | 54.91 | 62.77 | NOTE | |
r-devel-linux-x86_64-fedora-clang | 1.6-1.1 | 140.02 | OK | |||
r-devel-linux-x86_64-fedora-gcc | 1.6-1.1 | 133.96 | OK | |||
r-devel-macos-arm64 | 1.6-1.1 | 46.00 | OK | |||
r-devel-macos-x86_64 | 1.6-1.1 | 87.00 | OK | |||
r-devel-windows-x86_64 | 1.6-1.1 | 12.00 | 112.00 | 124.00 | NOTE | |
r-patched-linux-x86_64 | 1.6-1.1 | 10.27 | 71.86 | 82.13 | OK | |
r-release-linux-x86_64 | 1.6-1.1 | 11.48 | 72.47 | 83.95 | OK | |
r-release-macos-arm64 | 1.6-1.1 | 42.00 | OK | |||
r-release-macos-x86_64 | 1.6-1.1 | 82.00 | OK | |||
r-release-windows-x86_64 | 1.6-1.1 | 13.00 | 101.00 | 114.00 | OK | |
r-oldrel-macos-arm64 | 1.6-1.1 | 43.00 | OK | |||
r-oldrel-macos-x86_64 | 1.6-1.1 | 76.00 | OK | |||
r-oldrel-windows-x86_64 | 1.6-1.1 | 14.00 | 118.00 | 132.00 | OK |
Version: 1.6-1.1
Check: Rd cross-references
Result: NOTE
Found the following Rd file(s) with Rd \link{} targets missing package
anchors:
cendiff.Rd: survdiff
cenfit.Rd: survfit
cenmle-class.Rd: survreg
cenmle-gaussian-class.Rd: survreg
cenmle-lognormal-class.Rd: survreg
cenreg-class.Rd: survreg
cenreg-gaussian-class.Rd: survreg
cenreg-lognormal-class.Rd: survreg
Please provide package anchors for all Rd \link{} targets not in the
package itself and the base packages.
Flavors: r-devel-linux-x86_64-debian-clang, r-devel-linux-x86_64-debian-gcc, r-devel-windows-x86_64
These binaries (installable software) and packages are in development.
They may not be fully stable and should be used with caution. We make no claims about them.
Health stats visible at Monitor.