Last updated on 2025-05-17 15:50:49 CEST.
Flavor | Version | Tinstall | Tcheck | Ttotal | Status | Flags |
---|---|---|---|---|---|---|
r-devel-linux-x86_64-debian-clang | 0.1.0 | 2.21 | 21.02 | 23.23 | NOTE | |
r-devel-linux-x86_64-debian-gcc | 0.1.0 | 1.70 | 16.56 | 18.26 | NOTE | |
r-devel-linux-x86_64-fedora-clang | 0.1.0 | 37.23 | OK | |||
r-devel-linux-x86_64-fedora-gcc | 0.1.0 | 34.33 | OK | |||
r-devel-windows-x86_64 | 0.1.0 | 4.00 | 42.00 | 46.00 | OK | |
r-patched-linux-x86_64 | 0.1.0 | 2.12 | 20.06 | 22.18 | OK | |
r-release-linux-x86_64 | 0.1.0 | 1.51 | 20.04 | 21.55 | OK | |
r-release-macos-arm64 | 0.1.0 | 16.00 | OK | |||
r-release-macos-x86_64 | 0.1.0 | 28.00 | OK | |||
r-release-windows-x86_64 | 0.1.0 | 3.00 | 43.00 | 46.00 | OK | |
r-oldrel-macos-arm64 | 0.1.0 | 16.00 | OK | |||
r-oldrel-macos-x86_64 | 0.1.0 | 22.00 | OK | |||
r-oldrel-windows-x86_64 | 0.1.0 | 4.00 | 46.00 | 50.00 | OK |
Version: 0.1.0
Check: CRAN incoming feasibility
Result: NOTE
Maintainer: ‘Yaofang Hu <yaofangh@smu.edu>’
The Description field contains
Wang (2023) <arXiv:2306.15616>. In addition to NAC, this package
Please refer to arXiv e-prints via their arXiv DOI <doi:10.48550/arXiv.YYMM.NNNNN>.
Flavors: r-devel-linux-x86_64-debian-clang, r-devel-linux-x86_64-debian-gcc
These binaries (installable software) and packages are in development.
They may not be fully stable and should be used with caution. We make no claims about them.
Health stats visible at Monitor.