Last updated on 2025-05-01 01:49:38 CEST.
Flavor | Version | Tinstall | Tcheck | Ttotal | Status | Flags |
---|---|---|---|---|---|---|
r-devel-linux-x86_64-debian-clang | 1.1.5 | 14.31 | 24.03 | 38.34 | NOTE | |
r-devel-linux-x86_64-debian-gcc | 1.1.5 | 9.22 | 19.80 | 29.02 | NOTE | |
r-devel-linux-x86_64-fedora-clang | 1.1.5 | 63.27 | OK | |||
r-devel-linux-x86_64-fedora-gcc | 1.1.5 | 60.36 | OK | |||
r-devel-windows-x86_64 | 1.1.5 | 16.00 | 67.00 | 83.00 | OK | |
r-patched-linux-x86_64 | 1.1.5 | 12.87 | 22.79 | 35.66 | OK | |
r-release-linux-x86_64 | 1.1.5 | 12.48 | 22.86 | 35.34 | OK | |
r-release-macos-arm64 | 1.1.5 | 22.00 | OK | |||
r-release-macos-x86_64 | 1.1.5 | 36.00 | OK | |||
r-release-windows-x86_64 | 1.1.5 | 17.00 | 69.00 | 86.00 | OK | |
r-oldrel-macos-arm64 | 1.1.5 | 28.00 | OK | |||
r-oldrel-macos-x86_64 | 1.1.5 | 30.00 | OK | |||
r-oldrel-windows-x86_64 | 1.1.5 | 17.00 | 70.00 | 87.00 | OK |
Version: 1.1.5
Check: CRAN incoming feasibility
Result: NOTE
Maintainer: ‘Raziur Rahman <razeeebuet@gmail.com>’
No Authors@R field in DESCRIPTION.
Please add one, modifying
Authors@R: person(given = "Raziur",
family = "Rahman",
role = c("aut", "cre"),
email = "razeeebuet@gmail.com")
as necessary.
Flavors: r-devel-linux-x86_64-debian-clang, r-devel-linux-x86_64-debian-gcc
These binaries (installable software) and packages are in development.
They may not be fully stable and should be used with caution. We make no claims about them.
Health stats visible at Monitor.