Last updated on 2025-10-30 07:51:01 CET.
| Flavor | Version | Tinstall | Tcheck | Ttotal | Status | Flags |
|---|---|---|---|---|---|---|
| r-devel-linux-x86_64-debian-clang | 0.9.13 | 18.67 | 131.64 | 150.31 | NOTE | |
| r-devel-linux-x86_64-debian-gcc | 0.9.13 | 12.42 | 94.04 | 106.46 | NOTE | |
| r-devel-linux-x86_64-fedora-clang | 0.9.13 | 39.00 | 183.35 | 222.35 | NOTE | |
| r-devel-linux-x86_64-fedora-gcc | 0.9.13 | 78.00 | 161.71 | 239.71 | NOTE | |
| r-devel-windows-x86_64 | 0.9.13 | 20.00 | 136.00 | 156.00 | OK | |
| r-patched-linux-x86_64 | 0.9.13 | 18.42 | 125.01 | 143.43 | OK | |
| r-release-linux-x86_64 | 0.9.13 | 16.11 | 122.89 | 139.00 | OK | |
| r-release-macos-arm64 | 0.9.13 | 9.00 | 50.00 | 59.00 | OK | |
| r-release-macos-x86_64 | 0.9.13 | 12.00 | 120.00 | 132.00 | OK | |
| r-release-windows-x86_64 | 0.9.13 | 20.00 | 140.00 | 160.00 | OK | |
| r-oldrel-macos-arm64 | 0.9.13 | 6.00 | 45.00 | 51.00 | OK | |
| r-oldrel-macos-x86_64 | 0.9.13 | 11.00 | 75.00 | 86.00 | OK | |
| r-oldrel-windows-x86_64 | 0.9.13 | 26.00 | 172.00 | 198.00 | OK |
Version: 0.9.13
Check: Rd files
Result: NOTE
checkRd: (-1) ModTools-package.Rd:24-90: Only 2 columns allowed in this table (row 8 has 1)
checkRd: (-1) ModTools-package.Rd:24-90: Only 2 columns allowed in this table (row 9 has 1)
checkRd: (-1) ModTools-package.Rd:24-90: Only 2 columns allowed in this table (row 10 has 1)
checkRd: (-1) ModTools-package.Rd:24-90: Only 2 columns allowed in this table (row 24 has 1)
checkRd: (-1) ModTools-package.Rd:24-90: Only 2 columns allowed in this table (row 25 has 1)
checkRd: (-1) ModTools-package.Rd:24-90: Only 2 columns allowed in this table (row 26 has 1)
checkRd: (-1) ModTools-package.Rd:24-90: Only 2 columns allowed in this table (row 30 has 1)
checkRd: (-1) ModTools-package.Rd:24-90: Only 2 columns allowed in this table (row 31 has 1)
checkRd: (-1) ModTools-package.Rd:24-90: Only 2 columns allowed in this table (row 32 has 1)
checkRd: (-1) ModTools-package.Rd:24-90: Only 2 columns allowed in this table (row 38 has 1)
checkRd: (-1) ModTools-package.Rd:24-90: Only 2 columns allowed in this table (row 39 has 1)
checkRd: (-1) ModTools-package.Rd:24-90: Only 2 columns allowed in this table (row 40 has 1)
checkRd: (-1) ModTools-package.Rd:24-90: Only 2 columns allowed in this table (row 51 has 1)
checkRd: (-1) ModTools-package.Rd:24-90: Only 2 columns allowed in this table (row 52 has 1)
checkRd: (-1) ModTools-package.Rd:24-90: Only 2 columns allowed in this table (row 53 has 1)
checkRd: (-1) ModTools-package.Rd:24-90: Only 2 columns allowed in this table (row 56 has 1)
Flavors: r-devel-linux-x86_64-debian-clang, r-devel-linux-x86_64-debian-gcc, r-devel-linux-x86_64-fedora-clang, r-devel-linux-x86_64-fedora-gcc
These binaries (installable software) and packages are in development.
They may not be fully stable and should be used with caution. We make no claims about them.
Health stats visible at Monitor.