Last updated on 2025-02-02 07:50:18 CET.
Flavor | Version | Tinstall | Tcheck | Ttotal | Status | Flags |
---|---|---|---|---|---|---|
r-devel-linux-x86_64-debian-clang | 1.0 | 2.05 | 24.48 | 26.53 | NOTE | |
r-devel-linux-x86_64-debian-gcc | 1.0 | 1.65 | 18.80 | 20.45 | NOTE | |
r-devel-linux-x86_64-fedora-clang | 1.0 | 43.37 | NOTE | |||
r-devel-linux-x86_64-fedora-gcc | 1.0 | 40.46 | NOTE | |||
r-devel-windows-x86_64 | 1.0 | 3.00 | 54.00 | 57.00 | NOTE | |
r-patched-linux-x86_64 | 1.0 | 2.22 | 23.01 | 25.23 | NOTE | |
r-release-linux-x86_64 | 1.0 | 1.58 | 23.34 | 24.92 | NOTE | |
r-release-macos-arm64 | 1.0 | 17.00 | NOTE | |||
r-release-macos-x86_64 | 1.0 | 37.00 | NOTE | |||
r-release-windows-x86_64 | 1.0 | 3.00 | 46.00 | 49.00 | NOTE | |
r-oldrel-macos-arm64 | 1.0 | 17.00 | OK | |||
r-oldrel-macos-x86_64 | 1.0 | 22.00 | OK | |||
r-oldrel-windows-x86_64 | 1.0 | 3.00 | 46.00 | 49.00 | OK |
Version: 1.0
Check: Rd files
Result: NOTE
checkRd: (-1) MixSAL-package.Rd:19: Lost braces; missing escapes or markup?
19 | This package contains the function {msal} for carrying about model based clustering using mixtures of SAL distributions; the functions {rsal} and {rmsal} for generating data from a multivariate SAL or mixture of multivariate SAL distributions, and hte functions {dsal} and {dmsal} for evaluating the model based clustering and classification using the mixture of generalized hyperbolic factor analyzers;
| ^
checkRd: (-1) MixSAL-package.Rd:19: Lost braces; missing escapes or markup?
19 | This package contains the function {msal} for carrying about model based clustering using mixtures of SAL distributions; the functions {rsal} and {rmsal} for generating data from a multivariate SAL or mixture of multivariate SAL distributions, and hte functions {dsal} and {dmsal} for evaluating the model based clustering and classification using the mixture of generalized hyperbolic factor analyzers;
| ^
checkRd: (-1) MixSAL-package.Rd:19: Lost braces; missing escapes or markup?
19 | This package contains the function {msal} for carrying about model based clustering using mixtures of SAL distributions; the functions {rsal} and {rmsal} for generating data from a multivariate SAL or mixture of multivariate SAL distributions, and hte functions {dsal} and {dmsal} for evaluating the model based clustering and classification using the mixture of generalized hyperbolic factor analyzers;
| ^
checkRd: (-1) MixSAL-package.Rd:19: Lost braces; missing escapes or markup?
19 | This package contains the function {msal} for carrying about model based clustering using mixtures of SAL distributions; the functions {rsal} and {rmsal} for generating data from a multivariate SAL or mixture of multivariate SAL distributions, and hte functions {dsal} and {dmsal} for evaluating the model based clustering and classification using the mixture of generalized hyperbolic factor analyzers;
| ^
checkRd: (-1) MixSAL-package.Rd:19: Lost braces; missing escapes or markup?
19 | This package contains the function {msal} for carrying about model based clustering using mixtures of SAL distributions; the functions {rsal} and {rmsal} for generating data from a multivariate SAL or mixture of multivariate SAL distributions, and hte functions {dsal} and {dmsal} for evaluating the model based clustering and classification using the mixture of generalized hyperbolic factor analyzers;
| ^
checkRd: (-1) msal.Rd:45: Lost braces; missing escapes or markup?
45 | The {msal} function outputs a list with the following components:
| ^
Flavors: r-devel-linux-x86_64-debian-clang, r-devel-linux-x86_64-debian-gcc, r-devel-linux-x86_64-fedora-clang, r-devel-linux-x86_64-fedora-gcc, r-devel-windows-x86_64, r-patched-linux-x86_64, r-release-linux-x86_64, r-release-macos-arm64, r-release-macos-x86_64, r-release-windows-x86_64
These binaries (installable software) and packages are in development.
They may not be fully stable and should be used with caution. We make no claims about them.
Health stats visible at Monitor.