Last updated on 2025-02-23 19:51:12 CET.
Flavor | Version | Tinstall | Tcheck | Ttotal | Status | Flags |
---|---|---|---|---|---|---|
r-devel-linux-x86_64-debian-clang | 2.1.6 | 21.61 | 161.23 | 182.84 | ERROR | |
r-devel-linux-x86_64-debian-gcc | 2.1.6 | 14.19 | 265.97 | 280.16 | OK | |
r-devel-linux-x86_64-fedora-clang | 2.1.6 | 549.29 | OK | |||
r-devel-linux-x86_64-fedora-gcc | 2.1.6 | 554.74 | OK | |||
r-devel-macos-arm64 | 2.1.6 | 82.00 | ERROR | |||
r-devel-macos-x86_64 | 2.1.6 | 182.00 | ERROR | |||
r-devel-windows-x86_64 | 2.1.6 | 21.00 | 579.00 | 600.00 | OK | |
r-patched-linux-x86_64 | 2.1.6 | 18.72 | 304.88 | 323.60 | OK | |
r-release-linux-x86_64 | 2.1.6 | 19.82 | 308.37 | 328.19 | OK | |
r-release-macos-arm64 | 2.1.6 | 86.00 | ERROR | |||
r-release-macos-x86_64 | 2.1.6 | 154.00 | ERROR | |||
r-release-windows-x86_64 | 2.1.6 | 19.00 | 575.00 | 594.00 | OK | |
r-oldrel-macos-arm64 | 2.1.6 | 93.00 | ERROR | |||
r-oldrel-macos-x86_64 | 2.1.6 | 156.00 | ERROR | |||
r-oldrel-windows-x86_64 | 2.1.6 | 28.00 | 651.00 | 679.00 | NOTE |
Version: 2.1.6
Check: examples
Result: ERROR
Running examples in ‘MicroSEC-Ex.R’ failed
The error most likely occurred in:
> base::assign(".ptime", proc.time(), pos = "CheckExEnv")
> ### Name: fun_load_genome
> ### Title: Genome loading function.
> ### Aliases: fun_load_genome
>
> ### ** Examples
>
> fun_load_genome("Human")
Error: Install BSgenome.Hsapiens.UCSC.hg38 package.
Execution halted
Flavor: r-devel-linux-x86_64-debian-clang
Version: 2.1.6
Check: re-building of vignette outputs
Result: ERROR
Error(s) in re-building vignettes:
...
--- re-building ‘my-vignette.Rmd’ using rmarkdown
Quitting from lines 125-195 [analysis] (my-vignette.Rmd)
Error: processing vignette 'my-vignette.Rmd' failed with diagnostics:
there is no package called 'BSgenome.Hsapiens.UCSC.hg38'
--- failed re-building ‘my-vignette.Rmd’
SUMMARY: processing the following file failed:
‘my-vignette.Rmd’
Execution halted
Flavor: r-devel-linux-x86_64-debian-clang
Version: 2.1.6
Check: examples
Result: ERROR
Running examples in ‘MicroSEC-Ex.R’ failed
The error most likely occurred in:
> ### Name: fun_load_genome
> ### Title: Genome loading function.
> ### Aliases: fun_load_genome
>
> ### ** Examples
>
> fun_load_genome("Human")
Error: Install BSgenome.Hsapiens.UCSC.hg38 package.
Execution halted
Flavors: r-devel-macos-arm64, r-devel-macos-x86_64, r-release-macos-arm64, r-release-macos-x86_64, r-oldrel-macos-arm64, r-oldrel-macos-x86_64
Version: 2.1.6
Check: re-building of vignette outputs
Result: ERROR
Error(s) in re-building vignettes:
--- re-building ‘my-vignette.Rmd’ using rmarkdown
Quitting from lines 125-195 [analysis] (my-vignette.Rmd)
Error: processing vignette 'my-vignette.Rmd' failed with diagnostics:
there is no package called 'BSgenome.Hsapiens.UCSC.hg38'
--- failed re-building ‘my-vignette.Rmd’
SUMMARY: processing the following file failed:
‘my-vignette.Rmd’
Execution halted
Flavors: r-devel-macos-arm64, r-devel-macos-x86_64, r-release-macos-arm64, r-release-macos-x86_64, r-oldrel-macos-arm64, r-oldrel-macos-x86_64
Version: 2.1.6
Check: package dependencies
Result: NOTE
Packages suggested but not available for checking:
'BSgenome.Hsapiens.UCSC.hg38', 'BSgenome.Hsapiens.UCSC.hg19',
'BSgenome.Mmusculus.UCSC.mm10'
Flavors: r-release-macos-arm64, r-release-macos-x86_64, r-oldrel-macos-arm64, r-oldrel-macos-x86_64
Version: 2.1.6
Check: package dependencies
Result: NOTE
Package suggested but not available for checking: 'BSgenome.Mmusculus.UCSC.mm10'
Flavor: r-oldrel-windows-x86_64
These binaries (installable software) and packages are in development.
They may not be fully stable and should be used with caution. We make no claims about them.
Health stats visible at Monitor.