CRAN Package Check Results for Package MicroMacroMultilevel

Last updated on 2025-05-15 13:51:05 CEST.

Flavor Version Tinstall Tcheck Ttotal Status Flags
r-devel-linux-x86_64-debian-clang 0.4.0 1.88 23.02 24.90 NOTE
r-devel-linux-x86_64-debian-gcc 0.4.0 1.35 17.47 18.82 NOTE
r-devel-linux-x86_64-fedora-clang 0.4.0 40.92 OK
r-devel-linux-x86_64-fedora-gcc 0.4.0 38.02 OK
r-devel-windows-x86_64 0.4.0 2.00 45.00 47.00 OK
r-patched-linux-x86_64 0.4.0 1.99 21.26 23.25 OK
r-release-linux-x86_64 0.4.0 1.67 21.38 23.05 OK
r-release-macos-arm64 0.4.0 20.00 OK
r-release-macos-x86_64 0.4.0 27.00 OK
r-release-windows-x86_64 0.4.0 3.00 46.00 49.00 OK
r-oldrel-macos-arm64 0.4.0 15.00 NOTE
r-oldrel-macos-x86_64 0.4.0 28.00 NOTE
r-oldrel-windows-x86_64 0.4.0 3.00 51.00 54.00 NOTE

Check Details

Version: 0.4.0
Check: CRAN incoming feasibility
Result: NOTE Maintainer: ‘Nancy R Xu <nancyranxu@gmail.com>’ Found the following \keyword or \concept entries which likely give several index terms: File ‘adjusted.predictors.Rd’: \keyword{micro-macro,} \keyword{modeling,} File ‘micromacro.lm.Rd’: \keyword{micro-macro,} \keyword{modeling,} \keyword{variables,} File ‘micromacro.summary.Rd’: \keyword{micro-macro,} \keyword{modeling,} Flavors: r-devel-linux-x86_64-debian-clang, r-devel-linux-x86_64-debian-gcc

Version: 0.4.0
Check: LazyData
Result: NOTE 'LazyData' is specified without a 'data' directory Flavors: r-oldrel-macos-arm64, r-oldrel-macos-x86_64, r-oldrel-windows-x86_64

These binaries (installable software) and packages are in development.
They may not be fully stable and should be used with caution. We make no claims about them.
Health stats visible at Monitor.