Last updated on 2024-05-02 11:51:27 CEST.
Flavor | Version | Tinstall | Tcheck | Ttotal | Status | Flags |
---|---|---|---|---|---|---|
r-devel-linux-x86_64-debian-clang | 1.1.4 | 19.91 | 346.28 | 366.19 | OK | |
r-devel-linux-x86_64-debian-gcc | 1.1.4 | 20.01 | 266.65 | 286.66 | OK | |
r-devel-linux-x86_64-fedora-clang | 1.1.4 | 471.08 | OK | |||
r-devel-linux-x86_64-fedora-gcc | 1.1.4 | 480.90 | OK | |||
r-devel-windows-x86_64 | 1.1.4 | 21.00 | 283.00 | 304.00 | OK | |
r-patched-linux-x86_64 | 1.1.4 | 29.70 | 337.68 | 367.38 | OK | |
r-release-linux-x86_64 | 1.1.2 | 15.88 | 337.49 | 353.37 | NOTE | |
r-release-macos-arm64 | 1.1.4 | 135.00 | OK | |||
r-release-macos-x86_64 | 1.1.4 | 351.00 | OK | |||
r-release-windows-x86_64 | 1.1.4 | 19.00 | 287.00 | 306.00 | OK | |
r-oldrel-macos-arm64 | 1.1.4 | 148.00 | OK | |||
r-oldrel-macos-x86_64 | 1.1.4 | 328.00 | OK | |||
r-oldrel-windows-x86_64 | 1.1.4 | 18.00 | 325.00 | 343.00 | OK |
Version: 1.1.2
Check: Rd files
Result: NOTE
checkRd: (-1) Mercator-class.Rd:91-92: Lost braces
91 | \item{barplot{height, main = '', sub = NULL, border = NA, space =
| ^
checkRd: (-1) Mercator-class.Rd:109-112: Lost braces
109 | \item{hist:}{\code{signature(object = "Mercator")}}{
| ^
checkRd: (-1) Mercator-class.Rd:113-116: Lost braces
113 | \item{summary:}{\code{signature(object = "Mercator")}}{
| ^
checkRd: (-1) Mercator-class.Rd:117-119: Lost braces
117 | \item{dim:}{\code{signature(object = "Mercator")}}{
| ^
checkRd: (-1) Mercator-class.Rd:120-122: Lost braces
120 | \item{[:}{\code{signature(object = "Mercator")}}{
| ^
checkRd: (-1) threshLGF.Rd:21: Lost braces; missing escapes or markup?
21 | \item{object}{An object of class {BinaryMatrix}
| ^
Flavor: r-release-linux-x86_64
These binaries (installable software) and packages are in development.
They may not be fully stable and should be used with caution. We make no claims about them.
Health stats visible at Monitor.