Last updated on 2025-02-23 15:49:47 CET.
Flavor | Version | Tinstall | Tcheck | Ttotal | Status | Flags |
---|---|---|---|---|---|---|
r-devel-linux-x86_64-debian-clang | 4.7.0 | 108.11 | 157.80 | 265.91 | ERROR | |
r-devel-linux-x86_64-debian-gcc | 4.7.0 | 81.16 | 112.61 | 193.77 | ERROR | |
r-devel-linux-x86_64-fedora-clang | 4.7.0 | 455.18 | ERROR | |||
r-devel-linux-x86_64-fedora-gcc | 4.7.0 | 477.02 | ERROR | |||
r-devel-macos-arm64 | 4.7.0 | 120.00 | OK | |||
r-devel-macos-x86_64 | 4.7.0 | 224.00 | OK | |||
r-devel-windows-x86_64 | 4.7.0 | 110.00 | 179.00 | 289.00 | ERROR | |
r-patched-linux-x86_64 | 4.7.0 | 120.05 | 146.50 | 266.55 | ERROR | |
r-release-linux-x86_64 | 4.7.0 | 113.16 | 147.32 | 260.48 | ERROR | |
r-release-macos-arm64 | 4.7.0 | 115.00 | NOTE | |||
r-release-macos-x86_64 | 4.7.0 | 231.00 | NOTE | |||
r-release-windows-x86_64 | 4.7.0 | 112.00 | 180.00 | 292.00 | ERROR | |
r-oldrel-macos-arm64 | 4.7.0 | 126.00 | NOTE | |||
r-oldrel-macos-x86_64 | 4.7.0 | 218.00 | NOTE | |||
r-oldrel-windows-x86_64 | 4.7.0 | 134.00 | 226.00 | 360.00 | ERROR |
Version: 4.7.0
Check: re-building of vignette outputs
Result: ERROR
Error(s) in re-building vignettes:
...
--- re-building ‘MatchIt.Rmd’ using rmarkdown_notangle
** Processing: /home/hornik/tmp/R.check/r-devel-clang/Work/PKGS/MatchIt.Rcheck/vign_test/MatchIt/vignettes/MatchIt_files/figure-html/unnamed-chunk-7-1.png
672x480 pixels, 8 bits/pixel, 256 colors in palette
Reducing image to 8 bits/pixel, grayscale
Input IDAT size = 22306 bytes
Input file size = 23188 bytes
Trying:
zc = 9 zm = 8 zs = 0 f = 0 IDAT size = 21322
zc = 9 zm = 8 zs = 1 f = 0 IDAT size = 21105
zc = 1 zm = 8 zs = 2 f = 0
zc = 9 zm = 8 zs = 3 f = 0
zc = 9 zm = 8 zs = 0 f = 5
zc = 9 zm = 8 zs = 1 f = 5
zc = 1 zm = 8 zs = 2 f = 5
zc = 9 zm = 8 zs = 3 f = 5
Selecting parameters:
zc = 9 zm = 8 zs = 1 f = 0 IDAT size = 21105
Output IDAT size = 21105 bytes (1201 bytes decrease)
Output file size = 21183 bytes (2005 bytes = 8.65% decrease)
** Processing: /home/hornik/tmp/R.check/r-devel-clang/Work/PKGS/MatchIt.Rcheck/vign_test/MatchIt/vignettes/MatchIt_files/figure-html/unnamed-chunk-8-1.png
672x480 pixels, 8 bits/pixel, 256 colors in palette
Reducing image to 8 bits/pixel, grayscale
Input IDAT size = 15009 bytes
Input file size = 15879 bytes
Trying:
zc = 9 zm = 8 zs = 0 f = 0 IDAT size = 13283
zc = 9 zm = 8 zs = 1 f = 0
zc = 1 zm = 8 zs = 2 f = 0
zc = 9 zm = 8 zs = 3 f = 0
zc = 9 zm = 8 zs = 0 f = 5
zc = 9 zm = 8 zs = 1 f = 5
zc = 1 zm = 8 zs = 2 f = 5
zc = 9 zm = 8 zs = 3 f = 5
Selecting parameters:
zc = 9 zm = 8 zs = 0 f = 0 IDAT size = 13283
Output IDAT size = 13283 bytes (1726 bytes decrease)
Output file size = 13361 bytes (2518 bytes = 15.86% decrease)
** Processing: /home/hornik/tmp/R.check/r-devel-clang/Work/PKGS/MatchIt.Rcheck/vign_test/MatchIt/vignettes/MatchIt_files/figure-html/unnamed-chunk-12-1.png
672x480 pixels, 8 bits/pixel, 256 colors in palette
Reducing image to 8 bits/pixel, grayscale
Input IDAT size = 11875 bytes
Input file size = 12745 bytes
Trying:
zc = 9 zm = 8 zs = 0 f = 0 IDAT size = 10969
zc = 9 zm = 8 zs = 1 f = 0 IDAT size = 10917
zc = 1 zm = 8 zs = 2 f = 0
zc = 9 zm = 8 zs = 3 f = 0
zc = 9 zm = 8 zs = 0 f = 5
zc = 9 zm = 8 zs = 1 f = 5
zc = 1 zm = 8 zs = 2 f = 5
zc = 9 zm = 8 zs = 3 f = 5
Selecting parameters:
zc = 9 zm = 8 zs = 1 f = 0 IDAT size = 10917
Output IDAT size = 10917 bytes (958 bytes decrease)
Output file size = 10995 bytes (1750 bytes = 13.73% decrease)
--- finished re-building ‘MatchIt.Rmd’
--- re-building ‘assessing-balance.Rmd’ using rmarkdown_notangle
** Processing: /home/hornik/tmp/R.check/r-devel-clang/Work/PKGS/MatchIt.Rcheck/vign_test/MatchIt/vignettes/assessing-balance_files/figure-html/unnamed-chunk-3-1.png
672x480 pixels, 8 bits/pixel, 256 colors in palette
Reducing image to 8 bits/pixel, grayscale
Input IDAT size = 16116 bytes
Input file size = 16986 bytes
Trying:
zc = 9 zm = 8 zs = 0 f = 0 IDAT size = 15057
zc = 9 zm = 8 zs = 1 f = 0 IDAT size = 14959
zc = 1 zm = 8 zs = 2 f = 0
zc = 9 zm = 8 zs = 3 f = 0
zc = 9 zm = 8 zs = 0 f = 5
zc = 9 zm = 8 zs = 1 f = 5
zc = 1 zm = 8 zs = 2 f = 5
zc = 9 zm = 8 zs = 3 f = 5
Selecting parameters:
zc = 9 zm = 8 zs = 1 f = 0 IDAT size = 14959
Output IDAT size = 14959 bytes (1157 bytes decrease)
Output file size = 15037 bytes (1949 bytes = 11.47% decrease)
** Processing: /home/hornik/tmp/R.check/r-devel-clang/Work/PKGS/MatchIt.Rcheck/vign_test/MatchIt/vignettes/assessing-balance_files/figure-html/unnamed-chunk-4-1.png
672x480 pixels, 8 bits/pixel, 256 colors in palette
Reducing image to 8 bits/pixel, grayscale
Input IDAT size = 25707 bytes
Input file size = 26601 bytes
Trying:
zc = 9 zm = 8 zs = 0 f = 0 IDAT size = 23863
zc = 9 zm = 8 zs = 1 f = 0
zc = 1 zm = 8 zs = 2 f = 0
zc = 9 zm = 8 zs = 3 f = 0
zc = 9 zm = 8 zs = 0 f = 5
zc = 9 zm = 8 zs = 1 f = 5
zc = 1 zm = 8 zs = 2 f = 5
zc = 9 zm = 8 zs = 3 f = 5
Selecting parameters:
zc = 9 zm = 8 zs = 0 f = 0 IDAT size = 23863
Output IDAT size = 23863 bytes (1844 bytes decrease)
Output file size = 23941 bytes (2660 bytes = 10.00% decrease)
** Processing: /home/hornik/tmp/R.check/r-devel-clang/Work/PKGS/MatchIt.Rcheck/vign_test/MatchIt/vignettes/assessing-balance_files/figure-html/unnamed-chunk-5-1.png
672x480 pixels, 8 bits/pixel, 256 colors in palette
Reducing image to 8 bits/pixel, grayscale
Input IDAT size = 11711 bytes
Input file size = 12581 bytes
Trying:
zc = 9 zm = 8 zs = 0 f = 0 IDAT size = 10316
zc = 9 zm = 8 zs = 1 f = 0
zc = 1 zm = 8 zs = 2 f = 0
zc = 9 zm = 8 zs = 3 f = 0
zc = 9 zm = 8 zs = 0 f = 5
zc = 9 zm = 8 zs = 1 f = 5
zc = 1 zm = 8 zs = 2 f = 5
zc = 9 zm = 8 zs = 3 f = 5
Selecting parameters:
zc = 9 zm = 8 zs = 0 f = 0 IDAT size = 10316
Output IDAT size = 10316 bytes (1395 bytes decrease)
Output file size = 10394 bytes (2187 bytes = 17.38% decrease)
** Processing: /home/hornik/tmp/R.check/r-devel-clang/Work/PKGS/MatchIt.Rcheck/vign_test/MatchIt/vignettes/assessing-balance_files/figure-html/unnamed-chunk-6-1.png
672x480 pixels, 8 bits/pixel, 256 colors in palette
Reducing image to 8 bits/pixel, grayscale
Input IDAT size = 15764 bytes
Input file size = 16634 bytes
Trying:
zc = 9 zm = 8 zs = 0 f = 0 IDAT size = 14081
zc = 9 zm = 8 zs = 1 f = 0
zc = 1 zm = 8 zs = 2 f = 0
zc = 9 zm = 8 zs = 3 f = 0
zc = 9 zm = 8 zs = 0 f = 5
zc = 9 zm = 8 zs = 1 f = 5
zc = 1 zm = 8 zs = 2 f = 5
zc = 9 zm = 8 zs = 3 f = 5
Selecting parameters:
zc = 9 zm = 8 zs = 0 f = 0 IDAT size = 14081
Output IDAT size = 14081 bytes (1683 bytes decrease)
Output file size = 14159 bytes (2475 bytes = 14.88% decrease)
** Processing: /home/hornik/tmp/R.check/r-devel-clang/Work/PKGS/MatchIt.Rcheck/vign_test/MatchIt/vignettes/assessing-balance_files/figure-html/unnamed-chunk-10-1.png
672x480 pixels, 8 bits/pixel, 256 colors in palette
Reducing image to 8 bits/pixel, grayscale
Input IDAT size = 12085 bytes
Input file size = 12955 bytes
Trying:
zc = 9 zm = 8 zs = 0 f = 0 IDAT size = 11143
zc = 9 zm = 8 zs = 1 f = 0
zc = 1 zm = 8 zs = 2 f = 0
zc = 9 zm = 8 zs = 3 f = 0
zc = 9 zm = 8 zs = 0 f = 5
zc = 9 zm = 8 zs = 1 f = 5
zc = 1 zm = 8 zs = 2 f = 5
zc = 9 zm = 8 zs = 3 f = 5
Selecting parameters:
zc = 9 zm = 8 zs = 0 f = 0 IDAT size = 11143
Output IDAT size = 11143 bytes (942 bytes decrease)
Output file size = 11221 bytes (1734 bytes = 13.38% decrease)
** Processing: /home/hornik/tmp/R.check/r-devel-clang/Work/PKGS/MatchIt.Rcheck/vign_test/MatchIt/vignettes/assessing-balance_files/figure-html/unnamed-chunk-11-1.png
672x480 pixels, 8 bits/pixel, 256 colors in palette
Reducing image to 8 bits/pixel, grayscale
Input IDAT size = 15048 bytes
Input file size = 15918 bytes
Trying:
zc = 9 zm = 8 zs = 0 f = 0 IDAT size = 13389
zc = 9 zm = 8 zs = 1 f = 0
zc = 1 zm = 8 zs = 2 f = 0
zc = 9 zm = 8 zs = 3 f = 0
zc = 9 zm = 8 zs = 0 f = 5
zc = 9 zm = 8 zs = 1 f = 5
zc = 1 zm = 8 zs = 2 f = 5
zc = 9 zm = 8 zs = 3 f = 5
Selecting parameters:
zc = 9 zm = 8 zs = 0 f = 0 IDAT size = 13389
Output IDAT size = 13389 bytes (1659 bytes decrease)
Output file size = 13467 bytes (2451 bytes = 15.40% decrease)
** Processing: /home/hornik/tmp/R.check/r-devel-clang/Work/PKGS/MatchIt.Rcheck/vign_test/MatchIt/vignettes/assessing-balance_files/figure-html/unnamed-chunk-16-1.png
672x480 pixels, 3x8 bits/pixel, RGB
Input IDAT size = 21541 bytes
Input file size = 21643 bytes
Trying:
zc = 9 zm = 8 zs = 0 f = 0 IDAT size = 17992
zc = 9 zm = 8 zs = 1 f = 0
zc = 1 zm = 8 zs = 2 f = 0
zc = 9 zm = 8 zs = 3 f = 0
zc = 9 zm = 8 zs = 0 f = 5
zc = 9 zm = 8 zs = 1 f = 5
zc = 1 zm = 8 zs = 2 f = 5
zc = 9 zm = 8 zs = 3 f = 5
Selecting parameters:
zc = 9 zm = 8 zs = 0 f = 0 IDAT size = 17992
Output IDAT size = 17992 bytes (3549 bytes decrease)
Output file size = 18070 bytes (3573 bytes = 16.51% decrease)
** Processing: /home/hornik/tmp/R.check/r-devel-clang/Work/PKGS/MatchIt.Rcheck/vign_test/MatchIt/vignettes/assessing-balance_files/figure-html/unnamed-chunk-17-1.png
672x480 pixels, 3x8 bits/pixel, RGB
Input IDAT size = 36003 bytes
Input file size = 36129 bytes
Trying:
zc = 9 zm = 8 zs = 0 f = 0 IDAT size = 29147
zc = 9 zm = 8 zs = 1 f = 0
zc = 1 zm = 8 zs = 2 f = 0
zc = 9 zm = 8 zs = 3 f = 0
zc = 9 zm = 8 zs = 0 f = 5
zc = 9 zm = 8 zs = 1 f = 5
zc = 1 zm = 8 zs = 2 f = 5
zc = 9 zm = 8 zs = 3 f = 5
Selecting parameters:
zc = 9 zm = 8 zs = 0 f = 0 IDAT size = 29147
Output IDAT size = 29147 bytes (6856 bytes decrease)
Output file size = 29225 bytes (6904 bytes = 19.11% decrease)
** Processing: /home/hornik/tmp/R.check/r-devel-clang/Work/PKGS/MatchIt.Rcheck/vign_test/MatchIt/vignettes/assessing-balance_files/figure-html/unnamed-chunk-18-1.png
672x480 pixels, 3x8 bits/pixel, RGB
Input IDAT size = 42559 bytes
Input file size = 42697 bytes
Trying:
zc = 9 zm = 8 zs = 0 f = 0 IDAT size = 41098
zc = 9 zm = 8 zs = 1 f = 0
zc = 1 zm = 8 zs = 2 f = 0
zc = 9 zm = 8 zs = 3 f = 0
zc = 9 zm = 8 zs = 0 f = 5 IDAT size = 39372
zc = 9 zm = 8 zs = 1 f = 5
zc = 1 zm = 8 zs = 2 f = 5
zc = 9 zm = 8 zs = 3 f = 5
Selecting parameters:
zc = 9 zm = 8 zs = 0 f = 5 IDAT size = 39372
Output IDAT size = 39372 bytes (3187 bytes decrease)
Output file size = 39450 bytes (3247 bytes = 7.60% decrease)
** Processing: /home/hornik/tmp/R.check/r-devel-clang/Work/PKGS/MatchIt.Rcheck/vign_test/MatchIt/vignettes/assessing-balance_files/figure-html/unnamed-chunk-18-2.png
672x480 pixels, 3x8 bits/pixel, RGB
Input IDAT size = 16255 bytes
Input file size = 16345 bytes
Trying:
zc = 9 zm = 8 zs = 0 f = 0 IDAT size = 14961
zc = 9 zm = 8 zs = 1 f = 0
zc = 1 zm = 8 zs = 2 f = 0
zc = 9 zm = 8 zs = 3 f = 0
zc = 9 zm = 8 zs = 0 f = 5 IDAT size = 14609
zc = 9 zm = 8 zs = 1 f = 5
zc = 1 zm = 8 zs = 2 f = 5
zc = 9 zm = 8 zs = 3 f = 5
Selecting parameters:
zc = 9 zm = 8 zs = 0 f = 5 IDAT size = 14609
Output IDAT size = 14609 bytes (1646 bytes decrease)
Output file size = 14687 bytes (1658 bytes = 10.14% decrease)
** Processing: /home/hornik/tmp/R.check/r-devel-clang/Work/PKGS/MatchIt.Rcheck/vign_test/MatchIt/vignettes/assessing-balance_files/figure-html/unnamed-chunk-18-3.png
672x480 pixels, 3x8 bits/pixel, RGB
Input IDAT size = 20311 bytes
Input file size = 20413 bytes
Trying:
zc = 9 zm = 8 zs = 0 f = 0 IDAT size = 17425
zc = 9 zm = 8 zs = 1 f = 0
zc = 1 zm = 8 zs = 2 f = 0
zc = 9 zm = 8 zs = 3 f = 0
zc = 9 zm = 8 zs = 0 f = 5
zc = 9 zm = 8 zs = 1 f = 5
zc = 1 zm = 8 zs = 2 f = 5
zc = 9 zm = 8 zs = 3 f = 5
Selecting parameters:
zc = 9 zm = 8 zs = 0 f = 0 IDAT size = 17425
Output IDAT size = 17425 bytes (2886 bytes decrease)
Output file size = 17503 bytes (2910 bytes = 14.26% decrease)
--- finished re-building ‘assessing-balance.Rmd’
--- re-building ‘estimating-effects.Rmd’ using rmarkdown_notangle
Quitting from lines 583-589 [unnamed-chunk-23] (estimating-effects.Rmd)
Error: processing vignette 'estimating-effects.Rmd' failed with diagnostics:
Assertion failed. One of the following must apply:
* checkmate::check_character(hypothesis): Must comply to pattern '='
* checkmate::check_numeric(hypothesis): Must be of type 'numeric', not 'character'
* checkmate::check_formula(hypothesis): Must be a formula, not character
* checkmate::check_matrix(hypothesis): Must be of type 'matrix', not 'character'
* checkmate::check_function(hypothesis): Must be a function, not 'character'
* checkmate::check_null(hypothesis): Must be NULL
--- failed re-building ‘estimating-effects.Rmd’
--- re-building ‘matching-methods.Rmd’ using rmarkdown_notangle
--- finished re-building ‘matching-methods.Rmd’
--- re-building ‘sampling-weights.Rmd’ using rmarkdown_notangle
--- finished re-building ‘sampling-weights.Rmd’
SUMMARY: processing the following file failed:
‘estimating-effects.Rmd’
Error: Vignette re-building failed.
Execution halted
Flavor: r-devel-linux-x86_64-debian-clang
Version: 4.7.0
Check: re-building of vignette outputs
Result: ERROR
Error(s) in re-building vignettes:
...
--- re-building ‘MatchIt.Rmd’ using rmarkdown_notangle
** Processing: /home/hornik/tmp/R.check/r-devel-gcc/Work/PKGS/MatchIt.Rcheck/vign_test/MatchIt/vignettes/MatchIt_files/figure-html/unnamed-chunk-7-1.png
672x480 pixels, 8 bits/pixel, 256 colors in palette
Reducing image to 8 bits/pixel, grayscale
Input IDAT size = 22565 bytes
Input file size = 23447 bytes
Trying:
zc = 9 zm = 8 zs = 0 f = 0 IDAT size = 21579
zc = 9 zm = 8 zs = 1 f = 0 IDAT size = 21373
zc = 1 zm = 8 zs = 2 f = 0
zc = 9 zm = 8 zs = 3 f = 0
zc = 9 zm = 8 zs = 0 f = 5
zc = 9 zm = 8 zs = 1 f = 5
zc = 1 zm = 8 zs = 2 f = 5
zc = 9 zm = 8 zs = 3 f = 5
Selecting parameters:
zc = 9 zm = 8 zs = 1 f = 0 IDAT size = 21373
Output IDAT size = 21373 bytes (1192 bytes decrease)
Output file size = 21451 bytes (1996 bytes = 8.51% decrease)
** Processing: /home/hornik/tmp/R.check/r-devel-gcc/Work/PKGS/MatchIt.Rcheck/vign_test/MatchIt/vignettes/MatchIt_files/figure-html/unnamed-chunk-8-1.png
672x480 pixels, 8 bits/pixel, 256 colors in palette
Reducing image to 8 bits/pixel, grayscale
Input IDAT size = 15009 bytes
Input file size = 15879 bytes
Trying:
zc = 9 zm = 8 zs = 0 f = 0 IDAT size = 13283
zc = 9 zm = 8 zs = 1 f = 0
zc = 1 zm = 8 zs = 2 f = 0
zc = 9 zm = 8 zs = 3 f = 0
zc = 9 zm = 8 zs = 0 f = 5
zc = 9 zm = 8 zs = 1 f = 5
zc = 1 zm = 8 zs = 2 f = 5
zc = 9 zm = 8 zs = 3 f = 5
Selecting parameters:
zc = 9 zm = 8 zs = 0 f = 0 IDAT size = 13283
Output IDAT size = 13283 bytes (1726 bytes decrease)
Output file size = 13361 bytes (2518 bytes = 15.86% decrease)
** Processing: /home/hornik/tmp/R.check/r-devel-gcc/Work/PKGS/MatchIt.Rcheck/vign_test/MatchIt/vignettes/MatchIt_files/figure-html/unnamed-chunk-12-1.png
672x480 pixels, 8 bits/pixel, 256 colors in palette
Reducing image to 8 bits/pixel, grayscale
Input IDAT size = 11875 bytes
Input file size = 12745 bytes
Trying:
zc = 9 zm = 8 zs = 0 f = 0 IDAT size = 10969
zc = 9 zm = 8 zs = 1 f = 0 IDAT size = 10917
zc = 1 zm = 8 zs = 2 f = 0
zc = 9 zm = 8 zs = 3 f = 0
zc = 9 zm = 8 zs = 0 f = 5
zc = 9 zm = 8 zs = 1 f = 5
zc = 1 zm = 8 zs = 2 f = 5
zc = 9 zm = 8 zs = 3 f = 5
Selecting parameters:
zc = 9 zm = 8 zs = 1 f = 0 IDAT size = 10917
Output IDAT size = 10917 bytes (958 bytes decrease)
Output file size = 10995 bytes (1750 bytes = 13.73% decrease)
--- finished re-building ‘MatchIt.Rmd’
--- re-building ‘assessing-balance.Rmd’ using rmarkdown_notangle
** Processing: /home/hornik/tmp/R.check/r-devel-gcc/Work/PKGS/MatchIt.Rcheck/vign_test/MatchIt/vignettes/assessing-balance_files/figure-html/unnamed-chunk-3-1.png
672x480 pixels, 8 bits/pixel, 256 colors in palette
Reducing image to 8 bits/pixel, grayscale
Input IDAT size = 16116 bytes
Input file size = 16986 bytes
Trying:
zc = 9 zm = 8 zs = 0 f = 0 IDAT size = 15057
zc = 9 zm = 8 zs = 1 f = 0 IDAT size = 14959
zc = 1 zm = 8 zs = 2 f = 0
zc = 9 zm = 8 zs = 3 f = 0
zc = 9 zm = 8 zs = 0 f = 5
zc = 9 zm = 8 zs = 1 f = 5
zc = 1 zm = 8 zs = 2 f = 5
zc = 9 zm = 8 zs = 3 f = 5
Selecting parameters:
zc = 9 zm = 8 zs = 1 f = 0 IDAT size = 14959
Output IDAT size = 14959 bytes (1157 bytes decrease)
Output file size = 15037 bytes (1949 bytes = 11.47% decrease)
** Processing: /home/hornik/tmp/R.check/r-devel-gcc/Work/PKGS/MatchIt.Rcheck/vign_test/MatchIt/vignettes/assessing-balance_files/figure-html/unnamed-chunk-4-1.png
672x480 pixels, 8 bits/pixel, 256 colors in palette
Reducing image to 8 bits/pixel, grayscale
Input IDAT size = 25646 bytes
Input file size = 26540 bytes
Trying:
zc = 9 zm = 8 zs = 0 f = 0 IDAT size = 23788
zc = 9 zm = 8 zs = 1 f = 0
zc = 1 zm = 8 zs = 2 f = 0
zc = 9 zm = 8 zs = 3 f = 0
zc = 9 zm = 8 zs = 0 f = 5
zc = 9 zm = 8 zs = 1 f = 5
zc = 1 zm = 8 zs = 2 f = 5
zc = 9 zm = 8 zs = 3 f = 5
Selecting parameters:
zc = 9 zm = 8 zs = 0 f = 0 IDAT size = 23788
Output IDAT size = 23788 bytes (1858 bytes decrease)
Output file size = 23866 bytes (2674 bytes = 10.08% decrease)
** Processing: /home/hornik/tmp/R.check/r-devel-gcc/Work/PKGS/MatchIt.Rcheck/vign_test/MatchIt/vignettes/assessing-balance_files/figure-html/unnamed-chunk-5-1.png
672x480 pixels, 8 bits/pixel, 256 colors in palette
Reducing image to 8 bits/pixel, grayscale
Input IDAT size = 11711 bytes
Input file size = 12581 bytes
Trying:
zc = 9 zm = 8 zs = 0 f = 0 IDAT size = 10316
zc = 9 zm = 8 zs = 1 f = 0
zc = 1 zm = 8 zs = 2 f = 0
zc = 9 zm = 8 zs = 3 f = 0
zc = 9 zm = 8 zs = 0 f = 5
zc = 9 zm = 8 zs = 1 f = 5
zc = 1 zm = 8 zs = 2 f = 5
zc = 9 zm = 8 zs = 3 f = 5
Selecting parameters:
zc = 9 zm = 8 zs = 0 f = 0 IDAT size = 10316
Output IDAT size = 10316 bytes (1395 bytes decrease)
Output file size = 10394 bytes (2187 bytes = 17.38% decrease)
** Processing: /home/hornik/tmp/R.check/r-devel-gcc/Work/PKGS/MatchIt.Rcheck/vign_test/MatchIt/vignettes/assessing-balance_files/figure-html/unnamed-chunk-6-1.png
672x480 pixels, 8 bits/pixel, 256 colors in palette
Reducing image to 8 bits/pixel, grayscale
Input IDAT size = 15764 bytes
Input file size = 16634 bytes
Trying:
zc = 9 zm = 8 zs = 0 f = 0 IDAT size = 14081
zc = 9 zm = 8 zs = 1 f = 0
zc = 1 zm = 8 zs = 2 f = 0
zc = 9 zm = 8 zs = 3 f = 0
zc = 9 zm = 8 zs = 0 f = 5
zc = 9 zm = 8 zs = 1 f = 5
zc = 1 zm = 8 zs = 2 f = 5
zc = 9 zm = 8 zs = 3 f = 5
Selecting parameters:
zc = 9 zm = 8 zs = 0 f = 0 IDAT size = 14081
Output IDAT size = 14081 bytes (1683 bytes decrease)
Output file size = 14159 bytes (2475 bytes = 14.88% decrease)
** Processing: /home/hornik/tmp/R.check/r-devel-gcc/Work/PKGS/MatchIt.Rcheck/vign_test/MatchIt/vignettes/assessing-balance_files/figure-html/unnamed-chunk-10-1.png
672x480 pixels, 8 bits/pixel, 256 colors in palette
Reducing image to 8 bits/pixel, grayscale
Input IDAT size = 12085 bytes
Input file size = 12955 bytes
Trying:
zc = 9 zm = 8 zs = 0 f = 0 IDAT size = 11143
zc = 9 zm = 8 zs = 1 f = 0
zc = 1 zm = 8 zs = 2 f = 0
zc = 9 zm = 8 zs = 3 f = 0
zc = 9 zm = 8 zs = 0 f = 5
zc = 9 zm = 8 zs = 1 f = 5
zc = 1 zm = 8 zs = 2 f = 5
zc = 9 zm = 8 zs = 3 f = 5
Selecting parameters:
zc = 9 zm = 8 zs = 0 f = 0 IDAT size = 11143
Output IDAT size = 11143 bytes (942 bytes decrease)
Output file size = 11221 bytes (1734 bytes = 13.38% decrease)
** Processing: /home/hornik/tmp/R.check/r-devel-gcc/Work/PKGS/MatchIt.Rcheck/vign_test/MatchIt/vignettes/assessing-balance_files/figure-html/unnamed-chunk-11-1.png
672x480 pixels, 8 bits/pixel, 256 colors in palette
Reducing image to 8 bits/pixel, grayscale
Input IDAT size = 15048 bytes
Input file size = 15918 bytes
Trying:
zc = 9 zm = 8 zs = 0 f = 0 IDAT size = 13389
zc = 9 zm = 8 zs = 1 f = 0
zc = 1 zm = 8 zs = 2 f = 0
zc = 9 zm = 8 zs = 3 f = 0
zc = 9 zm = 8 zs = 0 f = 5
zc = 9 zm = 8 zs = 1 f = 5
zc = 1 zm = 8 zs = 2 f = 5
zc = 9 zm = 8 zs = 3 f = 5
Selecting parameters:
zc = 9 zm = 8 zs = 0 f = 0 IDAT size = 13389
Output IDAT size = 13389 bytes (1659 bytes decrease)
Output file size = 13467 bytes (2451 bytes = 15.40% decrease)
** Processing: /home/hornik/tmp/R.check/r-devel-gcc/Work/PKGS/MatchIt.Rcheck/vign_test/MatchIt/vignettes/assessing-balance_files/figure-html/unnamed-chunk-16-1.png
672x480 pixels, 3x8 bits/pixel, RGB
Input IDAT size = 21541 bytes
Input file size = 21643 bytes
Trying:
zc = 9 zm = 8 zs = 0 f = 0 IDAT size = 17992
zc = 9 zm = 8 zs = 1 f = 0
zc = 1 zm = 8 zs = 2 f = 0
zc = 9 zm = 8 zs = 3 f = 0
zc = 9 zm = 8 zs = 0 f = 5
zc = 9 zm = 8 zs = 1 f = 5
zc = 1 zm = 8 zs = 2 f = 5
zc = 9 zm = 8 zs = 3 f = 5
Selecting parameters:
zc = 9 zm = 8 zs = 0 f = 0 IDAT size = 17992
Output IDAT size = 17992 bytes (3549 bytes decrease)
Output file size = 18070 bytes (3573 bytes = 16.51% decrease)
** Processing: /home/hornik/tmp/R.check/r-devel-gcc/Work/PKGS/MatchIt.Rcheck/vign_test/MatchIt/vignettes/assessing-balance_files/figure-html/unnamed-chunk-17-1.png
672x480 pixels, 3x8 bits/pixel, RGB
Input IDAT size = 36003 bytes
Input file size = 36129 bytes
Trying:
zc = 9 zm = 8 zs = 0 f = 0 IDAT size = 29147
zc = 9 zm = 8 zs = 1 f = 0
zc = 1 zm = 8 zs = 2 f = 0
zc = 9 zm = 8 zs = 3 f = 0
zc = 9 zm = 8 zs = 0 f = 5
zc = 9 zm = 8 zs = 1 f = 5
zc = 1 zm = 8 zs = 2 f = 5
zc = 9 zm = 8 zs = 3 f = 5
Selecting parameters:
zc = 9 zm = 8 zs = 0 f = 0 IDAT size = 29147
Output IDAT size = 29147 bytes (6856 bytes decrease)
Output file size = 29225 bytes (6904 bytes = 19.11% decrease)
** Processing: /home/hornik/tmp/R.check/r-devel-gcc/Work/PKGS/MatchIt.Rcheck/vign_test/MatchIt/vignettes/assessing-balance_files/figure-html/unnamed-chunk-18-1.png
672x480 pixels, 3x8 bits/pixel, RGB
Input IDAT size = 42559 bytes
Input file size = 42697 bytes
Trying:
zc = 9 zm = 8 zs = 0 f = 0 IDAT size = 41098
zc = 9 zm = 8 zs = 1 f = 0
zc = 1 zm = 8 zs = 2 f = 0
zc = 9 zm = 8 zs = 3 f = 0
zc = 9 zm = 8 zs = 0 f = 5 IDAT size = 39372
zc = 9 zm = 8 zs = 1 f = 5
zc = 1 zm = 8 zs = 2 f = 5
zc = 9 zm = 8 zs = 3 f = 5
Selecting parameters:
zc = 9 zm = 8 zs = 0 f = 5 IDAT size = 39372
Output IDAT size = 39372 bytes (3187 bytes decrease)
Output file size = 39450 bytes (3247 bytes = 7.60% decrease)
** Processing: /home/hornik/tmp/R.check/r-devel-gcc/Work/PKGS/MatchIt.Rcheck/vign_test/MatchIt/vignettes/assessing-balance_files/figure-html/unnamed-chunk-18-2.png
672x480 pixels, 3x8 bits/pixel, RGB
Input IDAT size = 16255 bytes
Input file size = 16345 bytes
Trying:
zc = 9 zm = 8 zs = 0 f = 0 IDAT size = 14961
zc = 9 zm = 8 zs = 1 f = 0
zc = 1 zm = 8 zs = 2 f = 0
zc = 9 zm = 8 zs = 3 f = 0
zc = 9 zm = 8 zs = 0 f = 5 IDAT size = 14609
zc = 9 zm = 8 zs = 1 f = 5
zc = 1 zm = 8 zs = 2 f = 5
zc = 9 zm = 8 zs = 3 f = 5
Selecting parameters:
zc = 9 zm = 8 zs = 0 f = 5 IDAT size = 14609
Output IDAT size = 14609 bytes (1646 bytes decrease)
Output file size = 14687 bytes (1658 bytes = 10.14% decrease)
** Processing: /home/hornik/tmp/R.check/r-devel-gcc/Work/PKGS/MatchIt.Rcheck/vign_test/MatchIt/vignettes/assessing-balance_files/figure-html/unnamed-chunk-18-3.png
672x480 pixels, 3x8 bits/pixel, RGB
Input IDAT size = 20311 bytes
Input file size = 20413 bytes
Trying:
zc = 9 zm = 8 zs = 0 f = 0 IDAT size = 17425
zc = 9 zm = 8 zs = 1 f = 0
zc = 1 zm = 8 zs = 2 f = 0
zc = 9 zm = 8 zs = 3 f = 0
zc = 9 zm = 8 zs = 0 f = 5
zc = 9 zm = 8 zs = 1 f = 5
zc = 1 zm = 8 zs = 2 f = 5
zc = 9 zm = 8 zs = 3 f = 5
Selecting parameters:
zc = 9 zm = 8 zs = 0 f = 0 IDAT size = 17425
Output IDAT size = 17425 bytes (2886 bytes decrease)
Output file size = 17503 bytes (2910 bytes = 14.26% decrease)
--- finished re-building ‘assessing-balance.Rmd’
--- re-building ‘estimating-effects.Rmd’ using rmarkdown_notangle
Quitting from lines 583-589 [unnamed-chunk-23] (estimating-effects.Rmd)
Error: processing vignette 'estimating-effects.Rmd' failed with diagnostics:
Assertion failed. One of the following must apply:
* checkmate::check_character(hypothesis): Must comply to pattern '='
* checkmate::check_numeric(hypothesis): Must be of type 'numeric', not 'character'
* checkmate::check_formula(hypothesis): Must be a formula, not character
* checkmate::check_matrix(hypothesis): Must be of type 'matrix', not 'character'
* checkmate::check_function(hypothesis): Must be a function, not 'character'
* checkmate::check_null(hypothesis): Must be NULL
--- failed re-building ‘estimating-effects.Rmd’
--- re-building ‘matching-methods.Rmd’ using rmarkdown_notangle
--- finished re-building ‘matching-methods.Rmd’
--- re-building ‘sampling-weights.Rmd’ using rmarkdown_notangle
--- finished re-building ‘sampling-weights.Rmd’
SUMMARY: processing the following file failed:
‘estimating-effects.Rmd’
Error: Vignette re-building failed.
Execution halted
Flavor: r-devel-linux-x86_64-debian-gcc
Version: 4.7.0
Check: re-building of vignette outputs
Result: ERROR
Error(s) in re-building vignettes:
--- re-building ‘MatchIt.Rmd’ using rmarkdown_notangle
** Processing: /data/gannet/ripley/R/packages/tests-clang/MatchIt.Rcheck/vign_test/MatchIt/vignettes/MatchIt_files/figure-html/unnamed-chunk-7-1.png
672x480 pixels, 8 bits/pixel, 256 colors in palette
Reducing image to 8 bits/pixel, grayscale
Input IDAT size = 22102 bytes
Input file size = 22984 bytes
Trying:
zc = 9 zm = 8 zs = 0 f = 0 IDAT size = 21325
zc = 9 zm = 8 zs = 1 f = 0 IDAT size = 21070
zc = 1 zm = 8 zs = 2 f = 0
zc = 9 zm = 8 zs = 3 f = 0
zc = 9 zm = 8 zs = 0 f = 5
zc = 9 zm = 8 zs = 1 f = 5
zc = 1 zm = 8 zs = 2 f = 5
zc = 9 zm = 8 zs = 3 f = 5
Selecting parameters:
zc = 9 zm = 8 zs = 1 f = 0 IDAT size = 21070
Output IDAT size = 21070 bytes (1032 bytes decrease)
Output file size = 21148 bytes (1836 bytes = 7.99% decrease)
** Processing: /data/gannet/ripley/R/packages/tests-clang/MatchIt.Rcheck/vign_test/MatchIt/vignettes/MatchIt_files/figure-html/unnamed-chunk-8-1.png
672x480 pixels, 8 bits/pixel, 256 colors in palette
Reducing image to 8 bits/pixel, grayscale
Input IDAT size = 14986 bytes
Input file size = 15856 bytes
Trying:
zc = 9 zm = 8 zs = 0 f = 0 IDAT size = 13276
zc = 9 zm = 8 zs = 1 f = 0
zc = 1 zm = 8 zs = 2 f = 0
zc = 9 zm = 8 zs = 3 f = 0
zc = 9 zm = 8 zs = 0 f = 5
zc = 9 zm = 8 zs = 1 f = 5
zc = 1 zm = 8 zs = 2 f = 5
zc = 9 zm = 8 zs = 3 f = 5
Selecting parameters:
zc = 9 zm = 8 zs = 0 f = 0 IDAT size = 13276
Output IDAT size = 13276 bytes (1710 bytes decrease)
Output file size = 13354 bytes (2502 bytes = 15.78% decrease)
** Processing: /data/gannet/ripley/R/packages/tests-clang/MatchIt.Rcheck/vign_test/MatchIt/vignettes/MatchIt_files/figure-html/unnamed-chunk-12-1.png
672x480 pixels, 8 bits/pixel, 256 colors in palette
Reducing image to 8 bits/pixel, grayscale
Input IDAT size = 11831 bytes
Input file size = 12701 bytes
Trying:
zc = 9 zm = 8 zs = 0 f = 0 IDAT size = 10710
zc = 9 zm = 8 zs = 1 f = 0 IDAT size = 10578
zc = 1 zm = 8 zs = 2 f = 0
zc = 9 zm = 8 zs = 3 f = 0
zc = 9 zm = 8 zs = 0 f = 5
zc = 9 zm = 8 zs = 1 f = 5
zc = 1 zm = 8 zs = 2 f = 5
zc = 9 zm = 8 zs = 3 f = 5
Selecting parameters:
zc = 9 zm = 8 zs = 1 f = 0 IDAT size = 10578
Output IDAT size = 10578 bytes (1253 bytes decrease)
Output file size = 10656 bytes (2045 bytes = 16.10% decrease)
--- finished re-building ‘MatchIt.Rmd’
--- re-building ‘assessing-balance.Rmd’ using rmarkdown_notangle
** Processing: /data/gannet/ripley/R/packages/tests-clang/MatchIt.Rcheck/vign_test/MatchIt/vignettes/assessing-balance_files/figure-html/unnamed-chunk-3-1.png
672x480 pixels, 8 bits/pixel, 256 colors in palette
Reducing image to 8 bits/pixel, grayscale
Input IDAT size = 16018 bytes
Input file size = 16888 bytes
Trying:
zc = 9 zm = 8 zs = 0 f = 0 IDAT size = 14870
zc = 9 zm = 8 zs = 1 f = 0 IDAT size = 14684
zc = 1 zm = 8 zs = 2 f = 0
zc = 9 zm = 8 zs = 3 f = 0
zc = 9 zm = 8 zs = 0 f = 5
zc = 9 zm = 8 zs = 1 f = 5
zc = 1 zm = 8 zs = 2 f = 5
zc = 9 zm = 8 zs = 3 f = 5
Selecting parameters:
zc = 9 zm = 8 zs = 1 f = 0 IDAT size = 14684
Output IDAT size = 14684 bytes (1334 bytes decrease)
Output file size = 14762 bytes (2126 bytes = 12.59% decrease)
** Processing: /data/gannet/ripley/R/packages/tests-clang/MatchIt.Rcheck/vign_test/MatchIt/vignettes/assessing-balance_files/figure-html/unnamed-chunk-4-1.png
672x480 pixels, 8 bits/pixel, 256 colors in palette
Reducing image to 8 bits/pixel, grayscale
Input IDAT size = 25490 bytes
Input file size = 26384 bytes
Trying:
zc = 9 zm = 8 zs = 0 f = 0 IDAT size = 23478
zc = 9 zm = 8 zs = 1 f = 0 IDAT size = 23438
zc = 1 zm = 8 zs = 2 f = 0
zc = 9 zm = 8 zs = 3 f = 0
zc = 9 zm = 8 zs = 0 f = 5
zc = 9 zm = 8 zs = 1 f = 5
zc = 1 zm = 8 zs = 2 f = 5
zc = 9 zm = 8 zs = 3 f = 5
Selecting parameters:
zc = 9 zm = 8 zs = 1 f = 0 IDAT size = 23438
Output IDAT size = 23438 bytes (2052 bytes decrease)
Output file size = 23516 bytes (2868 bytes = 10.87% decrease)
** Processing: /data/gannet/ripley/R/packages/tests-clang/MatchIt.Rcheck/vign_test/MatchIt/vignettes/assessing-balance_files/figure-html/unnamed-chunk-5-1.png
672x480 pixels, 8 bits/pixel, 256 colors in palette
Reducing image to 8 bits/pixel, grayscale
Input IDAT size = 11666 bytes
Input file size = 12536 bytes
Trying:
zc = 9 zm = 8 zs = 0 f = 0 IDAT size = 10322
zc = 9 zm = 8 zs = 1 f = 0
zc = 1 zm = 8 zs = 2 f = 0
zc = 9 zm = 8 zs = 3 f = 0
zc = 9 zm = 8 zs = 0 f = 5
zc = 9 zm = 8 zs = 1 f = 5
zc = 1 zm = 8 zs = 2 f = 5
zc = 9 zm = 8 zs = 3 f = 5
Selecting parameters:
zc = 9 zm = 8 zs = 0 f = 0 IDAT size = 10322
Output IDAT size = 10322 bytes (1344 bytes decrease)
Output file size = 10400 bytes (2136 bytes = 17.04% decrease)
** Processing: /data/gannet/ripley/R/packages/tests-clang/MatchIt.Rcheck/vign_test/MatchIt/vignettes/assessing-balance_files/figure-html/unnamed-chunk-6-1.png
672x480 pixels, 8 bits/pixel, 256 colors in palette
Reducing image to 8 bits/pixel, grayscale
Input IDAT size = 15727 bytes
Input file size = 16597 bytes
Trying:
zc = 9 zm = 8 zs = 0 f = 0 IDAT size = 14072
zc = 9 zm = 8 zs = 1 f = 0
zc = 1 zm = 8 zs = 2 f = 0
zc = 9 zm = 8 zs = 3 f = 0
zc = 9 zm = 8 zs = 0 f = 5
zc = 9 zm = 8 zs = 1 f = 5
zc = 1 zm = 8 zs = 2 f = 5
zc = 9 zm = 8 zs = 3 f = 5
Selecting parameters:
zc = 9 zm = 8 zs = 0 f = 0 IDAT size = 14072
Output IDAT size = 14072 bytes (1655 bytes decrease)
Output file size = 14150 bytes (2447 bytes = 14.74% decrease)
** Processing: /data/gannet/ripley/R/packages/tests-clang/MatchIt.Rcheck/vign_test/MatchIt/vignettes/assessing-balance_files/figure-html/unnamed-chunk-10-1.png
672x480 pixels, 8 bits/pixel, 256 colors in palette
Reducing image to 8 bits/pixel, grayscale
Input IDAT size = 11959 bytes
Input file size = 12829 bytes
Trying:
zc = 9 zm = 8 zs = 0 f = 0 IDAT size = 10962
zc = 9 zm = 8 zs = 1 f = 0 IDAT size = 10952
zc = 1 zm = 8 zs = 2 f = 0
zc = 9 zm = 8 zs = 3 f = 0
zc = 9 zm = 8 zs = 0 f = 5
zc = 9 zm = 8 zs = 1 f = 5
zc = 1 zm = 8 zs = 2 f = 5
zc = 9 zm = 8 zs = 3 f = 5
Selecting parameters:
zc = 9 zm = 8 zs = 1 f = 0 IDAT size = 10952
Output IDAT size = 10952 bytes (1007 bytes decrease)
Output file size = 11030 bytes (1799 bytes = 14.02% decrease)
** Processing: /data/gannet/ripley/R/packages/tests-clang/MatchIt.Rcheck/vign_test/MatchIt/vignettes/assessing-balance_files/figure-html/unnamed-chunk-11-1.png
672x480 pixels, 8 bits/pixel, 256 colors in palette
Reducing image to 8 bits/pixel, grayscale
Input IDAT size = 15017 bytes
Input file size = 15887 bytes
Trying:
zc = 9 zm = 8 zs = 0 f = 0 IDAT size = 13363
zc = 9 zm = 8 zs = 1 f = 0
zc = 1 zm = 8 zs = 2 f = 0
zc = 9 zm = 8 zs = 3 f = 0
zc = 9 zm = 8 zs = 0 f = 5
zc = 9 zm = 8 zs = 1 f = 5
zc = 1 zm = 8 zs = 2 f = 5
zc = 9 zm = 8 zs = 3 f = 5
Selecting parameters:
zc = 9 zm = 8 zs = 0 f = 0 IDAT size = 13363
Output IDAT size = 13363 bytes (1654 bytes decrease)
Output file size = 13441 bytes (2446 bytes = 15.40% decrease)
** Processing: /data/gannet/ripley/R/packages/tests-clang/MatchIt.Rcheck/vign_test/MatchIt/vignettes/assessing-balance_files/figure-html/unnamed-chunk-16-1.png
672x480 pixels, 3x8 bits/pixel, RGB
Input IDAT size = 21454 bytes
Input file size = 21556 bytes
Trying:
zc = 9 zm = 8 zs = 0 f = 0 IDAT size = 17394
zc = 9 zm = 8 zs = 1 f = 0
zc = 1 zm = 8 zs = 2 f = 0
zc = 9 zm = 8 zs = 3 f = 0
zc = 9 zm = 8 zs = 0 f = 5
zc = 9 zm = 8 zs = 1 f = 5
zc = 1 zm = 8 zs = 2 f = 5
zc = 9 zm = 8 zs = 3 f = 5
Selecting parameters:
zc = 9 zm = 8 zs = 0 f = 0 IDAT size = 17394
Output IDAT size = 17394 bytes (4060 bytes decrease)
Output file size = 17472 bytes (4084 bytes = 18.95% decrease)
** Processing: /data/gannet/ripley/R/packages/tests-clang/MatchIt.Rcheck/vign_test/MatchIt/vignettes/assessing-balance_files/figure-html/unnamed-chunk-17-1.png
672x480 pixels, 3x8 bits/pixel, RGB
Input IDAT size = 35854 bytes
Input file size = 35980 bytes
Trying:
zc = 9 zm = 8 zs = 0 f = 0 IDAT size = 28142
zc = 9 zm = 8 zs = 1 f = 0
zc = 1 zm = 8 zs = 2 f = 0
zc = 9 zm = 8 zs = 3 f = 0
zc = 9 zm = 8 zs = 0 f = 5
zc = 9 zm = 8 zs = 1 f = 5
zc = 1 zm = 8 zs = 2 f = 5
zc = 9 zm = 8 zs = 3 f = 5
Selecting parameters:
zc = 9 zm = 8 zs = 0 f = 0 IDAT size = 28142
Output IDAT size = 28142 bytes (7712 bytes decrease)
Output file size = 28220 bytes (7760 bytes = 21.57% decrease)
** Processing: /data/gannet/ripley/R/packages/tests-clang/MatchIt.Rcheck/vign_test/MatchIt/vignettes/assessing-balance_files/figure-html/unnamed-chunk-18-1.png
672x480 pixels, 3x8 bits/pixel, RGB
Input IDAT size = 42260 bytes
Input file size = 42398 bytes
Trying:
zc = 9 zm = 8 zs = 0 f = 0 IDAT size = 39985
zc = 9 zm = 8 zs = 1 f = 0
zc = 1 zm = 8 zs = 2 f = 0
zc = 9 zm = 8 zs = 3 f = 0
zc = 9 zm = 8 zs = 0 f = 5 IDAT size = 37602
zc = 9 zm = 8 zs = 1 f = 5
zc = 1 zm = 8 zs = 2 f = 5
zc = 9 zm = 8 zs = 3 f = 5
Selecting parameters:
zc = 9 zm = 8 zs = 0 f = 5 IDAT size = 37602
Output IDAT size = 37602 bytes (4658 bytes decrease)
Output file size = 37680 bytes (4718 bytes = 11.13% decrease)
** Processing: /data/gannet/ripley/R/packages/tests-clang/MatchIt.Rcheck/vign_test/MatchIt/vignettes/assessing-balance_files/figure-html/unnamed-chunk-18-2.png
672x480 pixels, 3x8 bits/pixel, RGB
Input IDAT size = 16181 bytes
Input file size = 16271 bytes
Trying:
zc = 9 zm = 8 zs = 0 f = 0 IDAT size = 14594
zc = 9 zm = 8 zs = 1 f = 0
zc = 1 zm = 8 zs = 2 f = 0
zc = 9 zm = 8 zs = 3 f = 0
zc = 9 zm = 8 zs = 0 f = 5 IDAT size = 14064
zc = 9 zm = 8 zs = 1 f = 5
zc = 1 zm = 8 zs = 2 f = 5
zc = 9 zm = 8 zs = 3 f = 5
Selecting parameters:
zc = 9 zm = 8 zs = 0 f = 5 IDAT size = 14064
Output IDAT size = 14064 bytes (2117 bytes decrease)
Output file size = 14142 bytes (2129 bytes = 13.08% decrease)
** Processing: /data/gannet/ripley/R/packages/tests-clang/MatchIt.Rcheck/vign_test/MatchIt/vignettes/assessing-balance_files/figure-html/unnamed-chunk-18-3.png
672x480 pixels, 3x8 bits/pixel, RGB
Input IDAT size = 20201 bytes
Input file size = 20303 bytes
Trying:
zc = 9 zm = 8 zs = 0 f = 0 IDAT size = 17001
zc = 9 zm = 8 zs = 1 f = 0
zc = 1 zm = 8 zs = 2 f = 0
zc = 9 zm = 8 zs = 3 f = 0
zc = 9 zm = 8 zs = 0 f = 5
zc = 9 zm = 8 zs = 1 f = 5
zc = 1 zm = 8 zs = 2 f = 5
zc = 9 zm = 8 zs = 3 f = 5
Selecting parameters:
zc = 9 zm = 8 zs = 0 f = 0 IDAT size = 17001
Output IDAT size = 17001 bytes (3200 bytes decrease)
Output file size = 17079 bytes (3224 bytes = 15.88% decrease)
--- finished re-building ‘assessing-balance.Rmd’
--- re-building ‘estimating-effects.Rmd’ using rmarkdown_notangle
Quitting from lines 583-589 [unnamed-chunk-23] (estimating-effects.Rmd)
Error: processing vignette 'estimating-effects.Rmd' failed with diagnostics:
Assertion failed. One of the following must apply:
* checkmate::check_character(hypothesis): Must comply to pattern '='
* checkmate::check_numeric(hypothesis): Must be of type 'numeric', not 'character'
* checkmate::check_formula(hypothesis): Must be a formula, not character
* checkmate::check_matrix(hypothesis): Must be of type 'matrix', not 'character'
* checkmate::check_function(hypothesis): Must be a function, not 'character'
* checkmate::check_null(hypothesis): Must be NULL
--- failed re-building ‘estimating-effects.Rmd’
--- re-building ‘matching-methods.Rmd’ using rmarkdown_notangle
--- finished re-building ‘matching-methods.Rmd’
--- re-building ‘sampling-weights.Rmd’ using rmarkdown_notangle
--- finished re-building ‘sampling-weights.Rmd’
SUMMARY: processing the following file failed:
‘estimating-effects.Rmd’
Error: Vignette re-building failed.
Execution halted
Flavor: r-devel-linux-x86_64-fedora-clang
Version: 4.7.0
Check: re-building of vignette outputs
Result: ERROR
Error(s) in re-building vignettes:
--- re-building ‘MatchIt.Rmd’ using rmarkdown_notangle
** Processing: /data/gannet/ripley/R/packages/tests-devel/MatchIt.Rcheck/vign_test/MatchIt/vignettes/MatchIt_files/figure-html/unnamed-chunk-7-1.png
672x480 pixels, 8 bits/pixel, 256 colors in palette
Reducing image to 8 bits/pixel, grayscale
Input IDAT size = 21921 bytes
Input file size = 22803 bytes
Trying:
zc = 9 zm = 8 zs = 0 f = 0 IDAT size = 21161
zc = 9 zm = 8 zs = 1 f = 0 IDAT size = 20907
zc = 1 zm = 8 zs = 2 f = 0
zc = 9 zm = 8 zs = 3 f = 0
zc = 9 zm = 8 zs = 0 f = 5
zc = 9 zm = 8 zs = 1 f = 5
zc = 1 zm = 8 zs = 2 f = 5
zc = 9 zm = 8 zs = 3 f = 5
Selecting parameters:
zc = 9 zm = 8 zs = 1 f = 0 IDAT size = 20907
Output IDAT size = 20907 bytes (1014 bytes decrease)
Output file size = 20985 bytes (1818 bytes = 7.97% decrease)
** Processing: /data/gannet/ripley/R/packages/tests-devel/MatchIt.Rcheck/vign_test/MatchIt/vignettes/MatchIt_files/figure-html/unnamed-chunk-8-1.png
672x480 pixels, 8 bits/pixel, 256 colors in palette
Reducing image to 8 bits/pixel, grayscale
Input IDAT size = 14986 bytes
Input file size = 15856 bytes
Trying:
zc = 9 zm = 8 zs = 0 f = 0 IDAT size = 13276
zc = 9 zm = 8 zs = 1 f = 0
zc = 1 zm = 8 zs = 2 f = 0
zc = 9 zm = 8 zs = 3 f = 0
zc = 9 zm = 8 zs = 0 f = 5
zc = 9 zm = 8 zs = 1 f = 5
zc = 1 zm = 8 zs = 2 f = 5
zc = 9 zm = 8 zs = 3 f = 5
Selecting parameters:
zc = 9 zm = 8 zs = 0 f = 0 IDAT size = 13276
Output IDAT size = 13276 bytes (1710 bytes decrease)
Output file size = 13354 bytes (2502 bytes = 15.78% decrease)
** Processing: /data/gannet/ripley/R/packages/tests-devel/MatchIt.Rcheck/vign_test/MatchIt/vignettes/MatchIt_files/figure-html/unnamed-chunk-12-1.png
672x480 pixels, 8 bits/pixel, 256 colors in palette
Reducing image to 8 bits/pixel, grayscale
Input IDAT size = 11831 bytes
Input file size = 12701 bytes
Trying:
zc = 9 zm = 8 zs = 0 f = 0 IDAT size = 10710
zc = 9 zm = 8 zs = 1 f = 0 IDAT size = 10578
zc = 1 zm = 8 zs = 2 f = 0
zc = 9 zm = 8 zs = 3 f = 0
zc = 9 zm = 8 zs = 0 f = 5
zc = 9 zm = 8 zs = 1 f = 5
zc = 1 zm = 8 zs = 2 f = 5
zc = 9 zm = 8 zs = 3 f = 5
Selecting parameters:
zc = 9 zm = 8 zs = 1 f = 0 IDAT size = 10578
Output IDAT size = 10578 bytes (1253 bytes decrease)
Output file size = 10656 bytes (2045 bytes = 16.10% decrease)
--- finished re-building ‘MatchIt.Rmd’
--- re-building ‘assessing-balance.Rmd’ using rmarkdown_notangle
** Processing: /data/gannet/ripley/R/packages/tests-devel/MatchIt.Rcheck/vign_test/MatchIt/vignettes/assessing-balance_files/figure-html/unnamed-chunk-3-1.png
672x480 pixels, 8 bits/pixel, 256 colors in palette
Reducing image to 8 bits/pixel, grayscale
Input IDAT size = 16018 bytes
Input file size = 16888 bytes
Trying:
zc = 9 zm = 8 zs = 0 f = 0 IDAT size = 14870
zc = 9 zm = 8 zs = 1 f = 0 IDAT size = 14684
zc = 1 zm = 8 zs = 2 f = 0
zc = 9 zm = 8 zs = 3 f = 0
zc = 9 zm = 8 zs = 0 f = 5
zc = 9 zm = 8 zs = 1 f = 5
zc = 1 zm = 8 zs = 2 f = 5
zc = 9 zm = 8 zs = 3 f = 5
Selecting parameters:
zc = 9 zm = 8 zs = 1 f = 0 IDAT size = 14684
Output IDAT size = 14684 bytes (1334 bytes decrease)
Output file size = 14762 bytes (2126 bytes = 12.59% decrease)
** Processing: /data/gannet/ripley/R/packages/tests-devel/MatchIt.Rcheck/vign_test/MatchIt/vignettes/assessing-balance_files/figure-html/unnamed-chunk-4-1.png
672x480 pixels, 8 bits/pixel, 256 colors in palette
Reducing image to 8 bits/pixel, grayscale
Input IDAT size = 25400 bytes
Input file size = 26294 bytes
Trying:
zc = 9 zm = 8 zs = 0 f = 0 IDAT size = 23366
zc = 9 zm = 8 zs = 1 f = 0 IDAT size = 23329
zc = 1 zm = 8 zs = 2 f = 0
zc = 9 zm = 8 zs = 3 f = 0
zc = 9 zm = 8 zs = 0 f = 5
zc = 9 zm = 8 zs = 1 f = 5
zc = 1 zm = 8 zs = 2 f = 5
zc = 9 zm = 8 zs = 3 f = 5
Selecting parameters:
zc = 9 zm = 8 zs = 1 f = 0 IDAT size = 23329
Output IDAT size = 23329 bytes (2071 bytes decrease)
Output file size = 23407 bytes (2887 bytes = 10.98% decrease)
** Processing: /data/gannet/ripley/R/packages/tests-devel/MatchIt.Rcheck/vign_test/MatchIt/vignettes/assessing-balance_files/figure-html/unnamed-chunk-5-1.png
672x480 pixels, 8 bits/pixel, 256 colors in palette
Reducing image to 8 bits/pixel, grayscale
Input IDAT size = 11666 bytes
Input file size = 12536 bytes
Trying:
zc = 9 zm = 8 zs = 0 f = 0 IDAT size = 10322
zc = 9 zm = 8 zs = 1 f = 0
zc = 1 zm = 8 zs = 2 f = 0
zc = 9 zm = 8 zs = 3 f = 0
zc = 9 zm = 8 zs = 0 f = 5
zc = 9 zm = 8 zs = 1 f = 5
zc = 1 zm = 8 zs = 2 f = 5
zc = 9 zm = 8 zs = 3 f = 5
Selecting parameters:
zc = 9 zm = 8 zs = 0 f = 0 IDAT size = 10322
Output IDAT size = 10322 bytes (1344 bytes decrease)
Output file size = 10400 bytes (2136 bytes = 17.04% decrease)
** Processing: /data/gannet/ripley/R/packages/tests-devel/MatchIt.Rcheck/vign_test/MatchIt/vignettes/assessing-balance_files/figure-html/unnamed-chunk-6-1.png
672x480 pixels, 8 bits/pixel, 256 colors in palette
Reducing image to 8 bits/pixel, grayscale
Input IDAT size = 15727 bytes
Input file size = 16597 bytes
Trying:
zc = 9 zm = 8 zs = 0 f = 0 IDAT size = 14072
zc = 9 zm = 8 zs = 1 f = 0
zc = 1 zm = 8 zs = 2 f = 0
zc = 9 zm = 8 zs = 3 f = 0
zc = 9 zm = 8 zs = 0 f = 5
zc = 9 zm = 8 zs = 1 f = 5
zc = 1 zm = 8 zs = 2 f = 5
zc = 9 zm = 8 zs = 3 f = 5
Selecting parameters:
zc = 9 zm = 8 zs = 0 f = 0 IDAT size = 14072
Output IDAT size = 14072 bytes (1655 bytes decrease)
Output file size = 14150 bytes (2447 bytes = 14.74% decrease)
** Processing: /data/gannet/ripley/R/packages/tests-devel/MatchIt.Rcheck/vign_test/MatchIt/vignettes/assessing-balance_files/figure-html/unnamed-chunk-10-1.png
672x480 pixels, 8 bits/pixel, 256 colors in palette
Reducing image to 8 bits/pixel, grayscale
Input IDAT size = 11959 bytes
Input file size = 12829 bytes
Trying:
zc = 9 zm = 8 zs = 0 f = 0 IDAT size = 10962
zc = 9 zm = 8 zs = 1 f = 0 IDAT size = 10952
zc = 1 zm = 8 zs = 2 f = 0
zc = 9 zm = 8 zs = 3 f = 0
zc = 9 zm = 8 zs = 0 f = 5
zc = 9 zm = 8 zs = 1 f = 5
zc = 1 zm = 8 zs = 2 f = 5
zc = 9 zm = 8 zs = 3 f = 5
Selecting parameters:
zc = 9 zm = 8 zs = 1 f = 0 IDAT size = 10952
Output IDAT size = 10952 bytes (1007 bytes decrease)
Output file size = 11030 bytes (1799 bytes = 14.02% decrease)
** Processing: /data/gannet/ripley/R/packages/tests-devel/MatchIt.Rcheck/vign_test/MatchIt/vignettes/assessing-balance_files/figure-html/unnamed-chunk-11-1.png
672x480 pixels, 8 bits/pixel, 256 colors in palette
Reducing image to 8 bits/pixel, grayscale
Input IDAT size = 15017 bytes
Input file size = 15887 bytes
Trying:
zc = 9 zm = 8 zs = 0 f = 0 IDAT size = 13363
zc = 9 zm = 8 zs = 1 f = 0
zc = 1 zm = 8 zs = 2 f = 0
zc = 9 zm = 8 zs = 3 f = 0
zc = 9 zm = 8 zs = 0 f = 5
zc = 9 zm = 8 zs = 1 f = 5
zc = 1 zm = 8 zs = 2 f = 5
zc = 9 zm = 8 zs = 3 f = 5
Selecting parameters:
zc = 9 zm = 8 zs = 0 f = 0 IDAT size = 13363
Output IDAT size = 13363 bytes (1654 bytes decrease)
Output file size = 13441 bytes (2446 bytes = 15.40% decrease)
** Processing: /data/gannet/ripley/R/packages/tests-devel/MatchIt.Rcheck/vign_test/MatchIt/vignettes/assessing-balance_files/figure-html/unnamed-chunk-16-1.png
672x480 pixels, 3x8 bits/pixel, RGB
Input IDAT size = 21454 bytes
Input file size = 21556 bytes
Trying:
zc = 9 zm = 8 zs = 0 f = 0 IDAT size = 17394
zc = 9 zm = 8 zs = 1 f = 0
zc = 1 zm = 8 zs = 2 f = 0
zc = 9 zm = 8 zs = 3 f = 0
zc = 9 zm = 8 zs = 0 f = 5
zc = 9 zm = 8 zs = 1 f = 5
zc = 1 zm = 8 zs = 2 f = 5
zc = 9 zm = 8 zs = 3 f = 5
Selecting parameters:
zc = 9 zm = 8 zs = 0 f = 0 IDAT size = 17394
Output IDAT size = 17394 bytes (4060 bytes decrease)
Output file size = 17472 bytes (4084 bytes = 18.95% decrease)
** Processing: /data/gannet/ripley/R/packages/tests-devel/MatchIt.Rcheck/vign_test/MatchIt/vignettes/assessing-balance_files/figure-html/unnamed-chunk-17-1.png
672x480 pixels, 3x8 bits/pixel, RGB
Input IDAT size = 35854 bytes
Input file size = 35980 bytes
Trying:
zc = 9 zm = 8 zs = 0 f = 0 IDAT size = 28142
zc = 9 zm = 8 zs = 1 f = 0
zc = 1 zm = 8 zs = 2 f = 0
zc = 9 zm = 8 zs = 3 f = 0
zc = 9 zm = 8 zs = 0 f = 5
zc = 9 zm = 8 zs = 1 f = 5
zc = 1 zm = 8 zs = 2 f = 5
zc = 9 zm = 8 zs = 3 f = 5
Selecting parameters:
zc = 9 zm = 8 zs = 0 f = 0 IDAT size = 28142
Output IDAT size = 28142 bytes (7712 bytes decrease)
Output file size = 28220 bytes (7760 bytes = 21.57% decrease)
** Processing: /data/gannet/ripley/R/packages/tests-devel/MatchIt.Rcheck/vign_test/MatchIt/vignettes/assessing-balance_files/figure-html/unnamed-chunk-18-1.png
672x480 pixels, 3x8 bits/pixel, RGB
Input IDAT size = 42260 bytes
Input file size = 42398 bytes
Trying:
zc = 9 zm = 8 zs = 0 f = 0 IDAT size = 39985
zc = 9 zm = 8 zs = 1 f = 0
zc = 1 zm = 8 zs = 2 f = 0
zc = 9 zm = 8 zs = 3 f = 0
zc = 9 zm = 8 zs = 0 f = 5 IDAT size = 37602
zc = 9 zm = 8 zs = 1 f = 5
zc = 1 zm = 8 zs = 2 f = 5
zc = 9 zm = 8 zs = 3 f = 5
Selecting parameters:
zc = 9 zm = 8 zs = 0 f = 5 IDAT size = 37602
Output IDAT size = 37602 bytes (4658 bytes decrease)
Output file size = 37680 bytes (4718 bytes = 11.13% decrease)
** Processing: /data/gannet/ripley/R/packages/tests-devel/MatchIt.Rcheck/vign_test/MatchIt/vignettes/assessing-balance_files/figure-html/unnamed-chunk-18-2.png
672x480 pixels, 3x8 bits/pixel, RGB
Input IDAT size = 16181 bytes
Input file size = 16271 bytes
Trying:
zc = 9 zm = 8 zs = 0 f = 0 IDAT size = 14594
zc = 9 zm = 8 zs = 1 f = 0
zc = 1 zm = 8 zs = 2 f = 0
zc = 9 zm = 8 zs = 3 f = 0
zc = 9 zm = 8 zs = 0 f = 5 IDAT size = 14064
zc = 9 zm = 8 zs = 1 f = 5
zc = 1 zm = 8 zs = 2 f = 5
zc = 9 zm = 8 zs = 3 f = 5
Selecting parameters:
zc = 9 zm = 8 zs = 0 f = 5 IDAT size = 14064
Output IDAT size = 14064 bytes (2117 bytes decrease)
Output file size = 14142 bytes (2129 bytes = 13.08% decrease)
** Processing: /data/gannet/ripley/R/packages/tests-devel/MatchIt.Rcheck/vign_test/MatchIt/vignettes/assessing-balance_files/figure-html/unnamed-chunk-18-3.png
672x480 pixels, 3x8 bits/pixel, RGB
Input IDAT size = 20201 bytes
Input file size = 20303 bytes
Trying:
zc = 9 zm = 8 zs = 0 f = 0 IDAT size = 17001
zc = 9 zm = 8 zs = 1 f = 0
zc = 1 zm = 8 zs = 2 f = 0
zc = 9 zm = 8 zs = 3 f = 0
zc = 9 zm = 8 zs = 0 f = 5
zc = 9 zm = 8 zs = 1 f = 5
zc = 1 zm = 8 zs = 2 f = 5
zc = 9 zm = 8 zs = 3 f = 5
Selecting parameters:
zc = 9 zm = 8 zs = 0 f = 0 IDAT size = 17001
Output IDAT size = 17001 bytes (3200 bytes decrease)
Output file size = 17079 bytes (3224 bytes = 15.88% decrease)
--- finished re-building ‘assessing-balance.Rmd’
--- re-building ‘estimating-effects.Rmd’ using rmarkdown_notangle
Quitting from lines 583-589 [unnamed-chunk-23] (estimating-effects.Rmd)
Error: processing vignette 'estimating-effects.Rmd' failed with diagnostics:
Assertion failed. One of the following must apply:
* checkmate::check_character(hypothesis): Must comply to pattern '='
* checkmate::check_numeric(hypothesis): Must be of type 'numeric', not 'character'
* checkmate::check_formula(hypothesis): Must be a formula, not character
* checkmate::check_matrix(hypothesis): Must be of type 'matrix', not 'character'
* checkmate::check_function(hypothesis): Must be a function, not 'character'
* checkmate::check_null(hypothesis): Must be NULL
--- failed re-building ‘estimating-effects.Rmd’
--- re-building ‘matching-methods.Rmd’ using rmarkdown_notangle
--- finished re-building ‘matching-methods.Rmd’
--- re-building ‘sampling-weights.Rmd’ using rmarkdown_notangle
--- finished re-building ‘sampling-weights.Rmd’
SUMMARY: processing the following file failed:
‘estimating-effects.Rmd’
Error: Vignette re-building failed.
Execution halted
Flavor: r-devel-linux-x86_64-fedora-gcc
Version: 4.7.0
Check: re-building of vignette outputs
Result: ERROR
Error(s) in re-building vignettes:
--- re-building 'MatchIt.Rmd' using rmarkdown_notangle
--- finished re-building 'MatchIt.Rmd'
--- re-building 'assessing-balance.Rmd' using rmarkdown_notangle
--- finished re-building 'assessing-balance.Rmd'
--- re-building 'estimating-effects.Rmd' using rmarkdown_notangle
Quitting from lines 583-589 [unnamed-chunk-23] (estimating-effects.Rmd)
Error: processing vignette 'estimating-effects.Rmd' failed with diagnostics:
Assertion failed. One of the following must apply:
* checkmate::check_character(hypothesis): Must comply to pattern '='
* checkmate::check_numeric(hypothesis): Must be of type 'numeric', not 'character'
* checkmate::check_formula(hypothesis): Must be a formula, not character
* checkmate::check_matrix(hypothesis): Must be of type 'matrix', not 'character'
* checkmate::check_function(hypothesis): Must be a function, not 'character'
* checkmate::check_null(hypothesis): Must be NULL
--- failed re-building 'estimating-effects.Rmd'
--- re-building 'matching-methods.Rmd' using rmarkdown_notangle
--- finished re-building 'matching-methods.Rmd'
--- re-building 'sampling-weights.Rmd' using rmarkdown_notangle
--- finished re-building 'sampling-weights.Rmd'
SUMMARY: processing the following file failed:
'estimating-effects.Rmd'
Error: Vignette re-building failed.
Execution halted
Flavors: r-devel-windows-x86_64, r-release-windows-x86_64, r-oldrel-windows-x86_64
Version: 4.7.0
Check: package dependencies
Result: NOTE
Package suggested but not available for checking: ‘gurobi’
Flavors: r-patched-linux-x86_64, r-release-linux-x86_64, r-release-macos-arm64, r-release-macos-x86_64, r-release-windows-x86_64, r-oldrel-macos-arm64, r-oldrel-macos-x86_64, r-oldrel-windows-x86_64
Version: 4.7.0
Check: re-building of vignette outputs
Result: ERROR
Error(s) in re-building vignettes:
...
--- re-building ‘MatchIt.Rmd’ using rmarkdown_notangle
** Processing: /home/hornik/tmp/R.check/r-patched-gcc/Work/PKGS/MatchIt.Rcheck/vign_test/MatchIt/vignettes/MatchIt_files/figure-html/unnamed-chunk-7-1.png
672x480 pixels, 8 bits/pixel, 256 colors in palette
Reducing image to 8 bits/pixel, grayscale
Input IDAT size = 22026 bytes
Input file size = 22908 bytes
Trying:
zc = 9 zm = 8 zs = 0 f = 0 IDAT size = 21017
zc = 9 zm = 8 zs = 1 f = 0 IDAT size = 20828
zc = 1 zm = 8 zs = 2 f = 0
zc = 9 zm = 8 zs = 3 f = 0
zc = 9 zm = 8 zs = 0 f = 5
zc = 9 zm = 8 zs = 1 f = 5
zc = 1 zm = 8 zs = 2 f = 5
zc = 9 zm = 8 zs = 3 f = 5
Selecting parameters:
zc = 9 zm = 8 zs = 1 f = 0 IDAT size = 20828
Output IDAT size = 20828 bytes (1198 bytes decrease)
Output file size = 20906 bytes (2002 bytes = 8.74% decrease)
** Processing: /home/hornik/tmp/R.check/r-patched-gcc/Work/PKGS/MatchIt.Rcheck/vign_test/MatchIt/vignettes/MatchIt_files/figure-html/unnamed-chunk-8-1.png
672x480 pixels, 8 bits/pixel, 256 colors in palette
Reducing image to 8 bits/pixel, grayscale
Input IDAT size = 15009 bytes
Input file size = 15879 bytes
Trying:
zc = 9 zm = 8 zs = 0 f = 0 IDAT size = 13283
zc = 9 zm = 8 zs = 1 f = 0
zc = 1 zm = 8 zs = 2 f = 0
zc = 9 zm = 8 zs = 3 f = 0
zc = 9 zm = 8 zs = 0 f = 5
zc = 9 zm = 8 zs = 1 f = 5
zc = 1 zm = 8 zs = 2 f = 5
zc = 9 zm = 8 zs = 3 f = 5
Selecting parameters:
zc = 9 zm = 8 zs = 0 f = 0 IDAT size = 13283
Output IDAT size = 13283 bytes (1726 bytes decrease)
Output file size = 13361 bytes (2518 bytes = 15.86% decrease)
** Processing: /home/hornik/tmp/R.check/r-patched-gcc/Work/PKGS/MatchIt.Rcheck/vign_test/MatchIt/vignettes/MatchIt_files/figure-html/unnamed-chunk-12-1.png
672x480 pixels, 8 bits/pixel, 256 colors in palette
Reducing image to 8 bits/pixel, grayscale
Input IDAT size = 11875 bytes
Input file size = 12745 bytes
Trying:
zc = 9 zm = 8 zs = 0 f = 0 IDAT size = 10969
zc = 9 zm = 8 zs = 1 f = 0 IDAT size = 10917
zc = 1 zm = 8 zs = 2 f = 0
zc = 9 zm = 8 zs = 3 f = 0
zc = 9 zm = 8 zs = 0 f = 5
zc = 9 zm = 8 zs = 1 f = 5
zc = 1 zm = 8 zs = 2 f = 5
zc = 9 zm = 8 zs = 3 f = 5
Selecting parameters:
zc = 9 zm = 8 zs = 1 f = 0 IDAT size = 10917
Output IDAT size = 10917 bytes (958 bytes decrease)
Output file size = 10995 bytes (1750 bytes = 13.73% decrease)
--- finished re-building ‘MatchIt.Rmd’
--- re-building ‘assessing-balance.Rmd’ using rmarkdown_notangle
** Processing: /home/hornik/tmp/R.check/r-patched-gcc/Work/PKGS/MatchIt.Rcheck/vign_test/MatchIt/vignettes/assessing-balance_files/figure-html/unnamed-chunk-3-1.png
672x480 pixels, 8 bits/pixel, 256 colors in palette
Reducing image to 8 bits/pixel, grayscale
Input IDAT size = 16116 bytes
Input file size = 16986 bytes
Trying:
zc = 9 zm = 8 zs = 0 f = 0 IDAT size = 15057
zc = 9 zm = 8 zs = 1 f = 0 IDAT size = 14959
zc = 1 zm = 8 zs = 2 f = 0
zc = 9 zm = 8 zs = 3 f = 0
zc = 9 zm = 8 zs = 0 f = 5
zc = 9 zm = 8 zs = 1 f = 5
zc = 1 zm = 8 zs = 2 f = 5
zc = 9 zm = 8 zs = 3 f = 5
Selecting parameters:
zc = 9 zm = 8 zs = 1 f = 0 IDAT size = 14959
Output IDAT size = 14959 bytes (1157 bytes decrease)
Output file size = 15037 bytes (1949 bytes = 11.47% decrease)
** Processing: /home/hornik/tmp/R.check/r-patched-gcc/Work/PKGS/MatchIt.Rcheck/vign_test/MatchIt/vignettes/assessing-balance_files/figure-html/unnamed-chunk-4-1.png
672x480 pixels, 8 bits/pixel, 256 colors in palette
Reducing image to 8 bits/pixel, grayscale
Input IDAT size = 25498 bytes
Input file size = 26392 bytes
Trying:
zc = 9 zm = 8 zs = 0 f = 0 IDAT size = 23642
zc = 9 zm = 8 zs = 1 f = 0
zc = 1 zm = 8 zs = 2 f = 0
zc = 9 zm = 8 zs = 3 f = 0
zc = 9 zm = 8 zs = 0 f = 5
zc = 9 zm = 8 zs = 1 f = 5
zc = 1 zm = 8 zs = 2 f = 5
zc = 9 zm = 8 zs = 3 f = 5
Selecting parameters:
zc = 9 zm = 8 zs = 0 f = 0 IDAT size = 23642
Output IDAT size = 23642 bytes (1856 bytes decrease)
Output file size = 23720 bytes (2672 bytes = 10.12% decrease)
** Processing: /home/hornik/tmp/R.check/r-patched-gcc/Work/PKGS/MatchIt.Rcheck/vign_test/MatchIt/vignettes/assessing-balance_files/figure-html/unnamed-chunk-5-1.png
672x480 pixels, 8 bits/pixel, 256 colors in palette
Reducing image to 8 bits/pixel, grayscale
Input IDAT size = 11711 bytes
Input file size = 12581 bytes
Trying:
zc = 9 zm = 8 zs = 0 f = 0 IDAT size = 10316
zc = 9 zm = 8 zs = 1 f = 0
zc = 1 zm = 8 zs = 2 f = 0
zc = 9 zm = 8 zs = 3 f = 0
zc = 9 zm = 8 zs = 0 f = 5
zc = 9 zm = 8 zs = 1 f = 5
zc = 1 zm = 8 zs = 2 f = 5
zc = 9 zm = 8 zs = 3 f = 5
Selecting parameters:
zc = 9 zm = 8 zs = 0 f = 0 IDAT size = 10316
Output IDAT size = 10316 bytes (1395 bytes decrease)
Output file size = 10394 bytes (2187 bytes = 17.38% decrease)
** Processing: /home/hornik/tmp/R.check/r-patched-gcc/Work/PKGS/MatchIt.Rcheck/vign_test/MatchIt/vignettes/assessing-balance_files/figure-html/unnamed-chunk-6-1.png
672x480 pixels, 8 bits/pixel, 256 colors in palette
Reducing image to 8 bits/pixel, grayscale
Input IDAT size = 15764 bytes
Input file size = 16634 bytes
Trying:
zc = 9 zm = 8 zs = 0 f = 0 IDAT size = 14081
zc = 9 zm = 8 zs = 1 f = 0
zc = 1 zm = 8 zs = 2 f = 0
zc = 9 zm = 8 zs = 3 f = 0
zc = 9 zm = 8 zs = 0 f = 5
zc = 9 zm = 8 zs = 1 f = 5
zc = 1 zm = 8 zs = 2 f = 5
zc = 9 zm = 8 zs = 3 f = 5
Selecting parameters:
zc = 9 zm = 8 zs = 0 f = 0 IDAT size = 14081
Output IDAT size = 14081 bytes (1683 bytes decrease)
Output file size = 14159 bytes (2475 bytes = 14.88% decrease)
** Processing: /home/hornik/tmp/R.check/r-patched-gcc/Work/PKGS/MatchIt.Rcheck/vign_test/MatchIt/vignettes/assessing-balance_files/figure-html/unnamed-chunk-10-1.png
672x480 pixels, 8 bits/pixel, 256 colors in palette
Reducing image to 8 bits/pixel, grayscale
Input IDAT size = 12085 bytes
Input file size = 12955 bytes
Trying:
zc = 9 zm = 8 zs = 0 f = 0 IDAT size = 11143
zc = 9 zm = 8 zs = 1 f = 0
zc = 1 zm = 8 zs = 2 f = 0
zc = 9 zm = 8 zs = 3 f = 0
zc = 9 zm = 8 zs = 0 f = 5
zc = 9 zm = 8 zs = 1 f = 5
zc = 1 zm = 8 zs = 2 f = 5
zc = 9 zm = 8 zs = 3 f = 5
Selecting parameters:
zc = 9 zm = 8 zs = 0 f = 0 IDAT size = 11143
Output IDAT size = 11143 bytes (942 bytes decrease)
Output file size = 11221 bytes (1734 bytes = 13.38% decrease)
** Processing: /home/hornik/tmp/R.check/r-patched-gcc/Work/PKGS/MatchIt.Rcheck/vign_test/MatchIt/vignettes/assessing-balance_files/figure-html/unnamed-chunk-11-1.png
672x480 pixels, 8 bits/pixel, 256 colors in palette
Reducing image to 8 bits/pixel, grayscale
Input IDAT size = 15048 bytes
Input file size = 15918 bytes
Trying:
zc = 9 zm = 8 zs = 0 f = 0 IDAT size = 13389
zc = 9 zm = 8 zs = 1 f = 0
zc = 1 zm = 8 zs = 2 f = 0
zc = 9 zm = 8 zs = 3 f = 0
zc = 9 zm = 8 zs = 0 f = 5
zc = 9 zm = 8 zs = 1 f = 5
zc = 1 zm = 8 zs = 2 f = 5
zc = 9 zm = 8 zs = 3 f = 5
Selecting parameters:
zc = 9 zm = 8 zs = 0 f = 0 IDAT size = 13389
Output IDAT size = 13389 bytes (1659 bytes decrease)
Output file size = 13467 bytes (2451 bytes = 15.40% decrease)
** Processing: /home/hornik/tmp/R.check/r-patched-gcc/Work/PKGS/MatchIt.Rcheck/vign_test/MatchIt/vignettes/assessing-balance_files/figure-html/unnamed-chunk-16-1.png
672x480 pixels, 3x8 bits/pixel, RGB
Input IDAT size = 21541 bytes
Input file size = 21643 bytes
Trying:
zc = 9 zm = 8 zs = 0 f = 0 IDAT size = 17992
zc = 9 zm = 8 zs = 1 f = 0
zc = 1 zm = 8 zs = 2 f = 0
zc = 9 zm = 8 zs = 3 f = 0
zc = 9 zm = 8 zs = 0 f = 5
zc = 9 zm = 8 zs = 1 f = 5
zc = 1 zm = 8 zs = 2 f = 5
zc = 9 zm = 8 zs = 3 f = 5
Selecting parameters:
zc = 9 zm = 8 zs = 0 f = 0 IDAT size = 17992
Output IDAT size = 17992 bytes (3549 bytes decrease)
Output file size = 18070 bytes (3573 bytes = 16.51% decrease)
** Processing: /home/hornik/tmp/R.check/r-patched-gcc/Work/PKGS/MatchIt.Rcheck/vign_test/MatchIt/vignettes/assessing-balance_files/figure-html/unnamed-chunk-17-1.png
672x480 pixels, 3x8 bits/pixel, RGB
Input IDAT size = 36003 bytes
Input file size = 36129 bytes
Trying:
zc = 9 zm = 8 zs = 0 f = 0 IDAT size = 29147
zc = 9 zm = 8 zs = 1 f = 0
zc = 1 zm = 8 zs = 2 f = 0
zc = 9 zm = 8 zs = 3 f = 0
zc = 9 zm = 8 zs = 0 f = 5
zc = 9 zm = 8 zs = 1 f = 5
zc = 1 zm = 8 zs = 2 f = 5
zc = 9 zm = 8 zs = 3 f = 5
Selecting parameters:
zc = 9 zm = 8 zs = 0 f = 0 IDAT size = 29147
Output IDAT size = 29147 bytes (6856 bytes decrease)
Output file size = 29225 bytes (6904 bytes = 19.11% decrease)
** Processing: /home/hornik/tmp/R.check/r-patched-gcc/Work/PKGS/MatchIt.Rcheck/vign_test/MatchIt/vignettes/assessing-balance_files/figure-html/unnamed-chunk-18-1.png
672x480 pixels, 3x8 bits/pixel, RGB
Input IDAT size = 42559 bytes
Input file size = 42697 bytes
Trying:
zc = 9 zm = 8 zs = 0 f = 0 IDAT size = 41098
zc = 9 zm = 8 zs = 1 f = 0
zc = 1 zm = 8 zs = 2 f = 0
zc = 9 zm = 8 zs = 3 f = 0
zc = 9 zm = 8 zs = 0 f = 5 IDAT size = 39372
zc = 9 zm = 8 zs = 1 f = 5
zc = 1 zm = 8 zs = 2 f = 5
zc = 9 zm = 8 zs = 3 f = 5
Selecting parameters:
zc = 9 zm = 8 zs = 0 f = 5 IDAT size = 39372
Output IDAT size = 39372 bytes (3187 bytes decrease)
Output file size = 39450 bytes (3247 bytes = 7.60% decrease)
** Processing: /home/hornik/tmp/R.check/r-patched-gcc/Work/PKGS/MatchIt.Rcheck/vign_test/MatchIt/vignettes/assessing-balance_files/figure-html/unnamed-chunk-18-2.png
672x480 pixels, 3x8 bits/pixel, RGB
Input IDAT size = 16255 bytes
Input file size = 16345 bytes
Trying:
zc = 9 zm = 8 zs = 0 f = 0 IDAT size = 14961
zc = 9 zm = 8 zs = 1 f = 0
zc = 1 zm = 8 zs = 2 f = 0
zc = 9 zm = 8 zs = 3 f = 0
zc = 9 zm = 8 zs = 0 f = 5 IDAT size = 14609
zc = 9 zm = 8 zs = 1 f = 5
zc = 1 zm = 8 zs = 2 f = 5
zc = 9 zm = 8 zs = 3 f = 5
Selecting parameters:
zc = 9 zm = 8 zs = 0 f = 5 IDAT size = 14609
Output IDAT size = 14609 bytes (1646 bytes decrease)
Output file size = 14687 bytes (1658 bytes = 10.14% decrease)
** Processing: /home/hornik/tmp/R.check/r-patched-gcc/Work/PKGS/MatchIt.Rcheck/vign_test/MatchIt/vignettes/assessing-balance_files/figure-html/unnamed-chunk-18-3.png
672x480 pixels, 3x8 bits/pixel, RGB
Input IDAT size = 20311 bytes
Input file size = 20413 bytes
Trying:
zc = 9 zm = 8 zs = 0 f = 0 IDAT size = 17425
zc = 9 zm = 8 zs = 1 f = 0
zc = 1 zm = 8 zs = 2 f = 0
zc = 9 zm = 8 zs = 3 f = 0
zc = 9 zm = 8 zs = 0 f = 5
zc = 9 zm = 8 zs = 1 f = 5
zc = 1 zm = 8 zs = 2 f = 5
zc = 9 zm = 8 zs = 3 f = 5
Selecting parameters:
zc = 9 zm = 8 zs = 0 f = 0 IDAT size = 17425
Output IDAT size = 17425 bytes (2886 bytes decrease)
Output file size = 17503 bytes (2910 bytes = 14.26% decrease)
--- finished re-building ‘assessing-balance.Rmd’
--- re-building ‘estimating-effects.Rmd’ using rmarkdown_notangle
Quitting from lines 583-589 [unnamed-chunk-23] (estimating-effects.Rmd)
Error: processing vignette 'estimating-effects.Rmd' failed with diagnostics:
Assertion failed. One of the following must apply:
* checkmate::check_character(hypothesis): Must comply to pattern '='
* checkmate::check_numeric(hypothesis): Must be of type 'numeric', not 'character'
* checkmate::check_formula(hypothesis): Must be a formula, not character
* checkmate::check_matrix(hypothesis): Must be of type 'matrix', not 'character'
* checkmate::check_function(hypothesis): Must be a function, not 'character'
* checkmate::check_null(hypothesis): Must be NULL
--- failed re-building ‘estimating-effects.Rmd’
--- re-building ‘matching-methods.Rmd’ using rmarkdown_notangle
--- finished re-building ‘matching-methods.Rmd’
--- re-building ‘sampling-weights.Rmd’ using rmarkdown_notangle
--- finished re-building ‘sampling-weights.Rmd’
SUMMARY: processing the following file failed:
‘estimating-effects.Rmd’
Error: Vignette re-building failed.
Execution halted
Flavor: r-patched-linux-x86_64
Version: 4.7.0
Check: re-building of vignette outputs
Result: ERROR
Error(s) in re-building vignettes:
...
--- re-building ‘MatchIt.Rmd’ using rmarkdown_notangle
** Processing: /home/hornik/tmp/R.check/r-release-gcc/Work/PKGS/MatchIt.Rcheck/vign_test/MatchIt/vignettes/MatchIt_files/figure-html/unnamed-chunk-7-1.png
672x480 pixels, 8 bits/pixel, 256 colors in palette
Reducing image to 8 bits/pixel, grayscale
Input IDAT size = 22083 bytes
Input file size = 22965 bytes
Trying:
zc = 9 zm = 8 zs = 0 f = 0 IDAT size = 21056
zc = 9 zm = 8 zs = 1 f = 0 IDAT size = 20871
zc = 1 zm = 8 zs = 2 f = 0
zc = 9 zm = 8 zs = 3 f = 0
zc = 9 zm = 8 zs = 0 f = 5
zc = 9 zm = 8 zs = 1 f = 5
zc = 1 zm = 8 zs = 2 f = 5
zc = 9 zm = 8 zs = 3 f = 5
Selecting parameters:
zc = 9 zm = 8 zs = 1 f = 0 IDAT size = 20871
Output IDAT size = 20871 bytes (1212 bytes decrease)
Output file size = 20949 bytes (2016 bytes = 8.78% decrease)
** Processing: /home/hornik/tmp/R.check/r-release-gcc/Work/PKGS/MatchIt.Rcheck/vign_test/MatchIt/vignettes/MatchIt_files/figure-html/unnamed-chunk-8-1.png
672x480 pixels, 8 bits/pixel, 256 colors in palette
Reducing image to 8 bits/pixel, grayscale
Input IDAT size = 15009 bytes
Input file size = 15879 bytes
Trying:
zc = 9 zm = 8 zs = 0 f = 0 IDAT size = 13283
zc = 9 zm = 8 zs = 1 f = 0
zc = 1 zm = 8 zs = 2 f = 0
zc = 9 zm = 8 zs = 3 f = 0
zc = 9 zm = 8 zs = 0 f = 5
zc = 9 zm = 8 zs = 1 f = 5
zc = 1 zm = 8 zs = 2 f = 5
zc = 9 zm = 8 zs = 3 f = 5
Selecting parameters:
zc = 9 zm = 8 zs = 0 f = 0 IDAT size = 13283
Output IDAT size = 13283 bytes (1726 bytes decrease)
Output file size = 13361 bytes (2518 bytes = 15.86% decrease)
** Processing: /home/hornik/tmp/R.check/r-release-gcc/Work/PKGS/MatchIt.Rcheck/vign_test/MatchIt/vignettes/MatchIt_files/figure-html/unnamed-chunk-12-1.png
672x480 pixels, 8 bits/pixel, 256 colors in palette
Reducing image to 8 bits/pixel, grayscale
Input IDAT size = 11875 bytes
Input file size = 12745 bytes
Trying:
zc = 9 zm = 8 zs = 0 f = 0 IDAT size = 10969
zc = 9 zm = 8 zs = 1 f = 0 IDAT size = 10917
zc = 1 zm = 8 zs = 2 f = 0
zc = 9 zm = 8 zs = 3 f = 0
zc = 9 zm = 8 zs = 0 f = 5
zc = 9 zm = 8 zs = 1 f = 5
zc = 1 zm = 8 zs = 2 f = 5
zc = 9 zm = 8 zs = 3 f = 5
Selecting parameters:
zc = 9 zm = 8 zs = 1 f = 0 IDAT size = 10917
Output IDAT size = 10917 bytes (958 bytes decrease)
Output file size = 10995 bytes (1750 bytes = 13.73% decrease)
--- finished re-building ‘MatchIt.Rmd’
--- re-building ‘assessing-balance.Rmd’ using rmarkdown_notangle
** Processing: /home/hornik/tmp/R.check/r-release-gcc/Work/PKGS/MatchIt.Rcheck/vign_test/MatchIt/vignettes/assessing-balance_files/figure-html/unnamed-chunk-3-1.png
672x480 pixels, 8 bits/pixel, 256 colors in palette
Reducing image to 8 bits/pixel, grayscale
Input IDAT size = 16116 bytes
Input file size = 16986 bytes
Trying:
zc = 9 zm = 8 zs = 0 f = 0 IDAT size = 15057
zc = 9 zm = 8 zs = 1 f = 0 IDAT size = 14959
zc = 1 zm = 8 zs = 2 f = 0
zc = 9 zm = 8 zs = 3 f = 0
zc = 9 zm = 8 zs = 0 f = 5
zc = 9 zm = 8 zs = 1 f = 5
zc = 1 zm = 8 zs = 2 f = 5
zc = 9 zm = 8 zs = 3 f = 5
Selecting parameters:
zc = 9 zm = 8 zs = 1 f = 0 IDAT size = 14959
Output IDAT size = 14959 bytes (1157 bytes decrease)
Output file size = 15037 bytes (1949 bytes = 11.47% decrease)
** Processing: /home/hornik/tmp/R.check/r-release-gcc/Work/PKGS/MatchIt.Rcheck/vign_test/MatchIt/vignettes/assessing-balance_files/figure-html/unnamed-chunk-4-1.png
672x480 pixels, 8 bits/pixel, 256 colors in palette
Reducing image to 8 bits/pixel, grayscale
Input IDAT size = 25672 bytes
Input file size = 26566 bytes
Trying:
zc = 9 zm = 8 zs = 0 f = 0 IDAT size = 23796
zc = 9 zm = 8 zs = 1 f = 0
zc = 1 zm = 8 zs = 2 f = 0
zc = 9 zm = 8 zs = 3 f = 0
zc = 9 zm = 8 zs = 0 f = 5
zc = 9 zm = 8 zs = 1 f = 5
zc = 1 zm = 8 zs = 2 f = 5
zc = 9 zm = 8 zs = 3 f = 5
Selecting parameters:
zc = 9 zm = 8 zs = 0 f = 0 IDAT size = 23796
Output IDAT size = 23796 bytes (1876 bytes decrease)
Output file size = 23874 bytes (2692 bytes = 10.13% decrease)
** Processing: /home/hornik/tmp/R.check/r-release-gcc/Work/PKGS/MatchIt.Rcheck/vign_test/MatchIt/vignettes/assessing-balance_files/figure-html/unnamed-chunk-5-1.png
672x480 pixels, 8 bits/pixel, 256 colors in palette
Reducing image to 8 bits/pixel, grayscale
Input IDAT size = 11711 bytes
Input file size = 12581 bytes
Trying:
zc = 9 zm = 8 zs = 0 f = 0 IDAT size = 10316
zc = 9 zm = 8 zs = 1 f = 0
zc = 1 zm = 8 zs = 2 f = 0
zc = 9 zm = 8 zs = 3 f = 0
zc = 9 zm = 8 zs = 0 f = 5
zc = 9 zm = 8 zs = 1 f = 5
zc = 1 zm = 8 zs = 2 f = 5
zc = 9 zm = 8 zs = 3 f = 5
Selecting parameters:
zc = 9 zm = 8 zs = 0 f = 0 IDAT size = 10316
Output IDAT size = 10316 bytes (1395 bytes decrease)
Output file size = 10394 bytes (2187 bytes = 17.38% decrease)
** Processing: /home/hornik/tmp/R.check/r-release-gcc/Work/PKGS/MatchIt.Rcheck/vign_test/MatchIt/vignettes/assessing-balance_files/figure-html/unnamed-chunk-6-1.png
672x480 pixels, 8 bits/pixel, 256 colors in palette
Reducing image to 8 bits/pixel, grayscale
Input IDAT size = 15764 bytes
Input file size = 16634 bytes
Trying:
zc = 9 zm = 8 zs = 0 f = 0 IDAT size = 14081
zc = 9 zm = 8 zs = 1 f = 0
zc = 1 zm = 8 zs = 2 f = 0
zc = 9 zm = 8 zs = 3 f = 0
zc = 9 zm = 8 zs = 0 f = 5
zc = 9 zm = 8 zs = 1 f = 5
zc = 1 zm = 8 zs = 2 f = 5
zc = 9 zm = 8 zs = 3 f = 5
Selecting parameters:
zc = 9 zm = 8 zs = 0 f = 0 IDAT size = 14081
Output IDAT size = 14081 bytes (1683 bytes decrease)
Output file size = 14159 bytes (2475 bytes = 14.88% decrease)
** Processing: /home/hornik/tmp/R.check/r-release-gcc/Work/PKGS/MatchIt.Rcheck/vign_test/MatchIt/vignettes/assessing-balance_files/figure-html/unnamed-chunk-10-1.png
672x480 pixels, 8 bits/pixel, 256 colors in palette
Reducing image to 8 bits/pixel, grayscale
Input IDAT size = 12085 bytes
Input file size = 12955 bytes
Trying:
zc = 9 zm = 8 zs = 0 f = 0 IDAT size = 11143
zc = 9 zm = 8 zs = 1 f = 0
zc = 1 zm = 8 zs = 2 f = 0
zc = 9 zm = 8 zs = 3 f = 0
zc = 9 zm = 8 zs = 0 f = 5
zc = 9 zm = 8 zs = 1 f = 5
zc = 1 zm = 8 zs = 2 f = 5
zc = 9 zm = 8 zs = 3 f = 5
Selecting parameters:
zc = 9 zm = 8 zs = 0 f = 0 IDAT size = 11143
Output IDAT size = 11143 bytes (942 bytes decrease)
Output file size = 11221 bytes (1734 bytes = 13.38% decrease)
** Processing: /home/hornik/tmp/R.check/r-release-gcc/Work/PKGS/MatchIt.Rcheck/vign_test/MatchIt/vignettes/assessing-balance_files/figure-html/unnamed-chunk-11-1.png
672x480 pixels, 8 bits/pixel, 256 colors in palette
Reducing image to 8 bits/pixel, grayscale
Input IDAT size = 15048 bytes
Input file size = 15918 bytes
Trying:
zc = 9 zm = 8 zs = 0 f = 0 IDAT size = 13389
zc = 9 zm = 8 zs = 1 f = 0
zc = 1 zm = 8 zs = 2 f = 0
zc = 9 zm = 8 zs = 3 f = 0
zc = 9 zm = 8 zs = 0 f = 5
zc = 9 zm = 8 zs = 1 f = 5
zc = 1 zm = 8 zs = 2 f = 5
zc = 9 zm = 8 zs = 3 f = 5
Selecting parameters:
zc = 9 zm = 8 zs = 0 f = 0 IDAT size = 13389
Output IDAT size = 13389 bytes (1659 bytes decrease)
Output file size = 13467 bytes (2451 bytes = 15.40% decrease)
** Processing: /home/hornik/tmp/R.check/r-release-gcc/Work/PKGS/MatchIt.Rcheck/vign_test/MatchIt/vignettes/assessing-balance_files/figure-html/unnamed-chunk-16-1.png
672x480 pixels, 3x8 bits/pixel, RGB
Input IDAT size = 21541 bytes
Input file size = 21643 bytes
Trying:
zc = 9 zm = 8 zs = 0 f = 0 IDAT size = 17992
zc = 9 zm = 8 zs = 1 f = 0
zc = 1 zm = 8 zs = 2 f = 0
zc = 9 zm = 8 zs = 3 f = 0
zc = 9 zm = 8 zs = 0 f = 5
zc = 9 zm = 8 zs = 1 f = 5
zc = 1 zm = 8 zs = 2 f = 5
zc = 9 zm = 8 zs = 3 f = 5
Selecting parameters:
zc = 9 zm = 8 zs = 0 f = 0 IDAT size = 17992
Output IDAT size = 17992 bytes (3549 bytes decrease)
Output file size = 18070 bytes (3573 bytes = 16.51% decrease)
** Processing: /home/hornik/tmp/R.check/r-release-gcc/Work/PKGS/MatchIt.Rcheck/vign_test/MatchIt/vignettes/assessing-balance_files/figure-html/unnamed-chunk-17-1.png
672x480 pixels, 3x8 bits/pixel, RGB
Input IDAT size = 36003 bytes
Input file size = 36129 bytes
Trying:
zc = 9 zm = 8 zs = 0 f = 0 IDAT size = 29147
zc = 9 zm = 8 zs = 1 f = 0
zc = 1 zm = 8 zs = 2 f = 0
zc = 9 zm = 8 zs = 3 f = 0
zc = 9 zm = 8 zs = 0 f = 5
zc = 9 zm = 8 zs = 1 f = 5
zc = 1 zm = 8 zs = 2 f = 5
zc = 9 zm = 8 zs = 3 f = 5
Selecting parameters:
zc = 9 zm = 8 zs = 0 f = 0 IDAT size = 29147
Output IDAT size = 29147 bytes (6856 bytes decrease)
Output file size = 29225 bytes (6904 bytes = 19.11% decrease)
** Processing: /home/hornik/tmp/R.check/r-release-gcc/Work/PKGS/MatchIt.Rcheck/vign_test/MatchIt/vignettes/assessing-balance_files/figure-html/unnamed-chunk-18-1.png
672x480 pixels, 3x8 bits/pixel, RGB
Input IDAT size = 42559 bytes
Input file size = 42697 bytes
Trying:
zc = 9 zm = 8 zs = 0 f = 0 IDAT size = 41098
zc = 9 zm = 8 zs = 1 f = 0
zc = 1 zm = 8 zs = 2 f = 0
zc = 9 zm = 8 zs = 3 f = 0
zc = 9 zm = 8 zs = 0 f = 5 IDAT size = 39372
zc = 9 zm = 8 zs = 1 f = 5
zc = 1 zm = 8 zs = 2 f = 5
zc = 9 zm = 8 zs = 3 f = 5
Selecting parameters:
zc = 9 zm = 8 zs = 0 f = 5 IDAT size = 39372
Output IDAT size = 39372 bytes (3187 bytes decrease)
Output file size = 39450 bytes (3247 bytes = 7.60% decrease)
** Processing: /home/hornik/tmp/R.check/r-release-gcc/Work/PKGS/MatchIt.Rcheck/vign_test/MatchIt/vignettes/assessing-balance_files/figure-html/unnamed-chunk-18-2.png
672x480 pixels, 3x8 bits/pixel, RGB
Input IDAT size = 16255 bytes
Input file size = 16345 bytes
Trying:
zc = 9 zm = 8 zs = 0 f = 0 IDAT size = 14961
zc = 9 zm = 8 zs = 1 f = 0
zc = 1 zm = 8 zs = 2 f = 0
zc = 9 zm = 8 zs = 3 f = 0
zc = 9 zm = 8 zs = 0 f = 5 IDAT size = 14609
zc = 9 zm = 8 zs = 1 f = 5
zc = 1 zm = 8 zs = 2 f = 5
zc = 9 zm = 8 zs = 3 f = 5
Selecting parameters:
zc = 9 zm = 8 zs = 0 f = 5 IDAT size = 14609
Output IDAT size = 14609 bytes (1646 bytes decrease)
Output file size = 14687 bytes (1658 bytes = 10.14% decrease)
** Processing: /home/hornik/tmp/R.check/r-release-gcc/Work/PKGS/MatchIt.Rcheck/vign_test/MatchIt/vignettes/assessing-balance_files/figure-html/unnamed-chunk-18-3.png
672x480 pixels, 3x8 bits/pixel, RGB
Input IDAT size = 20311 bytes
Input file size = 20413 bytes
Trying:
zc = 9 zm = 8 zs = 0 f = 0 IDAT size = 17425
zc = 9 zm = 8 zs = 1 f = 0
zc = 1 zm = 8 zs = 2 f = 0
zc = 9 zm = 8 zs = 3 f = 0
zc = 9 zm = 8 zs = 0 f = 5
zc = 9 zm = 8 zs = 1 f = 5
zc = 1 zm = 8 zs = 2 f = 5
zc = 9 zm = 8 zs = 3 f = 5
Selecting parameters:
zc = 9 zm = 8 zs = 0 f = 0 IDAT size = 17425
Output IDAT size = 17425 bytes (2886 bytes decrease)
Output file size = 17503 bytes (2910 bytes = 14.26% decrease)
--- finished re-building ‘assessing-balance.Rmd’
--- re-building ‘estimating-effects.Rmd’ using rmarkdown_notangle
Quitting from lines 583-589 [unnamed-chunk-23] (estimating-effects.Rmd)
Error: processing vignette 'estimating-effects.Rmd' failed with diagnostics:
Assertion failed. One of the following must apply:
* checkmate::check_character(hypothesis): Must comply to pattern '='
* checkmate::check_numeric(hypothesis): Must be of type 'numeric', not 'character'
* checkmate::check_formula(hypothesis): Must be a formula, not character
* checkmate::check_matrix(hypothesis): Must be of type 'matrix', not 'character'
* checkmate::check_function(hypothesis): Must be a function, not 'character'
* checkmate::check_null(hypothesis): Must be NULL
--- failed re-building ‘estimating-effects.Rmd’
--- re-building ‘matching-methods.Rmd’ using rmarkdown_notangle
--- finished re-building ‘matching-methods.Rmd’
--- re-building ‘sampling-weights.Rmd’ using rmarkdown_notangle
--- finished re-building ‘sampling-weights.Rmd’
SUMMARY: processing the following file failed:
‘estimating-effects.Rmd’
Error: Vignette re-building failed.
Execution halted
Flavor: r-release-linux-x86_64
Version: 4.7.0
Check: installed package size
Result: NOTE
installed size is 9.0Mb
sub-directories of 1Mb or more:
doc 1.3Mb
libs 6.6Mb
Flavors: r-release-macos-arm64, r-release-macos-x86_64, r-oldrel-macos-arm64, r-oldrel-macos-x86_64
These binaries (installable software) and packages are in development.
They may not be fully stable and should be used with caution. We make no claims about them.
Health stats visible at Monitor.