CRAN Package Check Results for Package Massign

Last updated on 2025-05-15 09:52:32 CEST.

Flavor Version Tinstall Tcheck Ttotal Status Flags
r-devel-linux-x86_64-debian-clang 1.1.0 1.57 17.38 18.95 NOTE
r-devel-linux-x86_64-debian-gcc 1.1.0 1.23 14.42 15.65 NOTE
r-devel-linux-x86_64-fedora-clang 1.1.0 30.78 OK
r-devel-linux-x86_64-fedora-gcc 1.1.0 29.14 OK
r-devel-windows-x86_64 1.1.0 3.00 39.00 42.00 OK
r-patched-linux-x86_64 1.1.0 1.64 16.87 18.51 OK
r-release-linux-x86_64 1.1.0 1.53 16.95 18.48 OK
r-release-macos-arm64 1.1.0 15.00 OK
r-release-macos-x86_64 1.1.0 23.00 OK
r-release-windows-x86_64 1.1.0 2.00 46.00 48.00 OK
r-oldrel-macos-arm64 1.1.0 14.00 NOTE
r-oldrel-macos-x86_64 1.1.0 20.00 NOTE
r-oldrel-windows-x86_64 1.1.0 3.00 42.00 45.00 NOTE

Check Details

Version: 1.1.0
Check: CRAN incoming feasibility
Result: NOTE Maintainer: ‘Erik-Jan van Kesteren <e.vankesteren1@uu.nl>’ No Authors@R field in DESCRIPTION. Please add one, modifying Authors@R: person(given = "Erik-Jan", family = "van Kesteren", role = c("aut", "cre"), email = "e.vankesteren1@uu.nl") as necessary. Flavors: r-devel-linux-x86_64-debian-clang, r-devel-linux-x86_64-debian-gcc

Version: 1.1.0
Check: LazyData
Result: NOTE 'LazyData' is specified without a 'data' directory Flavors: r-oldrel-macos-arm64, r-oldrel-macos-x86_64, r-oldrel-windows-x86_64

These binaries (installable software) and packages are in development.
They may not be fully stable and should be used with caution. We make no claims about them.
Health stats visible at Monitor.