CRAN Package Check Results for Package MandalaR

Last updated on 2025-05-17 15:50:47 CEST.

Flavor Version Tinstall Tcheck Ttotal Status Flags
r-devel-linux-x86_64-debian-clang 0.1.0 2.83 25.23 28.06 NOTE
r-devel-linux-x86_64-debian-gcc 0.1.0 2.73 19.85 22.58 NOTE
r-devel-linux-x86_64-fedora-clang 0.1.0 43.23 OK
r-devel-linux-x86_64-fedora-gcc 0.1.0 42.34 OK
r-devel-windows-x86_64 0.1.0 5.00 54.00 59.00 OK
r-patched-linux-x86_64 0.1.0 2.63 24.14 26.77 OK
r-release-linux-x86_64 0.1.0 2.78 23.95 26.73 OK
r-release-macos-arm64 0.1.0 21.00 OK
r-release-macos-x86_64 0.1.0 37.00 OK
r-release-windows-x86_64 0.1.0 5.00 55.00 60.00 OK
r-oldrel-macos-arm64 0.1.0 19.00 OK
r-oldrel-macos-x86_64 0.1.0 29.00 OK
r-oldrel-windows-x86_64 0.1.0 5.00 59.00 64.00 OK

Check Details

Version: 0.1.0
Check: CRAN incoming feasibility
Result: NOTE Maintainer: ‘Luciane Ferreira Alcoforado <lucianea@id.uff.br>’ No Authors@R field in DESCRIPTION. Please add one, modifying Authors@R: person(given = c("Luciane", "Ferreira"), family = "Alcoforado", role = c("aut", "cre"), email = "lucianea@id.uff.br") as necessary. Flavors: r-devel-linux-x86_64-debian-clang, r-devel-linux-x86_64-debian-gcc

These binaries (installable software) and packages are in development.
They may not be fully stable and should be used with caution. We make no claims about them.
Health stats visible at Monitor.