Last updated on 2025-10-31 01:49:04 CET.
| Flavor | Version | Tinstall | Tcheck | Ttotal | Status | Flags | 
|---|---|---|---|---|---|---|
| r-devel-linux-x86_64-debian-clang | 0.3.2 | 2.52 | 26.76 | 29.28 | NOTE | |
| r-devel-linux-x86_64-debian-gcc | 0.3.2 | 2.10 | 20.98 | 23.08 | NOTE | |
| r-devel-linux-x86_64-fedora-clang | 0.3.2 | 43.83 | OK | |||
| r-devel-linux-x86_64-fedora-gcc | 0.3.2 | 11.00 | 32.82 | 43.82 | OK | |
| r-devel-windows-x86_64 | 0.3.2 | 3.00 | 44.00 | 47.00 | OK | |
| r-patched-linux-x86_64 | 0.3.2 | 2.86 | 25.06 | 27.92 | OK | |
| r-release-linux-x86_64 | 0.3.2 | 2.50 | 25.37 | 27.87 | OK | |
| r-release-macos-arm64 | 0.3.2 | 1.00 | 15.00 | 16.00 | OK | |
| r-release-macos-x86_64 | 0.3.2 | 3.00 | 29.00 | 32.00 | OK | |
| r-release-windows-x86_64 | 0.3.2 | 3.00 | 47.00 | 50.00 | OK | |
| r-oldrel-macos-arm64 | 0.3.2 | 1.00 | 15.00 | 16.00 | NOTE | |
| r-oldrel-macos-x86_64 | 0.3.2 | 2.00 | 23.00 | 25.00 | NOTE | |
| r-oldrel-windows-x86_64 | 0.3.2 | 4.00 | 53.00 | 57.00 | NOTE | 
Version: 0.3.2
Check: CRAN incoming feasibility
Result: NOTE
  Maintainer: ‘Dexter Cahoy <cahoyd@uhd.edu>’
  
  No Authors@R field in DESCRIPTION.
  Please add one, modifying
    Authors@R: person(given = "Dexter",
                      family = "Cahoy",
                      role = c("aut", "cre"),
                      email = "cahoyd@uhd.edu")
  as necessary.
  
  Found the following URLs which should use \doi (with the DOI name only):
    File ‘dmwright1.Rd’:
      https://doi.org/10.3233/MAS-170388
      https://doi.org/10.1007/s00180-011-0269-x
      https://doi.org/10.1155/2010/104505
    File ‘dmwright2.Rd’:
      https://doi.org/10.3233/MAS-170388
      https://doi.org/10.1007/s00180-011-0269-x
      https://doi.org/10.1080/03610926.2010.543299
      https://doi.org/10.1155/2010/104505
    File ‘int_est1.Rd’:
      https://doi.org/10.3233/MAS-170388
      https://doi.org/10.1007/s00180-011-0269-x
      https://doi.org/10.1080/03610926.2010.543299
      https://doi.org/10.1155/2010/104505
    File ‘int_est2.Rd’:
      https://doi.org/10.3233/MAS-170388
      https://doi.org/10.1007/s00180-011-0269-x
      https://doi.org/10.1080/03610926.2010.543299
      https://doi.org/10.1155/2010/104505
    File ‘pmwright1.Rd’:
      https://doi.org/10.3233/MAS-170388
      https://doi.org/10.1007/s00180-011-0269-x
      https://doi.org/10.1080/03610926.2010.543299
      https://doi.org/10.1155/2010/104505
    File ‘pmwright2.Rd’:
      https://doi.org/10.3233/MAS-170388
      https://doi.org/10.1007/s00180-011-0269-x
      https://doi.org/10.1080/03610926.2010.543299
      https://doi.org/10.1155/2010/104505
    File ‘point_est1.Rd’:
      https://doi.org/10.3233/MAS-170388
      https://doi.org/10.1007/s00180-011-0269-x
      https://doi.org/10.1080/03610926.2010.543299
      https://doi.org/10.1155/2010/104505
    File ‘point_est2.Rd’:
      https://doi.org/10.3233/MAS-170388
      https://doi.org/10.1007/s00180-011-0269-x
      https://doi.org/10.1080/03610926.2010.543299
      https://doi.org/10.1155/2010/104505
    File ‘rmwright1.Rd’:
      https://doi.org/10.3233/MAS-170388
      https://doi.org/10.1007/s00180-011-0269-x
      https://doi.org/10.1080/03610926.2010.543299
      https://doi.org/10.1155/2010/104505
    File ‘rmwright2.Rd’:
      https://doi.org/10.3233/MAS-170388
      https://doi.org/10.1007/s00180-011-0269-x
      https://doi.org/10.1080/03610926.2010.543299
      https://doi.org/10.1155/2010/104505
Flavors: r-devel-linux-x86_64-debian-clang, r-devel-linux-x86_64-debian-gcc
Version: 0.3.2
Check: LazyData
Result: NOTE
    'LazyData' is specified without a 'data' directory
Flavors: r-oldrel-macos-arm64, r-oldrel-macos-x86_64, r-oldrel-windows-x86_64
These binaries (installable software) and packages are in development.
They may not be fully stable and should be used with caution. We make no claims about them.
Health stats visible at Monitor.