Last updated on 2025-02-23 15:49:51 CET.
Flavor | Version | Tinstall | Tcheck | Ttotal | Status | Flags |
---|---|---|---|---|---|---|
r-devel-linux-x86_64-debian-clang | 0.3.3 | 29.62 | 212.76 | 242.38 | NOTE | |
r-devel-linux-x86_64-debian-gcc | 0.3.3 | 21.89 | 153.98 | 175.87 | NOTE | |
r-devel-linux-x86_64-fedora-clang | 0.3.3 | 411.75 | NOTE | |||
r-devel-linux-x86_64-fedora-gcc | 0.3.3 | 397.29 | NOTE | |||
r-devel-macos-arm64 | 0.3.3 | 102.00 | NOTE | |||
r-devel-macos-x86_64 | 0.3.3 | 219.00 | NOTE | |||
r-devel-windows-x86_64 | 0.3.3 | 30.00 | 191.00 | 221.00 | NOTE | |
r-patched-linux-x86_64 | 0.3.3 | 26.63 | 201.30 | 227.93 | NOTE | |
r-release-linux-x86_64 | 0.3.3 | 25.21 | 205.99 | 231.20 | NOTE | |
r-release-macos-arm64 | 0.3.3 | 96.00 | NOTE | |||
r-release-macos-x86_64 | 0.3.3 | 144.00 | NOTE | |||
r-release-windows-x86_64 | 0.3.3 | 30.00 | 188.00 | 218.00 | NOTE | |
r-oldrel-macos-arm64 | 0.3.3 | 84.00 | OK | |||
r-oldrel-macos-x86_64 | 0.3.3 | 173.00 | OK | |||
r-oldrel-windows-x86_64 | 0.3.3 | 39.00 | 252.00 | 291.00 | OK |
Version: 0.3.3
Check: Rd files
Result: NOTE
checkRd: (-1) SignalProcessing.Rd:42: Lost braces; missing escapes or markup?
42 | \item{calibrateIntensity_method}{a \code{character} indicating the intensities calibration method used (\code{"TIC"} method by default). This calibration method can be remplaced by \code{"PQN"} or {"median"}.See \code{calibrateIntensity-methods} of the \code{MALDIquant} R package for details.}
| ^
Flavors: r-devel-linux-x86_64-debian-clang, r-devel-linux-x86_64-debian-gcc, r-devel-linux-x86_64-fedora-clang, r-devel-linux-x86_64-fedora-gcc, r-devel-macos-arm64, r-devel-macos-x86_64, r-devel-windows-x86_64, r-patched-linux-x86_64, r-release-linux-x86_64, r-release-macos-arm64, r-release-macos-x86_64, r-release-windows-x86_64
These binaries (installable software) and packages are in development.
They may not be fully stable and should be used with caution. We make no claims about them.
Health stats visible at Monitor.