Last updated on 2025-05-03 22:50:00 CEST.
Flavor | Version | Tinstall | Tcheck | Ttotal | Status | Flags |
---|---|---|---|---|---|---|
r-devel-linux-x86_64-debian-clang | 0.4-2 | 6.91 | 80.07 | 86.98 | NOTE | |
r-devel-linux-x86_64-debian-gcc | 0.4-2 | 4.61 | 57.45 | 62.06 | NOTE | |
r-devel-linux-x86_64-fedora-clang | 0.4-2 | 127.43 | NOTE | |||
r-devel-linux-x86_64-fedora-gcc | 0.4-2 | 139.72 | NOTE | |||
r-devel-windows-x86_64 | 0.4-2 | 8.00 | 105.00 | 113.00 | NOTE | |
r-patched-linux-x86_64 | 0.4-2 | 6.71 | 76.63 | 83.34 | NOTE | |
r-release-linux-x86_64 | NOTE | |||||
r-release-macos-arm64 | 0.4-2 | 52.00 | NOTE | |||
r-release-macos-x86_64 | 0.4-2 | 185.00 | NOTE | |||
r-release-windows-x86_64 | 0.4-2 | 8.00 | 104.00 | 112.00 | NOTE | |
r-oldrel-macos-arm64 | 0.4-2 | 58.00 | NOTE | |||
r-oldrel-macos-x86_64 | 0.4-2 | 118.00 | NOTE | |||
r-oldrel-windows-x86_64 | 0.4-2 | 10.00 | 134.00 | 144.00 | NOTE |
Version: 0.4-2
Check: CRAN incoming feasibility
Result: NOTE
Maintainer: ‘Henrik Singmann <singmann@gmail.com>’
Found the following URLs which should use \doi (with the DOI name only):
File ‘fit_mpt.Rd’:
https://doi.org/10.3758/PBR.15.4.713
Flavors: r-devel-linux-x86_64-debian-clang, r-devel-linux-x86_64-debian-gcc
Version: 0.4-2
Check: Rd files
Result: NOTE
checkRd: (-1) fit_mpt.Rd:139-142: Lost braces in \itemize; meant \describe ?
checkRd: (-1) fit_mpt.Rd:143-148: Lost braces in \itemize; meant \describe ?
checkRd: (-1) fit_mpt.Rd:149-159: Lost braces in \itemize; meant \describe ?
checkRd: (-1) fit_mpt.Rd:167-168: Lost braces in \itemize; meant \describe ?
checkRd: (-1) fit_mpt.Rd:169: Lost braces in \itemize; meant \describe ?
checkRd: (-1) fit_mpt.Rd:170: Lost braces in \itemize; meant \describe ?
checkRd: (-1) fit_mpt.Rd:171: Lost braces in \itemize; meant \describe ?
checkRd: (-1) fit_mpt.Rd:176-177: Lost braces in \itemize; meant \describe ?
checkRd: (-1) fit_mpt.Rd:178-179: Lost braces in \itemize; meant \describe ?
checkRd: (-1) fit_mpt.Rd:180-181: Lost braces in \itemize; meant \describe ?
checkRd: (-1) fit_mpt.Rd:182-184: Lost braces in \itemize; meant \describe ?
checkRd: (-1) fit_mpt.Rd:185-186: Lost braces in \itemize; meant \describe ?
checkRd: (-1) fit_mpt.Rd:187-188: Lost braces in \itemize; meant \describe ?
checkRd: (-1) mpt_options.Rd:12: Lost braces in \itemize; meant \describe ?
checkRd: (-1) mpt_options.Rd:13: Lost braces in \itemize; meant \describe ?
checkRd: (-1) mpt_options.Rd:14: Lost braces in \itemize; meant \describe ?
checkRd: (-1) mpt_options.Rd:15: Lost braces in \itemize; meant \describe ?
checkRd: (-1) mpt_options.Rd:16: Lost braces in \itemize; meant \describe ?
checkRd: (-1) mpt_options.Rd:17: Lost braces in \itemize; meant \describe ?
checkRd: (-1) mpt_options.Rd:18: Lost braces in \itemize; meant \describe ?
checkRd: (-1) mpt_options.Rd:19: Lost braces in \itemize; meant \describe ?
checkRd: (-1) mpt_options.Rd:20: Lost braces in \itemize; meant \describe ?
checkRd: (-1) mpt_options.Rd:21: Lost braces in \itemize; meant \describe ?
checkRd: (-1) mpt_options.Rd:22: Lost braces in \itemize; meant \describe ?
checkRd: (-1) mpt_options.Rd:23: Lost braces in \itemize; meant \describe ?
checkRd: (-1) mpt_options.Rd:24: Lost braces in \itemize; meant \describe ?
checkRd: (-1) mpt_options.Rd:25: Lost braces in \itemize; meant \describe ?
checkRd: (-1) mpt_options.Rd:26: Lost braces in \itemize; meant \describe ?
checkRd: (-1) mpt_options.Rd:27: Lost braces in \itemize; meant \describe ?
Flavors: r-devel-linux-x86_64-debian-clang, r-devel-linux-x86_64-debian-gcc, r-devel-linux-x86_64-fedora-clang, r-devel-linux-x86_64-fedora-gcc, r-devel-windows-x86_64, r-patched-linux-x86_64, r-release-linux-x86_64, r-release-macos-arm64, r-release-macos-x86_64, r-release-windows-x86_64, r-oldrel-macos-arm64, r-oldrel-macos-x86_64, r-oldrel-windows-x86_64
Version: 0.4-2
Check: LazyData
Result: NOTE
'LazyData' is specified without a 'data' directory
Flavors: r-oldrel-macos-arm64, r-oldrel-macos-x86_64, r-oldrel-windows-x86_64
These binaries (installable software) and packages are in development.
They may not be fully stable and should be used with caution. We make no claims about them.
Health stats visible at Monitor.