Last updated on 2025-02-02 07:50:19 CET.
Flavor | Version | Tinstall | Tcheck | Ttotal | Status | Flags |
---|---|---|---|---|---|---|
r-devel-linux-x86_64-debian-clang | 1.14.1 | 47.21 | 192.93 | 240.14 | NOTE | |
r-devel-linux-x86_64-debian-gcc | 1.14.1 | 40.09 | 130.39 | 170.48 | NOTE | |
r-devel-linux-x86_64-fedora-clang | 1.14.1 | 398.20 | NOTE | |||
r-devel-linux-x86_64-fedora-gcc | 1.14.1 | 417.47 | NOTE | |||
r-devel-windows-x86_64 | 1.14.1 | 48.00 | 241.00 | 289.00 | NOTE | |
r-patched-linux-x86_64 | 1.14.1 | 53.41 | 186.97 | 240.38 | NOTE | |
r-release-linux-x86_64 | 1.14.1 | 52.79 | 185.81 | 238.60 | NOTE | |
r-release-macos-arm64 | 1.14.1 | 107.00 | NOTE | |||
r-release-macos-x86_64 | 1.14.1 | 295.00 | NOTE | |||
r-release-windows-x86_64 | 1.14.1 | 50.00 | 238.00 | 288.00 | NOTE | |
r-oldrel-macos-arm64 | 1.14.1 | 123.00 | NOTE | |||
r-oldrel-macos-x86_64 | 1.14.1 | 199.00 | NOTE | |||
r-oldrel-windows-x86_64 | 1.14.1 | 58.00 | 281.00 | 339.00 | OK |
Version: 1.14.1
Check: Rd files
Result: NOTE
checkRd: (-1) get.mpt.fia.Rd:60: Lost braces
60 | \item{lnconst}{When inequality constraints are present, \code{lnconst} serves as an adjustment of code{lnInt}. It estimates the logarithm of the proportion of parameter space [0,1]^S that satisfies those inequality constraints, and the log integral term is given by \code{lnInt+lnconst}.
| ^
checkRd: (-1) prediction.plot.Rd:38: Lost braces
38 | The labels on the x-axis. Default is \code{Tree 1} to code{Tree n}.
| ^
Flavors: r-devel-linux-x86_64-debian-clang, r-devel-linux-x86_64-debian-gcc, r-devel-linux-x86_64-fedora-clang, r-devel-linux-x86_64-fedora-gcc, r-devel-windows-x86_64, r-patched-linux-x86_64, r-release-linux-x86_64, r-release-macos-arm64, r-release-macos-x86_64, r-release-windows-x86_64
Version: 1.14.1
Check: installed package size
Result: NOTE
installed size is 13.3Mb
sub-directories of 1Mb or more:
libs 12.3Mb
Flavors: r-release-macos-arm64, r-release-macos-x86_64, r-oldrel-macos-arm64, r-oldrel-macos-x86_64
These binaries (installable software) and packages are in development.
They may not be fully stable and should be used with caution. We make no claims about them.
Health stats visible at Monitor.