Last updated on 2024-05-02 09:51:48 CEST.
Flavor | Version | Tinstall | Tcheck | Ttotal | Status | Flags |
---|---|---|---|---|---|---|
r-devel-linux-x86_64-debian-clang | 0.2 | 1.74 | 27.52 | 29.26 | NOTE | |
r-devel-linux-x86_64-debian-gcc | 0.2 | 1.93 | 20.88 | 22.81 | NOTE | |
r-devel-linux-x86_64-fedora-clang | 0.2 | 37.61 | NOTE | |||
r-devel-linux-x86_64-fedora-gcc | 0.2 | 35.89 | NOTE | |||
r-devel-windows-x86_64 | 0.2 | 3.00 | 46.00 | 49.00 | NOTE | |
r-patched-linux-x86_64 | 0.2 | 2.88 | 25.64 | 28.52 | NOTE | |
r-release-linux-x86_64 | 0.2 | 1.91 | 26.46 | 28.37 | NOTE | |
r-release-macos-arm64 | 0.2 | 16.00 | NOTE | |||
r-release-windows-x86_64 | 0.2 | 3.00 | 46.00 | 49.00 | NOTE | |
r-oldrel-macos-arm64 | 0.2 | 18.00 | OK | |||
r-oldrel-macos-x86_64 | 0.2 | 33.00 | OK | |||
r-oldrel-windows-x86_64 | 0.2 | 4.00 | 46.00 | 50.00 | OK |
Version: 0.2
Check: Rd files
Result: NOTE
checkRd: (-1) thresh.est.Rd:16: Lost braces
16 | Calculates the stimulus level(s) for a probit model of a psychometric function for given levels of performance. For a more general version, see \link[MASS]{dose.p} in pkg{MASS}.
| ^
Flavors: r-devel-linux-x86_64-debian-clang, r-devel-linux-x86_64-debian-gcc, r-devel-linux-x86_64-fedora-clang, r-devel-linux-x86_64-fedora-gcc, r-devel-windows-x86_64, r-patched-linux-x86_64, r-release-linux-x86_64, r-release-macos-arm64, r-release-windows-x86_64
Version: 0.2
Check: Rd cross-references
Result: NOTE
Undeclared package ‘lme4’ in Rd xrefs
Flavor: r-devel-linux-x86_64-fedora-clang
These binaries (installable software) and packages are in development.
They may not be fully stable and should be used with caution. We make no claims about them.
Health stats visible at Monitor.