Last updated on 2025-10-09 23:51:19 CEST.
Flavor | Version | Tinstall | Tcheck | Ttotal | Status | Flags |
---|---|---|---|---|---|---|
r-devel-linux-x86_64-debian-clang | 0.8.0 | 33.57 | 59.60 | 93.17 | WARN | |
r-devel-linux-x86_64-debian-gcc | 0.8.0 | 24.05 | 40.64 | 64.69 | WARN | |
r-devel-linux-x86_64-fedora-clang | 0.8.0 | 153.67 | WARN | |||
r-devel-linux-x86_64-fedora-gcc | 0.8.0 | 151.92 | WARN | |||
r-devel-windows-x86_64 | 0.8.0 | 42.00 | 88.00 | 130.00 | WARN | |
r-patched-linux-x86_64 | 0.8.0 | 35.08 | 53.08 | 88.16 | WARN | |
r-release-linux-x86_64 | 0.8.0 | 36.30 | 52.89 | 89.19 | WARN | |
r-release-macos-arm64 | 0.8.0 | 37.00 | OK | |||
r-release-macos-x86_64 | 0.8.0 | 66.00 | OK | |||
r-release-windows-x86_64 | 0.8.0 | 42.00 | 85.00 | 127.00 | WARN | |
r-oldrel-macos-arm64 | 0.8.0 | 33.00 | NOTE | |||
r-oldrel-macos-x86_64 | 0.8.0 | 54.00 | NOTE | |||
r-oldrel-windows-x86_64 | 0.8.0 | 48.00 | 105.00 | 153.00 | WARN |
Version: 0.8.0
Check: CRAN incoming feasibility
Result: NOTE
Maintainer: ‘Tae Kim <tk382@uchicago.edu>’
No Authors@R field in DESCRIPTION.
Please add one, modifying
Authors@R: person(given = "Tae",
family = "Kim",
role = c("aut", "cre"),
email = "tk382@uchicago.edu")
as necessary.
Flavors: r-devel-linux-x86_64-debian-clang, r-devel-linux-x86_64-debian-gcc
Version: 0.8.0
Check: whether package can be installed
Result: WARN
Found the following significant warnings:
mmvbvs.cpp:505:15: warning: 'is_finite<double>' is deprecated: change arma::is_finite(val) to std::isfinite(val) [-Wdeprecated-declarations]
See ‘/home/hornik/tmp/R.check/r-devel-clang/Work/PKGS/MMVBVS.Rcheck/00install.out’ for details.
* used C++ compiler: ‘Debian clang version 19.1.7 (7)’
Flavor: r-devel-linux-x86_64-debian-clang
Version: 0.8.0
Check: whether package can be installed
Result: WARN
Found the following significant warnings:
mmvbvs.cpp:505:24: warning: ‘bool arma::is_finite(eT, const typename arma_scalar_only<T>::result*) [with eT = double; typename arma_scalar_only<T>::result = double]’ is deprecated: change arma::is_finite(val) to std::isfinite(val) [-Wdeprecated-declarations]
See ‘/home/hornik/tmp/R.check/r-devel-gcc/Work/PKGS/MMVBVS.Rcheck/00install.out’ for details.
* used C++ compiler: ‘g++-15 (Debian 15.2.0-4) 15.2.0’
Flavor: r-devel-linux-x86_64-debian-gcc
Version: 0.8.0
Check: whether package can be installed
Result: WARN
Found the following significant warnings:
mmvbvs.cpp:505:15: warning: 'is_finite<double>' is deprecated: change arma::is_finite(val) to std::isfinite(val) [-Wdeprecated-declarations]
See ‘/data/gannet/ripley/R/packages/tests-clang/MMVBVS.Rcheck/00install.out’ for details.
* used C++ compiler: ‘clang version 21.1.2’
Flavor: r-devel-linux-x86_64-fedora-clang
Version: 0.8.0
Check: whether package can be installed
Result: WARN
Found the following significant warnings:
mmvbvs.cpp:505:24: warning: ‘bool arma::is_finite(eT, const typename arma_scalar_only<T>::result*) [with eT = double; typename arma_scalar_only<T>::result = double]’ is deprecated: change arma::is_finite(val) to std::isfinite(val) [-Wdeprecated-declarations]
See ‘/data/gannet/ripley/R/packages/tests-devel/MMVBVS.Rcheck/00install.out’ for details.
* used C++ compiler: ‘g++ (GCC) 15.1.1 20250521 (Red Hat 15.1.1-2)’
Flavor: r-devel-linux-x86_64-fedora-gcc
Version: 0.8.0
Check: whether package can be installed
Result: WARN
Found the following significant warnings:
mmvbvs.cpp:505:24: warning: 'bool arma::is_finite(eT, const typename arma_scalar_only<eT>::result*) [with eT = double; typename arma_scalar_only<eT>::result = double]' is deprecated: change arma::is_finite(val) to std::isfinite(val) [-Wdeprecated-declarations]
See 'd:/Rcompile/CRANpkg/local/4.6/MMVBVS.Rcheck/00install.out' for details.
* used C++ compiler: 'g++.exe (GCC) 14.2.0'
Flavor: r-devel-windows-x86_64
Version: 0.8.0
Check: whether package can be installed
Result: WARN
Found the following significant warnings:
mmvbvs.cpp:505:24: warning: ‘bool arma::is_finite(eT, const typename arma_scalar_only<eT>::result*) [with eT = double; typename arma_scalar_only<eT>::result = double]’ is deprecated: change arma::is_finite(val) to std::isfinite(val) [-Wdeprecated-declarations]
See ‘/home/hornik/tmp/R.check/r-patched-gcc/Work/PKGS/MMVBVS.Rcheck/00install.out’ for details.
* used C++ compiler: ‘g++-14 (Debian 14.3.0-8) 14.3.0’
Flavor: r-patched-linux-x86_64
Version: 0.8.0
Check: whether package can be installed
Result: WARN
Found the following significant warnings:
mmvbvs.cpp:505:24: warning: ‘bool arma::is_finite(eT, const typename arma_scalar_only<eT>::result*) [with eT = double; typename arma_scalar_only<eT>::result = double]’ is deprecated: change arma::is_finite(val) to std::isfinite(val) [-Wdeprecated-declarations]
See ‘/home/hornik/tmp/R.check/r-release-gcc/Work/PKGS/MMVBVS.Rcheck/00install.out’ for details.
* used C++ compiler: ‘g++-14 (Debian 14.3.0-8) 14.3.0’
Flavor: r-release-linux-x86_64
Version: 0.8.0
Check: whether package can be installed
Result: WARN
Found the following significant warnings:
mmvbvs.cpp:505:24: warning: 'bool arma::is_finite(eT, const typename arma_scalar_only<eT>::result*) [with eT = double; typename arma_scalar_only<eT>::result = double]' is deprecated: change arma::is_finite(val) to std::isfinite(val) [-Wdeprecated-declarations]
See 'd:/Rcompile/CRANpkg/local/4.5/MMVBVS.Rcheck/00install.out' for details.
* used C++ compiler: 'g++.exe (GCC) 14.2.0'
Flavor: r-release-windows-x86_64
Version: 0.8.0
Check: LazyData
Result: NOTE
'LazyData' is specified without a 'data' directory
Flavors: r-oldrel-macos-arm64, r-oldrel-macos-x86_64, r-oldrel-windows-x86_64
Version: 0.8.0
Check: whether package can be installed
Result: WARN
Found the following significant warnings:
mmvbvs.cpp:505:24: warning: 'bool arma::is_finite(eT, const typename arma_scalar_only<eT>::result*) [with eT = double; typename arma_scalar_only<eT>::result = double]' is deprecated: change arma::is_finite(val) to std::isfinite(val) [-Wdeprecated-declarations]
See 'd:/Rcompile/CRANpkg/local/4.4/MMVBVS.Rcheck/00install.out' for details.
* used C++ compiler: 'g++.exe (GCC) 13.3.0'
Flavor: r-oldrel-windows-x86_64
These binaries (installable software) and packages are in development.
They may not be fully stable and should be used with caution. We make no claims about them.
Health stats visible at Monitor.