Last updated on 2025-11-26 05:51:42 CET.
| Flavor | Version | Tinstall | Tcheck | Ttotal | Status | Flags |
|---|---|---|---|---|---|---|
| r-devel-linux-x86_64-debian-clang | 1.6-8 | 4.30 | 55.52 | 59.82 | NOTE | |
| r-devel-linux-x86_64-debian-gcc | 1.6-8 | 3.08 | 42.54 | 45.62 | NOTE | |
| r-devel-linux-x86_64-fedora-clang | 1.6-8 | 13.00 | 74.82 | 87.82 | NOTE | |
| r-devel-linux-x86_64-fedora-gcc | 1.6-8 | 10.00 | 91.06 | 101.06 | NOTE | |
| r-devel-windows-x86_64 | 1.6-8 | 6.00 | 106.00 | 112.00 | OK | |
| r-patched-linux-x86_64 | 1.6-8 | 4.70 | 51.62 | 56.32 | OK | |
| r-release-linux-x86_64 | 1.6-8 | 3.81 | 51.46 | 55.27 | OK | |
| r-release-macos-arm64 | 1.6-8 | OK | ||||
| r-release-macos-x86_64 | 1.6-8 | 6.00 | 67.00 | 73.00 | OK | |
| r-release-windows-x86_64 | 1.6-8 | 6.00 | 118.00 | 124.00 | OK | |
| r-oldrel-macos-arm64 | 1.6-8 | OK | ||||
| r-oldrel-macos-x86_64 | 1.6-8 | 3.00 | 51.00 | 54.00 | OK | |
| r-oldrel-windows-x86_64 | 1.6-8 | 8.00 | 105.00 | 113.00 | OK |
Version: 1.6-8
Check: CRAN incoming feasibility
Result: NOTE
Maintainer: ‘Robin K. S. Hankin <hankin.robin@gmail.com>’
No Authors@R field in DESCRIPTION.
Please add one, modifying
Authors@R: c(person(given = c("Robin", "K.", "S."),
family = "Hankin",
role = c("aut", "cre"),
email = "hankin.robin@gmail.com"),
person(given = c("P.", "M.", "E."),
family = "Altham",
role = "aut"))
as necessary.
Flavors: r-devel-linux-x86_64-debian-clang, r-devel-linux-x86_64-debian-gcc
Version: 1.6-8
Check: HTML version of manual
Result: NOTE
Found the following HTML validation problems:
MM.html:746:1 (MM.Rd:10): Warning: <script> anchor "MathJax-script" already defined
MM.html:1119:1 (multinomial.Rd:7): Warning: <script> anchor "MathJax-script" already defined
MM.html:1299:1 (paras.Rd:22): Warning: <script> anchor "MathJax-script" already defined
MM.html:1410:1 (pollen.Rd:8): Warning: <script> anchor "MathJax-script" already defined
MM.html:1656:1 (suffstats.Rd:10): Warning: <script> anchor "MathJax-script" already defined
MM.html:1779:1 (sweets.Rd:10): Warning: <script> anchor "MathJax-script" already defined
Flavors: r-devel-linux-x86_64-debian-clang, r-devel-linux-x86_64-debian-gcc, r-devel-linux-x86_64-fedora-clang, r-devel-linux-x86_64-fedora-gcc
These binaries (installable software) and packages are in development.
They may not be fully stable and should be used with caution. We make no claims about them.
Health stats visible at Monitor.