CRAN Package Check Results for Package MLPUGS

Last updated on 2025-05-03 22:50:00 CEST.

Flavor Version Tinstall Tcheck Ttotal Status Flags
r-devel-linux-x86_64-debian-clang 0.2.0 1.87 24.22 26.09 NOTE
r-devel-linux-x86_64-debian-gcc 0.2.0 1.52 20.13 21.65 NOTE
r-devel-linux-x86_64-fedora-clang 0.2.0 41.09 OK
r-devel-linux-x86_64-fedora-gcc 0.2.0 53.42 OK
r-devel-windows-x86_64 0.2.0 3.00 45.00 48.00 OK
r-patched-linux-x86_64 0.2.0 1.96 21.81 23.77 OK
r-release-linux-x86_64 OK
r-release-macos-arm64 0.2.0 24.00 OK
r-release-macos-x86_64 0.2.0 43.00 OK
r-release-windows-x86_64 0.2.0 2.00 43.00 45.00 OK
r-oldrel-macos-arm64 0.2.0 23.00 OK
r-oldrel-macos-x86_64 0.2.0 37.00 OK
r-oldrel-windows-x86_64 0.2.0 3.00 48.00 51.00 OK

Check Details

Version: 0.2.0
Check: CRAN incoming feasibility
Result: NOTE Maintainer: ‘Mikhail Popov <mikhail@mpopov.com>’ Found the following (possibly) invalid file URI: URI: CONDUCT.md From: README.md Flavors: r-devel-linux-x86_64-debian-clang, r-devel-linux-x86_64-debian-gcc

These binaries (installable software) and packages are in development.
They may not be fully stable and should be used with caution. We make no claims about them.
Health stats visible at Monitor.