Last updated on 2024-05-02 06:11:55 CEST.
Flavor | Version | Tinstall | Tcheck | Ttotal | Status | Flags |
---|---|---|---|---|---|---|
r-devel-linux-x86_64-debian-clang | 0.1-7 | 7.11 | 32.34 | 39.45 | NOTE | |
r-devel-linux-x86_64-debian-gcc | 0.1-7 | 5.08 | 24.63 | 29.71 | NOTE | |
r-devel-linux-x86_64-fedora-clang | 0.1-7 | 48.59 | NOTE | |||
r-devel-linux-x86_64-fedora-gcc | 0.1-7 | 46.22 | NOTE | |||
r-devel-windows-x86_64 | 0.1-7 | 8.00 | 56.00 | 64.00 | NOTE | |
r-patched-linux-x86_64 | 0.1-7 | 6.42 | 31.17 | 37.59 | NOTE | |
r-release-linux-x86_64 | 0.1-7 | 5.64 | 31.03 | 36.67 | NOTE | |
r-release-macos-arm64 | 0.1-7 | 21.00 | NOTE | |||
r-release-windows-x86_64 | 0.1-7 | 10.00 | 54.00 | 64.00 | NOTE | |
r-oldrel-macos-arm64 | 0.1-7 | 21.00 | OK | |||
r-oldrel-macos-x86_64 | 0.1-7 | 30.00 | OK | |||
r-oldrel-windows-x86_64 | 0.1-7 | 10.00 | 52.00 | 62.00 | OK |
Version: 0.1-7
Check: Rd files
Result: NOTE
checkRd: (-1) real2canon.rd:9: Lost braces; missing escapes or markup?
9 | (2) All x-coordinates of R1',..,Rn' are distinct, and take values in {1,..,2n}.
| ^
checkRd: (-1) real2canon.rd:10: Lost braces; missing escapes or markup?
10 | (3) All y-coordinates of R1',..,Rn' are distinct, and take values in {1,..,2n}.
| ^
Flavors: r-devel-linux-x86_64-debian-clang, r-devel-linux-x86_64-debian-gcc, r-devel-linux-x86_64-fedora-clang, r-devel-linux-x86_64-fedora-gcc, r-devel-windows-x86_64, r-patched-linux-x86_64, r-release-linux-x86_64, r-release-macos-arm64, r-release-windows-x86_64
These binaries (installable software) and packages are in development.
They may not be fully stable and should be used with caution. We make no claims about them.
Health stats visible at Monitor.