Last updated on 2025-05-15 09:52:34 CEST.
Flavor | Version | Tinstall | Tcheck | Ttotal | Status | Flags |
---|---|---|---|---|---|---|
r-devel-linux-x86_64-debian-clang | 1.5-4 | 1.61 | 16.92 | 18.53 | NOTE | |
r-devel-linux-x86_64-debian-gcc | 1.5-4 | 1.26 | 13.59 | 14.85 | NOTE | |
r-devel-linux-x86_64-fedora-clang | 1.5-4 | 29.76 | OK | |||
r-devel-linux-x86_64-fedora-gcc | 1.5-4 | 27.72 | OK | |||
r-devel-windows-x86_64 | 1.5-4 | 2.00 | 34.00 | 36.00 | OK | |
r-patched-linux-x86_64 | 1.5-4 | 1.76 | 16.39 | 18.15 | OK | |
r-release-linux-x86_64 | 1.5-4 | 1.71 | 16.46 | 18.17 | OK | |
r-release-macos-arm64 | 1.5-4 | 16.00 | OK | |||
r-release-macos-x86_64 | 1.5-4 | 29.00 | OK | |||
r-release-windows-x86_64 | 1.5-4 | 2.00 | 34.00 | 36.00 | OK | |
r-oldrel-macos-arm64 | 1.5-4 | 14.00 | OK | |||
r-oldrel-macos-x86_64 | 1.5-4 | 19.00 | OK | |||
r-oldrel-windows-x86_64 | 1.5-4 | 3.00 | 35.00 | 38.00 | OK |
Version: 1.5-4
Check: CRAN incoming feasibility
Result: NOTE
Maintainer: ‘Yalin Wang <wangyalin@mail.sdu.edu.cn>’
The Description field contains
(2022) <arXiv:2207.09633>. In this package, we provide the algorithms
Please refer to arXiv e-prints via their arXiv DOI <doi:10.48550/arXiv.YYMM.NNNNN>.
Flavors: r-devel-linux-x86_64-debian-clang, r-devel-linux-x86_64-debian-gcc
These binaries (installable software) and packages are in development.
They may not be fully stable and should be used with caution. We make no claims about them.
Health stats visible at Monitor.