CRAN Package Check Results for Package MHTrajectoryR

Last updated on 2025-05-17 15:50:48 CEST.

Flavor Version Tinstall Tcheck Ttotal Status Flags
r-devel-linux-x86_64-debian-clang 1.0.1 5.96 53.54 59.50 NOTE
r-devel-linux-x86_64-debian-gcc 1.0.1 4.83 40.83 45.66 NOTE
r-devel-linux-x86_64-fedora-clang 1.0.1 93.70 OK
r-devel-linux-x86_64-fedora-gcc 1.0.1 86.74 OK
r-devel-windows-x86_64 1.0.1 7.00 71.00 78.00 OK
r-patched-linux-x86_64 1.0.1 4.61 50.93 55.54 OK
r-release-linux-x86_64 1.0.1 5.04 51.56 56.60 OK
r-release-macos-arm64 1.0.1 31.00 OK
r-release-macos-x86_64 1.0.1 55.00 OK
r-release-windows-x86_64 1.0.1 7.00 76.00 83.00 OK
r-oldrel-macos-arm64 1.0.1 29.00 OK
r-oldrel-macos-x86_64 1.0.1 52.00 OK
r-oldrel-windows-x86_64 1.0.1 8.00 82.00 90.00 OK

Check Details

Version: 1.0.1
Check: CRAN incoming feasibility
Result: NOTE Maintainer: ‘Mohammed Sedki <Mohammed.sedki@u-psud.fr>’ No Authors@R field in DESCRIPTION. Please add one, modifying Authors@R: c(person(given = "Matthieu", family = "Marbac", role = "aut"), person(given = "Mohammed", family = "Sedki", role = c("aut", "cre"), email = "mohammed.sedki@u-psud.fr")) as necessary. Found the following \keyword or \concept entries which likely give several index terms: File ‘MHTrajectoryR-package.Rd’: \keyword{Binary data, logistic regression, Metropo [TRUNCATED] Flavors: r-devel-linux-x86_64-debian-clang, r-devel-linux-x86_64-debian-gcc

These binaries (installable software) and packages are in development.
They may not be fully stable and should be used with caution. We make no claims about them.
Health stats visible at Monitor.