CRAN Package Check Results for Package MG1StationaryProbability

Last updated on 2025-05-17 13:49:43 CEST.

Flavor Version Tinstall Tcheck Ttotal Status Flags
r-devel-linux-x86_64-debian-clang 0.1.2 2.19 28.09 30.28 NOTE
r-devel-linux-x86_64-debian-gcc 0.1.2 2.07 21.80 23.87 NOTE
r-devel-linux-x86_64-fedora-clang 0.1.2 48.88 OK
r-devel-linux-x86_64-fedora-gcc 0.1.2 46.65 OK
r-devel-windows-x86_64 0.1.2 4.00 52.00 56.00 OK
r-patched-linux-x86_64 0.1.2 3.26 26.79 30.05 OK
r-release-linux-x86_64 0.1.2 2.83 27.27 30.10 OK
r-release-macos-arm64 0.1.2 20.00 OK
r-release-macos-x86_64 0.1.2 33.00 OK
r-release-windows-x86_64 0.1.2 4.00 53.00 57.00 OK
r-oldrel-macos-arm64 0.1.2 19.00 OK
r-oldrel-macos-x86_64 0.1.2 27.00 OK
r-oldrel-windows-x86_64 0.1.2 5.00 61.00 66.00 OK

Check Details

Version: 0.1.2
Check: CRAN incoming feasibility
Result: NOTE Maintainer: ‘Olga Zoldaka <zoldaka@gmail.com>’ The Description field contains <https://link.springer.com/chapter/10.1007/978-3-030-92507-9_13>. The Please use permanent DOI markup for linking to publications as in <doi:prefix/suffix>. Flavors: r-devel-linux-x86_64-debian-clang, r-devel-linux-x86_64-debian-gcc

These binaries (installable software) and packages are in development.
They may not be fully stable and should be used with caution. We make no claims about them.
Health stats visible at Monitor.