Last updated on 2025-02-23 19:51:12 CET.
Flavor | Version | Tinstall | Tcheck | Ttotal | Status | Flags |
---|---|---|---|---|---|---|
r-devel-linux-x86_64-debian-clang | 0.8.0 | 1.65 | 16.75 | 18.40 | NOTE | |
r-devel-linux-x86_64-debian-gcc | 0.8.0 | 1.38 | 14.42 | 15.80 | NOTE | |
r-devel-linux-x86_64-fedora-clang | 0.8.0 | 29.14 | NOTE | |||
r-devel-linux-x86_64-fedora-gcc | 0.8.0 | 28.03 | NOTE | |||
r-devel-macos-arm64 | 0.8.0 | 13.00 | NOTE | |||
r-devel-macos-x86_64 | 0.8.0 | 23.00 | NOTE | |||
r-devel-windows-x86_64 | 0.8.0 | 2.00 | 37.00 | 39.00 | NOTE | |
r-patched-linux-x86_64 | 0.8.0 | 1.62 | 16.10 | 17.72 | NOTE | |
r-release-linux-x86_64 | 0.8.0 | 1.56 | 16.18 | 17.74 | NOTE | |
r-release-macos-arm64 | 0.8.0 | 14.00 | NOTE | |||
r-release-macos-x86_64 | 0.8.0 | 19.00 | NOTE | |||
r-release-windows-x86_64 | 0.8.0 | 3.00 | 36.00 | 39.00 | NOTE | |
r-oldrel-macos-arm64 | 0.8.0 | 15.00 | OK | |||
r-oldrel-macos-x86_64 | 0.8.0 | 19.00 | OK | |||
r-oldrel-windows-x86_64 | 0.8.0 | 3.00 | 36.00 | 39.00 | OK |
Version: 0.8.0
Check: Rd files
Result: NOTE
checkRd: (-1) normalizeWithMA.Rd:19: Lost braces
19 | \item{expGroup}{ a \code{vector} of experimental grouping variable such as plate. The length of code{expGroup} must be same as the number of rows of \code{mD}.}
| ^
Flavors: r-devel-linux-x86_64-debian-clang, r-devel-linux-x86_64-debian-gcc, r-devel-linux-x86_64-fedora-clang, r-devel-linux-x86_64-fedora-gcc, r-devel-macos-arm64, r-devel-macos-x86_64, r-devel-windows-x86_64, r-patched-linux-x86_64, r-release-linux-x86_64, r-release-macos-arm64, r-release-macos-x86_64, r-release-windows-x86_64
These binaries (installable software) and packages are in development.
They may not be fully stable and should be used with caution. We make no claims about them.
Health stats visible at Monitor.